{"id":8159,"date":"2013-02-25T18:01:20","date_gmt":"2013-02-25T18:01:20","guid":{"rendered":"https:\/\/www.urlaubcornwall.de\/blog\/?page_id=8159"},"modified":"2026-01-06T16:15:50","modified_gmt":"2026-01-06T16:15:50","slug":"trewidden-gardens-einer-der-grossartigen-gaerten-cornwalls","status":"publish","type":"page","link":"https:\/\/www.urlaubcornwall.de\/blog\/trewidden-gardens-einer-der-grossartigen-gaerten-cornwalls\/","title":{"rendered":"Trewidden Gardens: Einer der gro\u00dfartigen G\u00e4rten Cornwalls."},"content":{"rendered":"<p><b>Geschichte<\/b> &#8211; Der <a href=\"https:\/\/trewidden.co.uk\/\">Garten von Trewidden<\/a> beheimatet eine der gro\u00dfartigsten Ansammlungen von Magnolien und Rhododendren in England, sowie eine beeindruckende Vielfalt von \u00fcber 300 Kamelien.\u00a0 Der 6,7 Hektar gro\u00dfe Garten liegt westlich von Penzance.<\/p>\n<p>Um 1830 wurde der Garten durch Edward Bolitho gekauft und befindet sich noch bis heute im Besitz der Bolitho-Familie. Der Garten liegt auf dem Gel\u00e4nde eines alten Zinnbergwerks \u00fcber Tage, das sich mindestens auf die R\u00f6merzeit zur\u00fcckdatieren l\u00e4sst. Edward Bolitho begann ungew\u00f6hnliche Blumen und Pflanzen aus der ganzen Welt, besonders aber aus Asien und der S\u00fcdhalbkugel, in den G\u00e4rten anzupflanzen.<\/p>\n<p>Die G\u00e4rten wurden durch Folgegenerationen der Bolitho-Familie mit Hilfe ihrer Chefg\u00e4rtner fortw\u00e4hrend bepflanzt und instand gehalten, sodass Sie nun diesen einzigartigen Garten genie\u00dfen k\u00f6nnen.<\/p>\n<p><a href=\"https:\/\/www.urlaubcornwall.de\/blog\/gaerten-in-cornwall\/\"><span style=\"text-decoration: underline;\"><strong>Unsere Auswahl der besten G\u00e4rten in Cornwall<\/strong><\/span><strong>&gt;&gt;<\/strong><\/a><\/p>\n<p><strong>Blumen und Pflanzen von besonderem Interesse<\/strong> &#8211; Australischer Taschenfarn (Dicksonia Antartica): Diese Baumfarne wurden vor \u00fcber 100 Jahren aus Australien mitgebracht und in das alte Bergwerk \u00fcber Tage eingepflanzt. Sie gedeihen hervorragend im milden Klima von Cornwall und gelten heute als eines der feinsten Exemplare von Taschenfarnen in ganz Europa.<\/p>\n<p>Geleepalmen (Butia Capitata)<\/p>\n<p>Regenschirmpflanze<\/p>\n<p>Zerr-Eiche:\u00a0 Mit einer H\u00f6he von \u00fcber 30 Metern ist die Zerr-Eiche der h\u00f6chste Baum.<\/p>\n<p>Urweltmammutbaum (Metasequoia glyptostroboides): Dieser Baum hat den breitesten Stammumfang seiner Art in S\u00fcdwestengland.<\/p>\n<p>Majest\u00e4tische Magnolien und mehr als 300 Kamelienarten<\/p>\n<p>Ein Steingarten mit einer Ansammlung von Zahnlilien (Erythronium)<\/p>\n<p><b>\u00d6ffnungszeiten<\/b><\/p>\n<p>Der Garten von Trewidden ist ein prachtvoller kornischer Fr\u00fchlingsgarten, der jedes Jahr im Fr\u00fchling, Sommer und am Herbstanfang f\u00fcr die \u00d6ffentlichkeit zug\u00e4nglich ist.<\/p>\n<p>16. Februar \u2013 20. September<br \/>\n7 Tage die Woche ge\u00f6ffnet<br \/>\nT\u00e4glich von 10:30 \u2013 17:30 Uhr<br \/>\n(Letzter Einlass um 16:30 Uhr)<\/p>\n<p>An Feiertagen ge\u00f6ffnet<\/p>\n<p><b>Eintritt<\/b><br \/>\nErwachsene: \u00a37,50<br \/>\nKinder und Jugendliche bis 16 Jahre: freier Eintritt<br \/>\nSaisonkarte: \u00a318,-<br \/>\nTrewidden Trail (Wanderweg): freier Eintritt<\/p>\n<p><b>Auskunft<\/b><br \/>\nTel.: +44 (0) 1736 364275<\/p>\n<p><b>Hunde<br \/>\n<\/b>Hunde sind in unserem Garten willkommen.<\/p>\n<p><b>Gruppen &amp; F\u00fchrungen<\/b><\/p>\n<p>Gruppen sind herzlich willkommen. F\u00fchrungen durch den Chefg\u00e4rtner m\u00fcssen im Voraus reserviert werden.<\/p>\n<p><b>Behindertengerechter Zugang<\/b><\/p>\n<p>Die H\u00e4lfte der Wege sind mit Elektrofahrstuhl zug\u00e4nglich. Manuelle Rollst\u00fchle sind allerdings nicht ratsam, da die Wege mit Schotter ausgelegt sind. Betreuer erhalten freien Eintritt.<\/p>\n<p>Hinweis: Wir k\u00f6nnen Ihnen leider keine Rollst\u00fchle zur Verf\u00fcgung stellen.<\/p>\n<p><strong>Caf\u00e9 und Gesch\u00e4ft<\/strong><\/p>\n<p>Das Caf\u00e9 bietet eine k\u00f6stliche Auswahl an hausgemachten Kuchen und Torten, Sandwiches und selbstverst\u00e4ndlich auch einen kornischen Cream Tea.<\/p>\n<p>Eine Vielfalt an kornischen Pflanzen ist zum Kauf erh\u00e4ltlich, damit Sie sich auch zu Hause an den wundersch\u00f6nen Pflanzen erfreuen k\u00f6nnen.<\/p>\n<p style=\"text-align: center;\"><a class=\"tidycta\" href=\"https:\/\/www.urlaubcornwall.de\/gartenreise.php\">Gartenreisen in England<\/a><\/p>\n<p><iframe loading=\"lazy\" src=\"https:\/\/maps.google.co.uk\/maps\/ms?msa=0&amp;msid=218115240156722179945.0004d69e2b2cebe23f780&amp;hl=en&amp;ie=UTF8&amp;t=m&amp;ll=50.111772,-5.581055&amp;spn=0.422727,0.878906&amp;z=10&amp;output=embed\" width=\"640\" height=\"480\" frameborder=\"0\" marginwidth=\"0\" marginheight=\"0\" scrolling=\"no\"><\/iframe><br \/>\n<small>View <a style=\"color: #0000ff; text-align: left;\" href=\"https:\/\/maps.google.co.uk\/maps\/ms?msa=0&amp;msid=218115240156722179945.0004d69e2b2cebe23f780&amp;hl=en&amp;ie=UTF8&amp;t=m&amp;ll=50.111772,-5.581055&amp;spn=0.422727,0.878906&amp;z=10&amp;source=embed\">Trewidden Garten<\/a> in a larger map<\/small><\/p>\n","protected":false},"excerpt":{"rendered":"<p>Geschichte &#8211; Der Garten von Trewidden beheimatet eine der gro\u00dfartigsten Ansammlungen von Magnolien und Rhododendren in England, sowie eine beeindruckende Vielfalt von \u00fcber 300 Kamelien.\u00a0 Der 6,7 Hektar gro\u00dfe Garten liegt westlich von Penzance. Um 1830 wurde der Garten durch Edward Bolitho gekauft und befindet sich noch bis heute im Besitz der Bolitho-Familie. Der Garten [&hellip;]<\/p>\n","protected":false},"author":1,"featured_media":0,"parent":0,"menu_order":0,"comment_status":"closed","ping_status":"closed","template":"single-two.php","meta":[],"acf":[],"yoast_head":"<!-- This site is optimized with the Yoast SEO plugin v19.4 - https:\/\/yoast.com\/wordpress\/plugins\/seo\/ -->\n<title>Trewidden Gardens: Einer der gro\u00dfartigen G\u00e4rten Cornwalls. - Urlaub &amp; Reisen<\/title>\n<meta name=\"robots\" content=\"index, follow, max-snippet:-1, max-image-preview:large, max-video-preview:-1\" \/>\n<link rel=\"canonical\" href=\"https:\/\/www.urlaubcornwall.de\/blog\/trewidden-gardens-einer-der-grossartigen-gaerten-cornwalls\/\" \/>\n<meta property=\"og:locale\" content=\"en_US\" \/>\n<meta property=\"og:type\" content=\"article\" \/>\n<meta property=\"og:title\" content=\"Trewidden Gardens: Einer der gro\u00dfartigen G\u00e4rten Cornwalls. - Urlaub &amp; Reisen\" \/>\n<meta property=\"og:description\" content=\"Geschichte &#8211; Der Garten von Trewidden beheimatet eine der gro\u00dfartigsten Ansammlungen von Magnolien und Rhododendren in England, sowie eine beeindruckende Vielfalt von \u00fcber 300 Kamelien.\u00a0 Der 6,7 Hektar gro\u00dfe Garten liegt westlich von Penzance. Um 1830 wurde der Garten durch Edward Bolitho gekauft und befindet sich noch bis heute im Besitz der Bolitho-Familie. Der Garten [&hellip;]\" \/>\n<meta property=\"og:url\" content=\"https:\/\/www.urlaubcornwall.de\/blog\/trewidden-gardens-einer-der-grossartigen-gaerten-cornwalls\/\" \/>\n<meta property=\"og:site_name\" content=\"Urlaub &amp; Reisen\" \/>\n<meta property=\"article:modified_time\" content=\"2026-01-06T16:15:50+00:00\" \/>\n<meta name=\"twitter:card\" content=\"summary\" \/>\n<meta name=\"twitter:label1\" content=\"Est. reading time\" \/>\n\t<meta name=\"twitter:data1\" content=\"2 minutes\" \/>\n<script type=\"application\/ld+json\" class=\"yoast-schema-graph\">{\"@context\":\"https:\/\/schema.org\",\"@graph\":[{\"@type\":\"WebSite\",\"@id\":\"https:\/\/www.urlaubcornwall.de\/blog\/#website\",\"url\":\"https:\/\/www.urlaubcornwall.de\/blog\/\",\"name\":\"Urlaub &amp; Reisen\",\"description\":\"Urlaub, Reisen, Cornwall und S\u00fcdengland: eine perfekte Kombination\",\"potentialAction\":[{\"@type\":\"SearchAction\",\"target\":{\"@type\":\"EntryPoint\",\"urlTemplate\":\"https:\/\/www.urlaubcornwall.de\/blog\/?s={search_term_string}\"},\"query-input\":\"required name=search_term_string\"}],\"inLanguage\":\"en-US\"},{\"@type\":\"WebPage\",\"@id\":\"https:\/\/www.urlaubcornwall.de\/blog\/trewidden-gardens-einer-der-grossartigen-gaerten-cornwalls\/\",\"url\":\"https:\/\/www.urlaubcornwall.de\/blog\/trewidden-gardens-einer-der-grossartigen-gaerten-cornwalls\/\",\"name\":\"Trewidden Gardens: Einer der gro\u00dfartigen G\u00e4rten Cornwalls. - Urlaub &amp; Reisen\",\"isPartOf\":{\"@id\":\"https:\/\/www.urlaubcornwall.de\/blog\/#website\"},\"datePublished\":\"2013-02-25T18:01:20+00:00\",\"dateModified\":\"2026-01-06T16:15:50+00:00\",\"breadcrumb\":{\"@id\":\"https:\/\/www.urlaubcornwall.de\/blog\/trewidden-gardens-einer-der-grossartigen-gaerten-cornwalls\/#breadcrumb\"},\"inLanguage\":\"en-US\",\"potentialAction\":[{\"@type\":\"ReadAction\",\"target\":[\"https:\/\/www.urlaubcornwall.de\/blog\/trewidden-gardens-einer-der-grossartigen-gaerten-cornwalls\/\"]}]},{\"@type\":\"BreadcrumbList\",\"@id\":\"https:\/\/www.urlaubcornwall.de\/blog\/trewidden-gardens-einer-der-grossartigen-gaerten-cornwalls\/#breadcrumb\",\"itemListElement\":[{\"@type\":\"ListItem\",\"position\":1,\"name\":\"Home\",\"item\":\"https:\/\/www.urlaubcornwall.de\/blog\/\"},{\"@type\":\"ListItem\",\"position\":2,\"name\":\"Trewidden Gardens: Einer der gro\u00dfartigen G\u00e4rten Cornwalls.\"}]}]}<\/script>\n<!-- \/ Yoast SEO plugin. -->","yoast_head_json":{"title":"Trewidden Gardens: Einer der gro\u00dfartigen G\u00e4rten Cornwalls. - Urlaub &amp; Reisen","robots":{"index":"index","follow":"follow","max-snippet":"max-snippet:-1","max-image-preview":"max-image-preview:large","max-video-preview":"max-video-preview:-1"},"canonical":"https:\/\/www.urlaubcornwall.de\/blog\/trewidden-gardens-einer-der-grossartigen-gaerten-cornwalls\/","og_locale":"en_US","og_type":"article","og_title":"Trewidden Gardens: Einer der gro\u00dfartigen G\u00e4rten Cornwalls. - Urlaub &amp; Reisen","og_description":"Geschichte &#8211; Der Garten von Trewidden beheimatet eine der gro\u00dfartigsten Ansammlungen von Magnolien und Rhododendren in England, sowie eine beeindruckende Vielfalt von \u00fcber 300 Kamelien.\u00a0 Der 6,7 Hektar gro\u00dfe Garten liegt westlich von Penzance. Um 1830 wurde der Garten durch Edward Bolitho gekauft und befindet sich noch bis heute im Besitz der Bolitho-Familie. Der Garten [&hellip;]","og_url":"https:\/\/www.urlaubcornwall.de\/blog\/trewidden-gardens-einer-der-grossartigen-gaerten-cornwalls\/","og_site_name":"Urlaub &amp; Reisen","article_modified_time":"2026-01-06T16:15:50+00:00","twitter_card":"summary","twitter_misc":{"Est. reading time":"2 minutes"},"schema":{"@context":"https:\/\/schema.org","@graph":[{"@type":"WebSite","@id":"https:\/\/www.urlaubcornwall.de\/blog\/#website","url":"https:\/\/www.urlaubcornwall.de\/blog\/","name":"Urlaub &amp; Reisen","description":"Urlaub, Reisen, Cornwall und S\u00fcdengland: eine perfekte Kombination","potentialAction":[{"@type":"SearchAction","target":{"@type":"EntryPoint","urlTemplate":"https:\/\/www.urlaubcornwall.de\/blog\/?s={search_term_string}"},"query-input":"required name=search_term_string"}],"inLanguage":"en-US"},{"@type":"WebPage","@id":"https:\/\/www.urlaubcornwall.de\/blog\/trewidden-gardens-einer-der-grossartigen-gaerten-cornwalls\/","url":"https:\/\/www.urlaubcornwall.de\/blog\/trewidden-gardens-einer-der-grossartigen-gaerten-cornwalls\/","name":"Trewidden Gardens: Einer der gro\u00dfartigen G\u00e4rten Cornwalls. - Urlaub &amp; Reisen","isPartOf":{"@id":"https:\/\/www.urlaubcornwall.de\/blog\/#website"},"datePublished":"2013-02-25T18:01:20+00:00","dateModified":"2026-01-06T16:15:50+00:00","breadcrumb":{"@id":"https:\/\/www.urlaubcornwall.de\/blog\/trewidden-gardens-einer-der-grossartigen-gaerten-cornwalls\/#breadcrumb"},"inLanguage":"en-US","potentialAction":[{"@type":"ReadAction","target":["https:\/\/www.urlaubcornwall.de\/blog\/trewidden-gardens-einer-der-grossartigen-gaerten-cornwalls\/"]}]},{"@type":"BreadcrumbList","@id":"https:\/\/www.urlaubcornwall.de\/blog\/trewidden-gardens-einer-der-grossartigen-gaerten-cornwalls\/#breadcrumb","itemListElement":[{"@type":"ListItem","position":1,"name":"Home","item":"https:\/\/www.urlaubcornwall.de\/blog\/"},{"@type":"ListItem","position":2,"name":"Trewidden Gardens: Einer der gro\u00dfartigen G\u00e4rten Cornwalls."}]}]}},"_links":{"self":[{"href":"https:\/\/www.urlaubcornwall.de\/blog\/wp-json\/wp\/v2\/pages\/8159"}],"collection":[{"href":"https:\/\/www.urlaubcornwall.de\/blog\/wp-json\/wp\/v2\/pages"}],"about":[{"href":"https:\/\/www.urlaubcornwall.de\/blog\/wp-json\/wp\/v2\/types\/page"}],"author":[{"embeddable":true,"href":"https:\/\/www.urlaubcornwall.de\/blog\/wp-json\/wp\/v2\/users\/1"}],"replies":[{"embeddable":true,"href":"https:\/\/www.urlaubcornwall.de\/blog\/wp-json\/wp\/v2\/comments?post=8159"}],"version-history":[{"count":24,"href":"https:\/\/www.urlaubcornwall.de\/blog\/wp-json\/wp\/v2\/pages\/8159\/revisions"}],"predecessor-version":[{"id":51974,"href":"https:\/\/www.urlaubcornwall.de\/blog\/wp-json\/wp\/v2\/pages\/8159\/revisions\/51974"}],"wp:attachment":[{"href":"https:\/\/www.urlaubcornwall.de\/blog\/wp-json\/wp\/v2\/media?parent=8159"}],"curies":[{"name":"wp","href":"https:\/\/api.w.org\/{rel}","templated":true}]}}