{"id":7588,"date":"2013-01-24T18:20:34","date_gmt":"2013-01-24T18:20:34","guid":{"rendered":"https:\/\/www.urlaubcornwall.de\/blog\/?page_id=7588"},"modified":"2021-05-24T10:38:34","modified_gmt":"2021-05-24T10:38:34","slug":"port-eliot-historisches-und-malerisches-herrenhaus-mit-gaerten-versteckt-inmitten-der-kornischen-landschaft","status":"publish","type":"page","link":"https:\/\/www.urlaubcornwall.de\/blog\/port-eliot-historisches-und-malerisches-herrenhaus-mit-gaerten-versteckt-inmitten-der-kornischen-landschaft\/","title":{"rendered":"Port Eliot \u2013 Historisches und malerisches Herrenhaus mit G\u00e4rten, versteckt inmitten der kornischen Landschaft"},"content":{"rendered":"<p><strong>Besucherinformation<\/strong> &#8211; Port Eliot ist eines der sch\u00f6nsten Attraktionen, die Englands S\u00fcdwesten zu bieten hat. Die gro\u00dfz\u00fcgig ausgelegten Rasenfl\u00e4chen und G\u00e4rten zeigen das Beste der britischen Landschaft, w\u00e4hrend das imposante Haus einige der feinsten klassischen K\u00fcnste und Designs aufweist, die man \u00fcberhaupt in einem Landhaus vorfinden kann.<\/p>\n<p>Der Graf und die Gr\u00e4fin von <a href=\"https:\/\/www.urlaubcornwall.de\/ferienhaeuser-fewos\/st-germans.html\">St Germans<\/a>, dessen Familie hier schon seit Jahrhunderten ans\u00e4ssig ist, haben ihr Haus und Anwesen f\u00fcr die \u00d6ffentlichkeit zug\u00e4nglich gemacht und so eine wundervolle Destination f\u00fcr einen Familientagesausflug in Ostcornwall geschaffen.<\/p>\n<p>Kinder k\u00f6nnen auf den riesigen Rasenpl\u00e4tzen herumtoben und den perfekten Picknickplatz suchen. Die Waldg\u00e4rten laden zu einem gem\u00e4chlichen Spaziergang ein oder wandern Sie zu der unber\u00fchrten Flussm\u00fcndung hinunter.<\/p>\n<p>Im Haus k\u00f6nnen Sie im Round Room Ihre Beobachtungsgabe an dem Wandgem\u00e4lde <i>Riddle Mural<\/i> testen, ehe Sie sich im Port Eliot Tea Room einen traditionellen Cornish Cream Tea g\u00f6nnen.<\/p>\n<p>Port Eliot liegt in St Germans, einem Dorf auf der Rame-Halbinsel in S\u00fcdwestcornwall. Port Eliot ist nur eine kurze Autofahrt von Plymouth und Saltash im Osten sowie Liskeard und Looe im Westen entfernt.<\/p>\n<p>F\u00fcr weitere Informationen, besuchen Sie die<strong> <a href=\"http:\/\/www.porteliot.co.uk\/\"><span style=\"text-decoration: underline;\">Webseite des Port Eliot<\/span>&gt;&gt;<\/a><\/strong><\/p>\n<p><b>Geschichte<\/b><\/p>\n<p>W\u00e4hrend der Eisenzeit befanden sich antike Siedlungen auf dem H\u00fcgel mit Blick auf die weite Flussm\u00fcndung und Port Eliots historische Wurzeln lassen sich bis auf diese Zeit zur\u00fcckverfolgen.<\/p>\n<p>Das Haus und Anwesen wuchs betr\u00e4chtlich als das St Germans Kloster im 9. Jahrhundert. Es bestand jahrhundertelang fort als ein florierender kl\u00f6sterlicher Hafen bis Heinrich VIII, K\u00f6nig von England, es stilllegte. Jedoch blieben von der urspr\u00fcnglichen Architektur viele Teile erhalten; Fenster und W\u00e4nde aus dem 9. und 10. Jahrhundert \u00fcberdauern bis heute.<\/p>\n<p>Im 18. Jahrhundert beauftragte die Eliot Familie den gefeierten Architekten Sir John Sloane mit der Neugestaltung des Hauses und der Au\u00dfenanlagen. Diese Verwandlung k\u00f6nnen Sie noch heute bewundern.<\/p>\n<p>Sloane ist wesentlich verantwortlich f\u00fcr die \u00fcppige Inneneinrichtung sowie f\u00fcr die Gestaltung der langen, malerischen Auffahrt entlang des Flusslaufes.<\/p>\n<p><strong>Garten<\/strong><\/p>\n<p>Cornwalls einzigartiges Klima und die unglaubliche Geschichte des Anwesens verleiht den G\u00e4rten von Port Eliot eine immense Vielfalt an Pflanzen, B\u00e4umen, Gartenlauben, Springbrunnen, Zierteiche und sogar einen Irrgarten zum Bestaunen und Erkunden.<\/p>\n<p>Der hundert Jahre alte Rhododendrongarten, die Fr\u00fchlingsnarzissen und die Zier-Orangerie sind einige der besonderen H\u00f6hepunkte der riesigen Anlage.<\/p>\n<p>Unten am Fluss finden Sie das strohbedeckte Bootshaus des 18. Jahrhunderts, wo Boote vom nahegelegenen Plymouth anlegten. Von hier aus erhalten Sie einen \u00fcberw\u00e4ltigenden Blick auf den Eisenbahnviadukt des britischen Ingenieurs Isambard Kingdom Brunel, der \u00fcber den Flu\u00df f\u00fchrt.<\/p>\n<p><b>Festival<\/b><\/p>\n<p><img loading=\"lazy\" class=\"aligncenter size-full wp-image-23088\" src=\"https:\/\/www.urlaubcornwall.de\/blog\/wp-content\/uploads\/2013\/01\/In-front-of-the-House-at-Port-Eliot-by-Bill-Bradshaw.jpg\" alt=\"In front of the House at Port Eliot by Bill Bradshaw\" width=\"749\" height=\"460\" \/><\/p>\n<p>Port Eliot erlangte vor Kurzem Bekanntheit f\u00fcr sein Literaturfestival, welches j\u00e4hrlich im Sommer veranstaltet wird.<\/p>\n<p>In den neun Jahren seines Bestehens schaffte das Familienfestival es sich erheblich weiterzuentwickeln, da es sich darauf versteht, den Spa\u00df und die Feierlichkeiten der popul\u00e4ren Musikfestivals mit der Welt der Schriftstellerei, Dichtkunst, Auff\u00fchrung, Performance und Kreativit\u00e4t zu verbinden.<\/p>\n<p>F\u00fcr weitere Informationen, besuchen Sie die<a href=\"http:\/\/www.porteliotfestival.com\/\"><strong> <span style=\"text-decoration: underline;\">Webseite des Port Eliot Festival&gt;&gt;<\/span><\/strong><\/a><\/p>\n<p><strong>\u00d6ffnungszeiten<\/strong><\/p>\n<p>29.<span id=\"result_box\" class=\"short_text\" lang=\"de\"><span class=\"hps\">Februar<\/span><\/span> \u2013 26.Juni \u00a0 (geschlossen vom 3.-5. Juni)<\/p>\n<p>Port Eliot Haus &amp; Garten sind t\u00e4glich (au\u00dfer freitags) von 14 bis 18 Uhr ge\u00f6ffnet (letzter Eintritt zum Haus um 17 Uhr).<\/p>\n<p>Haus &amp; Garten<\/p>\n<p>Erwachsene: \u00a38,00 | Kinder:\u00a0\u00a34,00\u00a0 (bis 16 Jahre)<\/p>\n<p>Eintritt nur f\u00fcr den Garten<\/p>\n<p>Erwachsene: \u00a35,00 | Kinder:\u00a0\u00a32,00<\/p>\n<p>Saisonkarte &#8211; Erwachsene: \u00a320,00<\/p>\n<p>Eintritt f\u00fcr Port Eliot &amp; Mount Edgcumbe | Erwachsene: \u00a310,00 Haus &amp; Garten<\/p>\n<p><iframe loading=\"lazy\" src=\"https:\/\/maps.google.co.uk\/maps\/ms?msa=0&amp;msid=218115240156722179945.0004d40a4aba979521a2c&amp;hl=en&amp;ie=UTF8&amp;t=m&amp;ll=50.399765,-4.306641&amp;spn=0.840362,1.757813&amp;z=9&amp;output=embed\" width=\"640\" height=\"480\" frameborder=\"0\" marginwidth=\"0\" marginheight=\"0\" scrolling=\"no\"><\/iframe><\/p>\n<p style=\"text-align: center;\"><script src=\"\/\/pagead2.googlesyndication.com\/pagead\/js\/adsbygoogle.js\" async=\"\"><\/script><!-- Urlaub Cornwall --> <ins class=\"adsbygoogle\" style=\"display: inline-block; width: 468px; height: 60px;\" data-ad-client=\"ca-pub-3901089389175725\" data-ad-slot=\"9709771099\"><\/ins><script>\/\/ <![CDATA[ (adsbygoogle = window.adsbygoogle || []).push({}); \/\/ ]]><\/script><\/p>\n","protected":false},"excerpt":{"rendered":"<p>Besucherinformation &#8211; Port Eliot ist eines der sch\u00f6nsten Attraktionen, die Englands S\u00fcdwesten zu bieten hat. Die gro\u00dfz\u00fcgig ausgelegten Rasenfl\u00e4chen und G\u00e4rten zeigen das Beste der britischen Landschaft, w\u00e4hrend das imposante Haus einige der feinsten klassischen K\u00fcnste und Designs aufweist, die man \u00fcberhaupt in einem Landhaus vorfinden kann. Der Graf und die Gr\u00e4fin von St Germans, [&hellip;]<\/p>\n","protected":false},"author":1,"featured_media":0,"parent":0,"menu_order":0,"comment_status":"closed","ping_status":"closed","template":"single-three.php","meta":[],"acf":[],"yoast_head":"<!-- This site is optimized with the Yoast SEO plugin v19.4 - https:\/\/yoast.com\/wordpress\/plugins\/seo\/ -->\n<title>Port Eliot \u2013 Historisches und malerisches Herrenhaus mit G\u00e4rten, versteckt inmitten der kornischen Landschaft - Urlaub &amp; Reisen<\/title>\n<meta name=\"robots\" content=\"index, follow, max-snippet:-1, max-image-preview:large, max-video-preview:-1\" \/>\n<link rel=\"canonical\" href=\"https:\/\/www.urlaubcornwall.de\/blog\/port-eliot-historisches-und-malerisches-herrenhaus-mit-gaerten-versteckt-inmitten-der-kornischen-landschaft\/\" \/>\n<meta property=\"og:locale\" content=\"en_US\" \/>\n<meta property=\"og:type\" content=\"article\" \/>\n<meta property=\"og:title\" content=\"Port Eliot \u2013 Historisches und malerisches Herrenhaus mit G\u00e4rten, versteckt inmitten der kornischen Landschaft - Urlaub &amp; Reisen\" \/>\n<meta property=\"og:description\" content=\"Besucherinformation &#8211; Port Eliot ist eines der sch\u00f6nsten Attraktionen, die Englands S\u00fcdwesten zu bieten hat. Die gro\u00dfz\u00fcgig ausgelegten Rasenfl\u00e4chen und G\u00e4rten zeigen das Beste der britischen Landschaft, w\u00e4hrend das imposante Haus einige der feinsten klassischen K\u00fcnste und Designs aufweist, die man \u00fcberhaupt in einem Landhaus vorfinden kann. Der Graf und die Gr\u00e4fin von St Germans, [&hellip;]\" \/>\n<meta property=\"og:url\" content=\"https:\/\/www.urlaubcornwall.de\/blog\/port-eliot-historisches-und-malerisches-herrenhaus-mit-gaerten-versteckt-inmitten-der-kornischen-landschaft\/\" \/>\n<meta property=\"og:site_name\" content=\"Urlaub &amp; Reisen\" \/>\n<meta property=\"article:modified_time\" content=\"2021-05-24T10:38:34+00:00\" \/>\n<meta property=\"og:image\" content=\"https:\/\/www.urlaubcornwall.de\/blog\/wp-content\/uploads\/2013\/01\/In-front-of-the-House-at-Port-Eliot-by-Bill-Bradshaw.jpg\" \/>\n<meta name=\"twitter:card\" content=\"summary\" \/>\n<meta name=\"twitter:label1\" content=\"Est. reading time\" \/>\n\t<meta name=\"twitter:data1\" content=\"3 minutes\" \/>\n<script type=\"application\/ld+json\" class=\"yoast-schema-graph\">{\"@context\":\"https:\/\/schema.org\",\"@graph\":[{\"@type\":\"WebSite\",\"@id\":\"https:\/\/www.urlaubcornwall.de\/blog\/#website\",\"url\":\"https:\/\/www.urlaubcornwall.de\/blog\/\",\"name\":\"Urlaub &amp; Reisen\",\"description\":\"Urlaub, Reisen, Cornwall und S\u00fcdengland: eine perfekte Kombination\",\"potentialAction\":[{\"@type\":\"SearchAction\",\"target\":{\"@type\":\"EntryPoint\",\"urlTemplate\":\"https:\/\/www.urlaubcornwall.de\/blog\/?s={search_term_string}\"},\"query-input\":\"required name=search_term_string\"}],\"inLanguage\":\"en-US\"},{\"@type\":\"WebPage\",\"@id\":\"https:\/\/www.urlaubcornwall.de\/blog\/port-eliot-historisches-und-malerisches-herrenhaus-mit-gaerten-versteckt-inmitten-der-kornischen-landschaft\/\",\"url\":\"https:\/\/www.urlaubcornwall.de\/blog\/port-eliot-historisches-und-malerisches-herrenhaus-mit-gaerten-versteckt-inmitten-der-kornischen-landschaft\/\",\"name\":\"Port Eliot \u2013 Historisches und malerisches Herrenhaus mit G\u00e4rten, versteckt inmitten der kornischen Landschaft - Urlaub &amp; Reisen\",\"isPartOf\":{\"@id\":\"https:\/\/www.urlaubcornwall.de\/blog\/#website\"},\"datePublished\":\"2013-01-24T18:20:34+00:00\",\"dateModified\":\"2021-05-24T10:38:34+00:00\",\"breadcrumb\":{\"@id\":\"https:\/\/www.urlaubcornwall.de\/blog\/port-eliot-historisches-und-malerisches-herrenhaus-mit-gaerten-versteckt-inmitten-der-kornischen-landschaft\/#breadcrumb\"},\"inLanguage\":\"en-US\",\"potentialAction\":[{\"@type\":\"ReadAction\",\"target\":[\"https:\/\/www.urlaubcornwall.de\/blog\/port-eliot-historisches-und-malerisches-herrenhaus-mit-gaerten-versteckt-inmitten-der-kornischen-landschaft\/\"]}]},{\"@type\":\"BreadcrumbList\",\"@id\":\"https:\/\/www.urlaubcornwall.de\/blog\/port-eliot-historisches-und-malerisches-herrenhaus-mit-gaerten-versteckt-inmitten-der-kornischen-landschaft\/#breadcrumb\",\"itemListElement\":[{\"@type\":\"ListItem\",\"position\":1,\"name\":\"Home\",\"item\":\"https:\/\/www.urlaubcornwall.de\/blog\/\"},{\"@type\":\"ListItem\",\"position\":2,\"name\":\"Port Eliot \u2013 Historisches und malerisches Herrenhaus mit G\u00e4rten, versteckt inmitten der kornischen Landschaft\"}]}]}<\/script>\n<!-- \/ Yoast SEO plugin. -->","yoast_head_json":{"title":"Port Eliot \u2013 Historisches und malerisches Herrenhaus mit G\u00e4rten, versteckt inmitten der kornischen Landschaft - Urlaub &amp; Reisen","robots":{"index":"index","follow":"follow","max-snippet":"max-snippet:-1","max-image-preview":"max-image-preview:large","max-video-preview":"max-video-preview:-1"},"canonical":"https:\/\/www.urlaubcornwall.de\/blog\/port-eliot-historisches-und-malerisches-herrenhaus-mit-gaerten-versteckt-inmitten-der-kornischen-landschaft\/","og_locale":"en_US","og_type":"article","og_title":"Port Eliot \u2013 Historisches und malerisches Herrenhaus mit G\u00e4rten, versteckt inmitten der kornischen Landschaft - Urlaub &amp; Reisen","og_description":"Besucherinformation &#8211; Port Eliot ist eines der sch\u00f6nsten Attraktionen, die Englands S\u00fcdwesten zu bieten hat. Die gro\u00dfz\u00fcgig ausgelegten Rasenfl\u00e4chen und G\u00e4rten zeigen das Beste der britischen Landschaft, w\u00e4hrend das imposante Haus einige der feinsten klassischen K\u00fcnste und Designs aufweist, die man \u00fcberhaupt in einem Landhaus vorfinden kann. Der Graf und die Gr\u00e4fin von St Germans, [&hellip;]","og_url":"https:\/\/www.urlaubcornwall.de\/blog\/port-eliot-historisches-und-malerisches-herrenhaus-mit-gaerten-versteckt-inmitten-der-kornischen-landschaft\/","og_site_name":"Urlaub &amp; Reisen","article_modified_time":"2021-05-24T10:38:34+00:00","og_image":[{"url":"https:\/\/www.urlaubcornwall.de\/blog\/wp-content\/uploads\/2013\/01\/In-front-of-the-House-at-Port-Eliot-by-Bill-Bradshaw.jpg"}],"twitter_card":"summary","twitter_misc":{"Est. reading time":"3 minutes"},"schema":{"@context":"https:\/\/schema.org","@graph":[{"@type":"WebSite","@id":"https:\/\/www.urlaubcornwall.de\/blog\/#website","url":"https:\/\/www.urlaubcornwall.de\/blog\/","name":"Urlaub &amp; Reisen","description":"Urlaub, Reisen, Cornwall und S\u00fcdengland: eine perfekte Kombination","potentialAction":[{"@type":"SearchAction","target":{"@type":"EntryPoint","urlTemplate":"https:\/\/www.urlaubcornwall.de\/blog\/?s={search_term_string}"},"query-input":"required name=search_term_string"}],"inLanguage":"en-US"},{"@type":"WebPage","@id":"https:\/\/www.urlaubcornwall.de\/blog\/port-eliot-historisches-und-malerisches-herrenhaus-mit-gaerten-versteckt-inmitten-der-kornischen-landschaft\/","url":"https:\/\/www.urlaubcornwall.de\/blog\/port-eliot-historisches-und-malerisches-herrenhaus-mit-gaerten-versteckt-inmitten-der-kornischen-landschaft\/","name":"Port Eliot \u2013 Historisches und malerisches Herrenhaus mit G\u00e4rten, versteckt inmitten der kornischen Landschaft - Urlaub &amp; Reisen","isPartOf":{"@id":"https:\/\/www.urlaubcornwall.de\/blog\/#website"},"datePublished":"2013-01-24T18:20:34+00:00","dateModified":"2021-05-24T10:38:34+00:00","breadcrumb":{"@id":"https:\/\/www.urlaubcornwall.de\/blog\/port-eliot-historisches-und-malerisches-herrenhaus-mit-gaerten-versteckt-inmitten-der-kornischen-landschaft\/#breadcrumb"},"inLanguage":"en-US","potentialAction":[{"@type":"ReadAction","target":["https:\/\/www.urlaubcornwall.de\/blog\/port-eliot-historisches-und-malerisches-herrenhaus-mit-gaerten-versteckt-inmitten-der-kornischen-landschaft\/"]}]},{"@type":"BreadcrumbList","@id":"https:\/\/www.urlaubcornwall.de\/blog\/port-eliot-historisches-und-malerisches-herrenhaus-mit-gaerten-versteckt-inmitten-der-kornischen-landschaft\/#breadcrumb","itemListElement":[{"@type":"ListItem","position":1,"name":"Home","item":"https:\/\/www.urlaubcornwall.de\/blog\/"},{"@type":"ListItem","position":2,"name":"Port Eliot \u2013 Historisches und malerisches Herrenhaus mit G\u00e4rten, versteckt inmitten der kornischen Landschaft"}]}]}},"_links":{"self":[{"href":"https:\/\/www.urlaubcornwall.de\/blog\/wp-json\/wp\/v2\/pages\/7588"}],"collection":[{"href":"https:\/\/www.urlaubcornwall.de\/blog\/wp-json\/wp\/v2\/pages"}],"about":[{"href":"https:\/\/www.urlaubcornwall.de\/blog\/wp-json\/wp\/v2\/types\/page"}],"author":[{"embeddable":true,"href":"https:\/\/www.urlaubcornwall.de\/blog\/wp-json\/wp\/v2\/users\/1"}],"replies":[{"embeddable":true,"href":"https:\/\/www.urlaubcornwall.de\/blog\/wp-json\/wp\/v2\/comments?post=7588"}],"version-history":[{"count":29,"href":"https:\/\/www.urlaubcornwall.de\/blog\/wp-json\/wp\/v2\/pages\/7588\/revisions"}],"predecessor-version":[{"id":41702,"href":"https:\/\/www.urlaubcornwall.de\/blog\/wp-json\/wp\/v2\/pages\/7588\/revisions\/41702"}],"wp:attachment":[{"href":"https:\/\/www.urlaubcornwall.de\/blog\/wp-json\/wp\/v2\/media?parent=7588"}],"curies":[{"name":"wp","href":"https:\/\/api.w.org\/{rel}","templated":true}]}}