{"id":51736,"date":"2024-10-28T15:13:44","date_gmt":"2024-10-28T15:13:44","guid":{"rendered":"https:\/\/www.urlaubcornwall.de\/blog\/?page_id=51736"},"modified":"2024-10-28T15:13:44","modified_gmt":"2024-10-28T15:13:44","slug":"grosses-ferienhaeuser-in-der-naehe-oxford-fuer-gruppen-familien","status":"publish","type":"page","link":"https:\/\/www.urlaubcornwall.de\/blog\/grosses-ferienhaeuser-in-der-naehe-oxford-fuer-gruppen-familien\/","title":{"rendered":"Gro\u00dfes Ferienh\u00e4user in der N\u00e4he Oxford f\u00fcr Gruppen &#038; Familien"},"content":{"rendered":"<p><a href=\"https:\/\/www.urlaubcornwall.de\/blog\/wp-content\/uploads\/2024\/03\/oxford.jpg\"><img loading=\"lazy\" src=\"https:\/\/www.urlaubcornwall.de\/blog\/wp-content\/uploads\/2024\/03\/oxford.jpg\" alt=\"oxford\" width=\"750\" height=\"431\" class=\"alignnone size-full wp-image-47819\" srcset=\"https:\/\/www.urlaubcornwall.de\/blog\/wp-content\/uploads\/2024\/03\/oxford.jpg 750w, https:\/\/www.urlaubcornwall.de\/blog\/wp-content\/uploads\/2024\/03\/oxford-300x172.jpg 300w\" sizes=\"(max-width: 750px) 100vw, 750px\" \/><\/a><\/p>\n<p><strong>Luxus inmitten der Tradition: Ihr Refugium in Oxfordshire<\/strong><\/p>\n<p>Tauchen Sie ein in die zeitlose Eleganz und <a href=\"https:\/\/www.urlaubcornwall.de\/ferienhaus-suchen.php?cnt=eng&#038;action=search&#038;rgn=Oxfordshire&#038;minA=0&#038;minB=0&#038;pet=0&#038;bed=0&#038;nday=0&#038;fromDate=Alle&#038;nlm=20&#038;nlc=Oxford\">akademische Atmosph\u00e4re von Oxford<\/a>, von Ihrem eigenen Luxusferienhaus aus. Unsere handverlesenen Unterk\u00fcnfte vereinen exklusives Wohnen mit der N\u00e4he zur ber\u00fchmten Universit\u00e4tsstadt und den <a href=\"https:\/\/www.urlaubcornwall.de\/ferienhaeuser-fewos\/eng\/oxfordshire\/oxfordshire.html\">malerischen Landschaften von Oxfordshire<\/a>.<\/p>\n<p><strong>Exquisite Auswahl:<\/strong> Jede Villa oder Wohnung wurde pers\u00f6nlich gepr\u00fcft, um Ihnen h\u00f6chsten Komfort und Stil zu bieten.<\/p>\n<p><strong>Ihre Basis f\u00fcr Entdeckungen:<\/strong> Ideal gelegen f\u00fcr Besuche der historischen Colleges, literarischen Pfade und kulturellen Veranstaltungen Oxfords.<\/p>\n<p><strong>Luxusleben:<\/strong> Erleben Sie Privatsph\u00e4re, erstklassige Einrichtungen und die Ruhe l\u00e4ndlicher Umgebung, kombiniert mit der N\u00e4he zu urbanen Annehmlichkeiten.<\/p>\n<p>Entdecken Sie die Balance zwischen Tradition und Luxus. Buchen Sie Ihr <a href=\"https:\/\/www.urlaubcornwall.de\/ferienhaus-suchen.php?cnt=eng&#038;action=search&#038;rgn=Oxfordshire&#038;minA=0&#038;minB=0&#038;pet=0&#038;bed=0&#038;nday=0&#038;fromDate=Alle&#038;nlm=20&#038;nlc=Oxford\">Ferienhaus in Oxfordshire<\/a> und erleben Sie eine Reise, die nicht nur Ihr Herz, sondern auch Ihren Geist bereichert.<\/p>\n","protected":false},"excerpt":{"rendered":"<p>Luxus inmitten der Tradition: Ihr Refugium in Oxfordshire Tauchen Sie ein in die zeitlose Eleganz und akademische Atmosph\u00e4re von Oxford, von Ihrem eigenen Luxusferienhaus aus. Unsere handverlesenen Unterk\u00fcnfte vereinen exklusives Wohnen mit der N\u00e4he zur ber\u00fchmten Universit\u00e4tsstadt und den malerischen Landschaften von Oxfordshire. Exquisite Auswahl: Jede Villa oder Wohnung wurde pers\u00f6nlich gepr\u00fcft, um Ihnen h\u00f6chsten [&hellip;]<\/p>\n","protected":false},"author":1,"featured_media":0,"parent":0,"menu_order":0,"comment_status":"closed","ping_status":"closed","template":"single-four.php","meta":[],"acf":[],"yoast_head":"<!-- This site is optimized with the Yoast SEO plugin v19.4 - https:\/\/yoast.com\/wordpress\/plugins\/seo\/ -->\n<title>Gro\u00dfes Ferienh\u00e4user in der N\u00e4he Oxford f\u00fcr Gruppen &amp; Familien - Urlaub &amp; Reisen<\/title>\n<meta name=\"robots\" content=\"index, follow, max-snippet:-1, max-image-preview:large, max-video-preview:-1\" \/>\n<link rel=\"canonical\" href=\"https:\/\/www.urlaubcornwall.de\/blog\/grosses-ferienhaeuser-in-der-naehe-oxford-fuer-gruppen-familien\/\" \/>\n<meta property=\"og:locale\" content=\"en_US\" \/>\n<meta property=\"og:type\" content=\"article\" \/>\n<meta property=\"og:title\" content=\"Gro\u00dfes Ferienh\u00e4user in der N\u00e4he Oxford f\u00fcr Gruppen &amp; Familien - Urlaub &amp; Reisen\" \/>\n<meta property=\"og:description\" content=\"Luxus inmitten der Tradition: Ihr Refugium in Oxfordshire Tauchen Sie ein in die zeitlose Eleganz und akademische Atmosph\u00e4re von Oxford, von Ihrem eigenen Luxusferienhaus aus. Unsere handverlesenen Unterk\u00fcnfte vereinen exklusives Wohnen mit der N\u00e4he zur ber\u00fchmten Universit\u00e4tsstadt und den malerischen Landschaften von Oxfordshire. Exquisite Auswahl: Jede Villa oder Wohnung wurde pers\u00f6nlich gepr\u00fcft, um Ihnen h\u00f6chsten [&hellip;]\" \/>\n<meta property=\"og:url\" content=\"https:\/\/www.urlaubcornwall.de\/blog\/grosses-ferienhaeuser-in-der-naehe-oxford-fuer-gruppen-familien\/\" \/>\n<meta property=\"og:site_name\" content=\"Urlaub &amp; Reisen\" \/>\n<meta property=\"og:image\" content=\"https:\/\/www.urlaubcornwall.de\/blog\/wp-content\/uploads\/2024\/03\/oxford.jpg\" \/>\n<meta name=\"twitter:card\" content=\"summary\" \/>\n<meta name=\"twitter:label1\" content=\"Est. reading time\" \/>\n\t<meta name=\"twitter:data1\" content=\"1 minute\" \/>\n<script type=\"application\/ld+json\" class=\"yoast-schema-graph\">{\"@context\":\"https:\/\/schema.org\",\"@graph\":[{\"@type\":\"WebSite\",\"@id\":\"https:\/\/www.urlaubcornwall.de\/blog\/#website\",\"url\":\"https:\/\/www.urlaubcornwall.de\/blog\/\",\"name\":\"Urlaub &amp; Reisen\",\"description\":\"Urlaub, Reisen, Cornwall und S\u00fcdengland: eine perfekte Kombination\",\"potentialAction\":[{\"@type\":\"SearchAction\",\"target\":{\"@type\":\"EntryPoint\",\"urlTemplate\":\"https:\/\/www.urlaubcornwall.de\/blog\/?s={search_term_string}\"},\"query-input\":\"required name=search_term_string\"}],\"inLanguage\":\"en-US\"},{\"@type\":\"WebPage\",\"@id\":\"https:\/\/www.urlaubcornwall.de\/blog\/grosses-ferienhaeuser-in-der-naehe-oxford-fuer-gruppen-familien\/\",\"url\":\"https:\/\/www.urlaubcornwall.de\/blog\/grosses-ferienhaeuser-in-der-naehe-oxford-fuer-gruppen-familien\/\",\"name\":\"Gro\u00dfes Ferienh\u00e4user in der N\u00e4he Oxford f\u00fcr Gruppen & Familien - Urlaub &amp; Reisen\",\"isPartOf\":{\"@id\":\"https:\/\/www.urlaubcornwall.de\/blog\/#website\"},\"datePublished\":\"2024-10-28T15:13:44+00:00\",\"dateModified\":\"2024-10-28T15:13:44+00:00\",\"breadcrumb\":{\"@id\":\"https:\/\/www.urlaubcornwall.de\/blog\/grosses-ferienhaeuser-in-der-naehe-oxford-fuer-gruppen-familien\/#breadcrumb\"},\"inLanguage\":\"en-US\",\"potentialAction\":[{\"@type\":\"ReadAction\",\"target\":[\"https:\/\/www.urlaubcornwall.de\/blog\/grosses-ferienhaeuser-in-der-naehe-oxford-fuer-gruppen-familien\/\"]}]},{\"@type\":\"BreadcrumbList\",\"@id\":\"https:\/\/www.urlaubcornwall.de\/blog\/grosses-ferienhaeuser-in-der-naehe-oxford-fuer-gruppen-familien\/#breadcrumb\",\"itemListElement\":[{\"@type\":\"ListItem\",\"position\":1,\"name\":\"Home\",\"item\":\"https:\/\/www.urlaubcornwall.de\/blog\/\"},{\"@type\":\"ListItem\",\"position\":2,\"name\":\"Gro\u00dfes Ferienh\u00e4user in der N\u00e4he Oxford f\u00fcr Gruppen &#038; Familien\"}]}]}<\/script>\n<!-- \/ Yoast SEO plugin. -->","yoast_head_json":{"title":"Gro\u00dfes Ferienh\u00e4user in der N\u00e4he Oxford f\u00fcr Gruppen & Familien - Urlaub &amp; Reisen","robots":{"index":"index","follow":"follow","max-snippet":"max-snippet:-1","max-image-preview":"max-image-preview:large","max-video-preview":"max-video-preview:-1"},"canonical":"https:\/\/www.urlaubcornwall.de\/blog\/grosses-ferienhaeuser-in-der-naehe-oxford-fuer-gruppen-familien\/","og_locale":"en_US","og_type":"article","og_title":"Gro\u00dfes Ferienh\u00e4user in der N\u00e4he Oxford f\u00fcr Gruppen & Familien - Urlaub &amp; Reisen","og_description":"Luxus inmitten der Tradition: Ihr Refugium in Oxfordshire Tauchen Sie ein in die zeitlose Eleganz und akademische Atmosph\u00e4re von Oxford, von Ihrem eigenen Luxusferienhaus aus. Unsere handverlesenen Unterk\u00fcnfte vereinen exklusives Wohnen mit der N\u00e4he zur ber\u00fchmten Universit\u00e4tsstadt und den malerischen Landschaften von Oxfordshire. Exquisite Auswahl: Jede Villa oder Wohnung wurde pers\u00f6nlich gepr\u00fcft, um Ihnen h\u00f6chsten [&hellip;]","og_url":"https:\/\/www.urlaubcornwall.de\/blog\/grosses-ferienhaeuser-in-der-naehe-oxford-fuer-gruppen-familien\/","og_site_name":"Urlaub &amp; Reisen","og_image":[{"url":"https:\/\/www.urlaubcornwall.de\/blog\/wp-content\/uploads\/2024\/03\/oxford.jpg"}],"twitter_card":"summary","twitter_misc":{"Est. reading time":"1 minute"},"schema":{"@context":"https:\/\/schema.org","@graph":[{"@type":"WebSite","@id":"https:\/\/www.urlaubcornwall.de\/blog\/#website","url":"https:\/\/www.urlaubcornwall.de\/blog\/","name":"Urlaub &amp; Reisen","description":"Urlaub, Reisen, Cornwall und S\u00fcdengland: eine perfekte Kombination","potentialAction":[{"@type":"SearchAction","target":{"@type":"EntryPoint","urlTemplate":"https:\/\/www.urlaubcornwall.de\/blog\/?s={search_term_string}"},"query-input":"required name=search_term_string"}],"inLanguage":"en-US"},{"@type":"WebPage","@id":"https:\/\/www.urlaubcornwall.de\/blog\/grosses-ferienhaeuser-in-der-naehe-oxford-fuer-gruppen-familien\/","url":"https:\/\/www.urlaubcornwall.de\/blog\/grosses-ferienhaeuser-in-der-naehe-oxford-fuer-gruppen-familien\/","name":"Gro\u00dfes Ferienh\u00e4user in der N\u00e4he Oxford f\u00fcr Gruppen & Familien - Urlaub &amp; Reisen","isPartOf":{"@id":"https:\/\/www.urlaubcornwall.de\/blog\/#website"},"datePublished":"2024-10-28T15:13:44+00:00","dateModified":"2024-10-28T15:13:44+00:00","breadcrumb":{"@id":"https:\/\/www.urlaubcornwall.de\/blog\/grosses-ferienhaeuser-in-der-naehe-oxford-fuer-gruppen-familien\/#breadcrumb"},"inLanguage":"en-US","potentialAction":[{"@type":"ReadAction","target":["https:\/\/www.urlaubcornwall.de\/blog\/grosses-ferienhaeuser-in-der-naehe-oxford-fuer-gruppen-familien\/"]}]},{"@type":"BreadcrumbList","@id":"https:\/\/www.urlaubcornwall.de\/blog\/grosses-ferienhaeuser-in-der-naehe-oxford-fuer-gruppen-familien\/#breadcrumb","itemListElement":[{"@type":"ListItem","position":1,"name":"Home","item":"https:\/\/www.urlaubcornwall.de\/blog\/"},{"@type":"ListItem","position":2,"name":"Gro\u00dfes Ferienh\u00e4user in der N\u00e4he Oxford f\u00fcr Gruppen &#038; Familien"}]}]}},"_links":{"self":[{"href":"https:\/\/www.urlaubcornwall.de\/blog\/wp-json\/wp\/v2\/pages\/51736"}],"collection":[{"href":"https:\/\/www.urlaubcornwall.de\/blog\/wp-json\/wp\/v2\/pages"}],"about":[{"href":"https:\/\/www.urlaubcornwall.de\/blog\/wp-json\/wp\/v2\/types\/page"}],"author":[{"embeddable":true,"href":"https:\/\/www.urlaubcornwall.de\/blog\/wp-json\/wp\/v2\/users\/1"}],"replies":[{"embeddable":true,"href":"https:\/\/www.urlaubcornwall.de\/blog\/wp-json\/wp\/v2\/comments?post=51736"}],"version-history":[{"count":2,"href":"https:\/\/www.urlaubcornwall.de\/blog\/wp-json\/wp\/v2\/pages\/51736\/revisions"}],"predecessor-version":[{"id":51739,"href":"https:\/\/www.urlaubcornwall.de\/blog\/wp-json\/wp\/v2\/pages\/51736\/revisions\/51739"}],"wp:attachment":[{"href":"https:\/\/www.urlaubcornwall.de\/blog\/wp-json\/wp\/v2\/media?parent=51736"}],"curies":[{"name":"wp","href":"https:\/\/api.w.org\/{rel}","templated":true}]}}