{"id":51698,"date":"2024-10-24T13:31:25","date_gmt":"2024-10-24T13:31:25","guid":{"rendered":"https:\/\/www.urlaubcornwall.de\/blog\/?page_id=51698"},"modified":"2024-10-24T13:35:16","modified_gmt":"2024-10-24T13:35:16","slug":"grosses-ferienhaus-fuer-gruppen-in-brighton-2","status":"publish","type":"page","link":"https:\/\/www.urlaubcornwall.de\/blog\/grosses-ferienhaus-fuer-gruppen-in-brighton-2\/","title":{"rendered":"Gruppenurlaub in Brighton"},"content":{"rendered":"<p><a href=\"https:\/\/www.urlaubcornwall.de\/blog\/wp-content\/uploads\/2024\/03\/pavillion-brighton.jpg\"><img loading=\"lazy\" src=\"https:\/\/www.urlaubcornwall.de\/blog\/wp-content\/uploads\/2024\/03\/pavillion-brighton.jpg\" alt=\"pavillion brighton\" width=\"750\" height=\"563\" class=\"alignnone size-full wp-image-48029\" srcset=\"https:\/\/www.urlaubcornwall.de\/blog\/wp-content\/uploads\/2024\/03\/pavillion-brighton.jpg 750w, https:\/\/www.urlaubcornwall.de\/blog\/wp-content\/uploads\/2024\/03\/pavillion-brighton-300x225.jpg 300w\" sizes=\"(max-width: 750px) 100vw, 750px\" \/><\/a><\/p>\n<p>Brighton in <a href=\"https:\/\/www.urlaubcornwall.de\/ferienhaeuser-fewos\/eng\/sussex\/sussex.html\">Sussex<\/a> ist ein gro\u00dfartiges Reiseziel f\u00fcr eine Gruppe von Freunden oder Familien, da die Stadt eine lebendige Mischung aus Strand, Kultur und Unterhaltung bietet. Der ber\u00fchmte Brighton Pier mit seinen Fahrgesch\u00e4ften und Spielhallen, das kulturell reiche North Laine-Viertel mit seinen unabh\u00e4ngigen Gesch\u00e4ften und Caf\u00e9s sowie das ikonische Royal Pavilion sorgen f\u00fcr abwechslungsreiche Erlebnisse. <\/p>\n<p>Wir bieten handverlesene Gruppenh\u00e4user in <a href=\"https:\/\/www.urlaubcornwall.de\/ferienhaeuser-fewos\/eng\/sussex\/brighton.html\">Brighton f\u00fcr 6, 8, 10 und mehr Personen<\/a><\/p>\n<p>F\u00fcr einen Aufenthalt in einem Ferienhaus eignen sich auch umliegende Orte wie das <a href=\"https:\/\/www.urlaubcornwall.de\/ferienhaeuser-fewos\/eng\/sussex\/lewes.html\">charmante Lewes<\/a>, bekannt f\u00fcr seine historischen Geb\u00e4ude und malerischen Gassen, oder das <a href=\"https:\/\/www.urlaubcornwall.de\/ferienhaeuser-fewos\/eng\/sussex\/rottingdean.html\">ruhige Rottingdean<\/a>, ein idyllisches Dorf mit atemberaubender K\u00fcstenlandschaft. <a href=\"https:\/\/www.urlaubcornwall.de\/ferienhaeuser-fewos\/eng\/sussex\/shoreham-by-sea.html\">Shoreham-by-Sea<\/a> ist ebenfalls eine gute Wahl f\u00fcr Strandliebhaber, die gleichzeitig die N\u00e4he zu Brightons aufregendem Stadtleben genie\u00dfen m\u00f6chten. Diese Kombination aus urbaner Energie und idyllischen R\u00fcckzugsorten macht die Region rund um Brighton perfekt f\u00fcr gemeinsame Erlebnisse.<\/p>\n","protected":false},"excerpt":{"rendered":"<p>Brighton in Sussex ist ein gro\u00dfartiges Reiseziel f\u00fcr eine Gruppe von Freunden oder Familien, da die Stadt eine lebendige Mischung aus Strand, Kultur und Unterhaltung bietet. Der ber\u00fchmte Brighton Pier mit seinen Fahrgesch\u00e4ften und Spielhallen, das kulturell reiche North Laine-Viertel mit seinen unabh\u00e4ngigen Gesch\u00e4ften und Caf\u00e9s sowie das ikonische Royal Pavilion sorgen f\u00fcr abwechslungsreiche Erlebnisse. [&hellip;]<\/p>\n","protected":false},"author":1,"featured_media":0,"parent":0,"menu_order":0,"comment_status":"closed","ping_status":"closed","template":"single-four.php","meta":[],"acf":[],"yoast_head":"<!-- This site is optimized with the Yoast SEO plugin v19.4 - https:\/\/yoast.com\/wordpress\/plugins\/seo\/ -->\n<title>Gruppenurlaub in Brighton - Urlaub &amp; Reisen<\/title>\n<meta name=\"robots\" content=\"index, follow, max-snippet:-1, max-image-preview:large, max-video-preview:-1\" \/>\n<link rel=\"canonical\" href=\"https:\/\/www.urlaubcornwall.de\/blog\/grosses-ferienhaus-fuer-gruppen-in-brighton-2\/\" \/>\n<meta property=\"og:locale\" content=\"en_US\" \/>\n<meta property=\"og:type\" content=\"article\" \/>\n<meta property=\"og:title\" content=\"Gruppenurlaub in Brighton - Urlaub &amp; Reisen\" \/>\n<meta property=\"og:description\" content=\"Brighton in Sussex ist ein gro\u00dfartiges Reiseziel f\u00fcr eine Gruppe von Freunden oder Familien, da die Stadt eine lebendige Mischung aus Strand, Kultur und Unterhaltung bietet. Der ber\u00fchmte Brighton Pier mit seinen Fahrgesch\u00e4ften und Spielhallen, das kulturell reiche North Laine-Viertel mit seinen unabh\u00e4ngigen Gesch\u00e4ften und Caf\u00e9s sowie das ikonische Royal Pavilion sorgen f\u00fcr abwechslungsreiche Erlebnisse. [&hellip;]\" \/>\n<meta property=\"og:url\" content=\"https:\/\/www.urlaubcornwall.de\/blog\/grosses-ferienhaus-fuer-gruppen-in-brighton-2\/\" \/>\n<meta property=\"og:site_name\" content=\"Urlaub &amp; Reisen\" \/>\n<meta property=\"article:modified_time\" content=\"2024-10-24T13:35:16+00:00\" \/>\n<meta property=\"og:image\" content=\"https:\/\/www.urlaubcornwall.de\/blog\/wp-content\/uploads\/2024\/03\/pavillion-brighton.jpg\" \/>\n<meta name=\"twitter:card\" content=\"summary\" \/>\n<meta name=\"twitter:label1\" content=\"Est. reading time\" \/>\n\t<meta name=\"twitter:data1\" content=\"1 minute\" \/>\n<script type=\"application\/ld+json\" class=\"yoast-schema-graph\">{\"@context\":\"https:\/\/schema.org\",\"@graph\":[{\"@type\":\"WebSite\",\"@id\":\"https:\/\/www.urlaubcornwall.de\/blog\/#website\",\"url\":\"https:\/\/www.urlaubcornwall.de\/blog\/\",\"name\":\"Urlaub &amp; Reisen\",\"description\":\"Urlaub, Reisen, Cornwall und S\u00fcdengland: eine perfekte Kombination\",\"potentialAction\":[{\"@type\":\"SearchAction\",\"target\":{\"@type\":\"EntryPoint\",\"urlTemplate\":\"https:\/\/www.urlaubcornwall.de\/blog\/?s={search_term_string}\"},\"query-input\":\"required name=search_term_string\"}],\"inLanguage\":\"en-US\"},{\"@type\":\"WebPage\",\"@id\":\"https:\/\/www.urlaubcornwall.de\/blog\/grosses-ferienhaus-fuer-gruppen-in-brighton-2\/\",\"url\":\"https:\/\/www.urlaubcornwall.de\/blog\/grosses-ferienhaus-fuer-gruppen-in-brighton-2\/\",\"name\":\"Gruppenurlaub in Brighton - Urlaub &amp; Reisen\",\"isPartOf\":{\"@id\":\"https:\/\/www.urlaubcornwall.de\/blog\/#website\"},\"datePublished\":\"2024-10-24T13:31:25+00:00\",\"dateModified\":\"2024-10-24T13:35:16+00:00\",\"breadcrumb\":{\"@id\":\"https:\/\/www.urlaubcornwall.de\/blog\/grosses-ferienhaus-fuer-gruppen-in-brighton-2\/#breadcrumb\"},\"inLanguage\":\"en-US\",\"potentialAction\":[{\"@type\":\"ReadAction\",\"target\":[\"https:\/\/www.urlaubcornwall.de\/blog\/grosses-ferienhaus-fuer-gruppen-in-brighton-2\/\"]}]},{\"@type\":\"BreadcrumbList\",\"@id\":\"https:\/\/www.urlaubcornwall.de\/blog\/grosses-ferienhaus-fuer-gruppen-in-brighton-2\/#breadcrumb\",\"itemListElement\":[{\"@type\":\"ListItem\",\"position\":1,\"name\":\"Home\",\"item\":\"https:\/\/www.urlaubcornwall.de\/blog\/\"},{\"@type\":\"ListItem\",\"position\":2,\"name\":\"Gruppenurlaub in Brighton\"}]}]}<\/script>\n<!-- \/ Yoast SEO plugin. -->","yoast_head_json":{"title":"Gruppenurlaub in Brighton - Urlaub &amp; Reisen","robots":{"index":"index","follow":"follow","max-snippet":"max-snippet:-1","max-image-preview":"max-image-preview:large","max-video-preview":"max-video-preview:-1"},"canonical":"https:\/\/www.urlaubcornwall.de\/blog\/grosses-ferienhaus-fuer-gruppen-in-brighton-2\/","og_locale":"en_US","og_type":"article","og_title":"Gruppenurlaub in Brighton - Urlaub &amp; Reisen","og_description":"Brighton in Sussex ist ein gro\u00dfartiges Reiseziel f\u00fcr eine Gruppe von Freunden oder Familien, da die Stadt eine lebendige Mischung aus Strand, Kultur und Unterhaltung bietet. Der ber\u00fchmte Brighton Pier mit seinen Fahrgesch\u00e4ften und Spielhallen, das kulturell reiche North Laine-Viertel mit seinen unabh\u00e4ngigen Gesch\u00e4ften und Caf\u00e9s sowie das ikonische Royal Pavilion sorgen f\u00fcr abwechslungsreiche Erlebnisse. [&hellip;]","og_url":"https:\/\/www.urlaubcornwall.de\/blog\/grosses-ferienhaus-fuer-gruppen-in-brighton-2\/","og_site_name":"Urlaub &amp; Reisen","article_modified_time":"2024-10-24T13:35:16+00:00","og_image":[{"url":"https:\/\/www.urlaubcornwall.de\/blog\/wp-content\/uploads\/2024\/03\/pavillion-brighton.jpg"}],"twitter_card":"summary","twitter_misc":{"Est. reading time":"1 minute"},"schema":{"@context":"https:\/\/schema.org","@graph":[{"@type":"WebSite","@id":"https:\/\/www.urlaubcornwall.de\/blog\/#website","url":"https:\/\/www.urlaubcornwall.de\/blog\/","name":"Urlaub &amp; Reisen","description":"Urlaub, Reisen, Cornwall und S\u00fcdengland: eine perfekte Kombination","potentialAction":[{"@type":"SearchAction","target":{"@type":"EntryPoint","urlTemplate":"https:\/\/www.urlaubcornwall.de\/blog\/?s={search_term_string}"},"query-input":"required name=search_term_string"}],"inLanguage":"en-US"},{"@type":"WebPage","@id":"https:\/\/www.urlaubcornwall.de\/blog\/grosses-ferienhaus-fuer-gruppen-in-brighton-2\/","url":"https:\/\/www.urlaubcornwall.de\/blog\/grosses-ferienhaus-fuer-gruppen-in-brighton-2\/","name":"Gruppenurlaub in Brighton - Urlaub &amp; Reisen","isPartOf":{"@id":"https:\/\/www.urlaubcornwall.de\/blog\/#website"},"datePublished":"2024-10-24T13:31:25+00:00","dateModified":"2024-10-24T13:35:16+00:00","breadcrumb":{"@id":"https:\/\/www.urlaubcornwall.de\/blog\/grosses-ferienhaus-fuer-gruppen-in-brighton-2\/#breadcrumb"},"inLanguage":"en-US","potentialAction":[{"@type":"ReadAction","target":["https:\/\/www.urlaubcornwall.de\/blog\/grosses-ferienhaus-fuer-gruppen-in-brighton-2\/"]}]},{"@type":"BreadcrumbList","@id":"https:\/\/www.urlaubcornwall.de\/blog\/grosses-ferienhaus-fuer-gruppen-in-brighton-2\/#breadcrumb","itemListElement":[{"@type":"ListItem","position":1,"name":"Home","item":"https:\/\/www.urlaubcornwall.de\/blog\/"},{"@type":"ListItem","position":2,"name":"Gruppenurlaub in Brighton"}]}]}},"_links":{"self":[{"href":"https:\/\/www.urlaubcornwall.de\/blog\/wp-json\/wp\/v2\/pages\/51698"}],"collection":[{"href":"https:\/\/www.urlaubcornwall.de\/blog\/wp-json\/wp\/v2\/pages"}],"about":[{"href":"https:\/\/www.urlaubcornwall.de\/blog\/wp-json\/wp\/v2\/types\/page"}],"author":[{"embeddable":true,"href":"https:\/\/www.urlaubcornwall.de\/blog\/wp-json\/wp\/v2\/users\/1"}],"replies":[{"embeddable":true,"href":"https:\/\/www.urlaubcornwall.de\/blog\/wp-json\/wp\/v2\/comments?post=51698"}],"version-history":[{"count":4,"href":"https:\/\/www.urlaubcornwall.de\/blog\/wp-json\/wp\/v2\/pages\/51698\/revisions"}],"predecessor-version":[{"id":51707,"href":"https:\/\/www.urlaubcornwall.de\/blog\/wp-json\/wp\/v2\/pages\/51698\/revisions\/51707"}],"wp:attachment":[{"href":"https:\/\/www.urlaubcornwall.de\/blog\/wp-json\/wp\/v2\/media?parent=51698"}],"curies":[{"name":"wp","href":"https:\/\/api.w.org\/{rel}","templated":true}]}}