{"id":48326,"date":"2024-03-18T10:48:21","date_gmt":"2024-03-18T10:48:21","guid":{"rendered":"https:\/\/www.urlaubcornwall.de\/blog\/?page_id=48326"},"modified":"2024-03-18T10:48:21","modified_gmt":"2024-03-18T10:48:21","slug":"ferienhaeuser-ferienwohnungen-in-cardiff-fuer-gruppen","status":"publish","type":"page","link":"https:\/\/www.urlaubcornwall.de\/blog\/ferienhaeuser-ferienwohnungen-in-cardiff-fuer-gruppen\/","title":{"rendered":"Ferienh\u00e4user &#038; Ferienwohnungen in Cardiff f\u00fcr Gruppen"},"content":{"rendered":"<p><img loading=\"lazy\" width=\"750\" height=\"500\" class=\"aligncenter size-full wp-image-48328\" src=\"https:\/\/www.urlaubcornwall.de\/blog\/wp-content\/uploads\/2024\/03\/cardiff-gruppen-Modernes-Stadtapartment-Principality-Stadium.jpg\" alt=\"cardiff gruppen Modernes Stadtapartment Principality Stadium\" srcset=\"https:\/\/www.urlaubcornwall.de\/blog\/wp-content\/uploads\/2024\/03\/cardiff-gruppen-Modernes-Stadtapartment-Principality-Stadium.jpg 750w, https:\/\/www.urlaubcornwall.de\/blog\/wp-content\/uploads\/2024\/03\/cardiff-gruppen-Modernes-Stadtapartment-Principality-Stadium-300x200.jpg 300w\" sizes=\"(max-width: 750px) 100vw, 750px\" \/><\/p>\n<p><strong><a href=\"https:\/\/www.urlaubcornwall.de\/ferienhaeuser-fewos\/wal\/suedwales\/cardiff.html\">Gruppenh\u00e4user in Cardiff<\/a><\/strong><br \/>\n &#8211; Diese <a href=\"https:\/\/www.urlaubcornwall.de\/ferienhaeuser-fewos\/unterkunft\/OriginalHH\/bow65-hafan-y-ddinas-cardiff-apartment-1.html\">Ferienwohnung im ersten Stock bietet einen atemberaubenden Blick<\/a> \u00fcber den Fluss und das Principality Stadium und ist perfekt f\u00fcr Freunde oder Familien, die einen St\u00e4dtetrip der besonderen Art suchen. Direkt am Fitzhamon Embankment gelegen, k\u00f6nnen sich G\u00e4ste jeden Sonntag auf den ber\u00fchmten Riverside Market freuen, der eine Reihe von Streetfood- und Bauernmarktst\u00e4nden bietet, perfekt f\u00fcr Feinschmecker, die einen echten Eindruck von der Stadt erleben m\u00f6chten<\/p>\n<p>Modernes Stadtapartment im Herzen von Cardiff<\/p>\n<p>Fantastische Aussicht auf das Principality Stadium und den Fluss<\/p>\n<p>Un\u00fcbertroffene Lage im Umkreis von 0,5 km von Gesch\u00e4ften, Bars und Restaurants<\/p>\n<p>Wir bieten handverlesene Gruppenh\u00e4user f\u00fcr <a href=\"https:\/\/www.urlaubcornwall.de\/ferienhaus-suchen.php?cnt=wal&#038;action=search&#038;rgn=0&#038;minA=6&#038;minB=0&#038;pet=0&#038;bed=0&#038;nday=0&#038;fromDate=Alle&#038;nlm=10&#038;nlc=Cardiff\">6, 8 und mehr Personen<\/a><\/p>\n","protected":false},"excerpt":{"rendered":"<p>Gruppenh\u00e4user in Cardiff &#8211; Diese Ferienwohnung im ersten Stock bietet einen atemberaubenden Blick \u00fcber den Fluss und das Principality Stadium und ist perfekt f\u00fcr Freunde oder Familien, die einen St\u00e4dtetrip der besonderen Art suchen. Direkt am Fitzhamon Embankment gelegen, k\u00f6nnen sich G\u00e4ste jeden Sonntag auf den ber\u00fchmten Riverside Market freuen, der eine Reihe von Streetfood- [&hellip;]<\/p>\n","protected":false},"author":1,"featured_media":0,"parent":0,"menu_order":0,"comment_status":"closed","ping_status":"closed","template":"single-four.php","meta":[],"acf":[],"yoast_head":"<!-- This site is optimized with the Yoast SEO plugin v19.4 - https:\/\/yoast.com\/wordpress\/plugins\/seo\/ -->\n<title>Ferienh\u00e4user &amp; Ferienwohnungen in Cardiff f\u00fcr Gruppen - Urlaub &amp; Reisen<\/title>\n<meta name=\"robots\" content=\"index, follow, max-snippet:-1, max-image-preview:large, max-video-preview:-1\" \/>\n<link rel=\"canonical\" href=\"https:\/\/www.urlaubcornwall.de\/blog\/ferienhaeuser-ferienwohnungen-in-cardiff-fuer-gruppen\/\" \/>\n<meta property=\"og:locale\" content=\"en_US\" \/>\n<meta property=\"og:type\" content=\"article\" \/>\n<meta property=\"og:title\" content=\"Ferienh\u00e4user &amp; Ferienwohnungen in Cardiff f\u00fcr Gruppen - Urlaub &amp; Reisen\" \/>\n<meta property=\"og:description\" content=\"Gruppenh\u00e4user in Cardiff &#8211; Diese Ferienwohnung im ersten Stock bietet einen atemberaubenden Blick \u00fcber den Fluss und das Principality Stadium und ist perfekt f\u00fcr Freunde oder Familien, die einen St\u00e4dtetrip der besonderen Art suchen. Direkt am Fitzhamon Embankment gelegen, k\u00f6nnen sich G\u00e4ste jeden Sonntag auf den ber\u00fchmten Riverside Market freuen, der eine Reihe von Streetfood- [&hellip;]\" \/>\n<meta property=\"og:url\" content=\"https:\/\/www.urlaubcornwall.de\/blog\/ferienhaeuser-ferienwohnungen-in-cardiff-fuer-gruppen\/\" \/>\n<meta property=\"og:site_name\" content=\"Urlaub &amp; Reisen\" \/>\n<meta property=\"og:image\" content=\"https:\/\/www.urlaubcornwall.de\/blog\/wp-content\/uploads\/2024\/03\/cardiff-gruppen-Modernes-Stadtapartment-Principality-Stadium.jpg\" \/>\n<meta name=\"twitter:card\" content=\"summary\" \/>\n<script type=\"application\/ld+json\" class=\"yoast-schema-graph\">{\"@context\":\"https:\/\/schema.org\",\"@graph\":[{\"@type\":\"WebSite\",\"@id\":\"https:\/\/www.urlaubcornwall.de\/blog\/#website\",\"url\":\"https:\/\/www.urlaubcornwall.de\/blog\/\",\"name\":\"Urlaub &amp; Reisen\",\"description\":\"Urlaub, Reisen, Cornwall und S\u00fcdengland: eine perfekte Kombination\",\"potentialAction\":[{\"@type\":\"SearchAction\",\"target\":{\"@type\":\"EntryPoint\",\"urlTemplate\":\"https:\/\/www.urlaubcornwall.de\/blog\/?s={search_term_string}\"},\"query-input\":\"required name=search_term_string\"}],\"inLanguage\":\"en-US\"},{\"@type\":\"WebPage\",\"@id\":\"https:\/\/www.urlaubcornwall.de\/blog\/ferienhaeuser-ferienwohnungen-in-cardiff-fuer-gruppen\/\",\"url\":\"https:\/\/www.urlaubcornwall.de\/blog\/ferienhaeuser-ferienwohnungen-in-cardiff-fuer-gruppen\/\",\"name\":\"Ferienh\u00e4user & Ferienwohnungen in Cardiff f\u00fcr Gruppen - Urlaub &amp; Reisen\",\"isPartOf\":{\"@id\":\"https:\/\/www.urlaubcornwall.de\/blog\/#website\"},\"datePublished\":\"2024-03-18T10:48:21+00:00\",\"dateModified\":\"2024-03-18T10:48:21+00:00\",\"breadcrumb\":{\"@id\":\"https:\/\/www.urlaubcornwall.de\/blog\/ferienhaeuser-ferienwohnungen-in-cardiff-fuer-gruppen\/#breadcrumb\"},\"inLanguage\":\"en-US\",\"potentialAction\":[{\"@type\":\"ReadAction\",\"target\":[\"https:\/\/www.urlaubcornwall.de\/blog\/ferienhaeuser-ferienwohnungen-in-cardiff-fuer-gruppen\/\"]}]},{\"@type\":\"BreadcrumbList\",\"@id\":\"https:\/\/www.urlaubcornwall.de\/blog\/ferienhaeuser-ferienwohnungen-in-cardiff-fuer-gruppen\/#breadcrumb\",\"itemListElement\":[{\"@type\":\"ListItem\",\"position\":1,\"name\":\"Home\",\"item\":\"https:\/\/www.urlaubcornwall.de\/blog\/\"},{\"@type\":\"ListItem\",\"position\":2,\"name\":\"Ferienh\u00e4user &#038; Ferienwohnungen in Cardiff f\u00fcr Gruppen\"}]}]}<\/script>\n<!-- \/ Yoast SEO plugin. -->","yoast_head_json":{"title":"Ferienh\u00e4user & Ferienwohnungen in Cardiff f\u00fcr Gruppen - Urlaub &amp; Reisen","robots":{"index":"index","follow":"follow","max-snippet":"max-snippet:-1","max-image-preview":"max-image-preview:large","max-video-preview":"max-video-preview:-1"},"canonical":"https:\/\/www.urlaubcornwall.de\/blog\/ferienhaeuser-ferienwohnungen-in-cardiff-fuer-gruppen\/","og_locale":"en_US","og_type":"article","og_title":"Ferienh\u00e4user & Ferienwohnungen in Cardiff f\u00fcr Gruppen - Urlaub &amp; Reisen","og_description":"Gruppenh\u00e4user in Cardiff &#8211; Diese Ferienwohnung im ersten Stock bietet einen atemberaubenden Blick \u00fcber den Fluss und das Principality Stadium und ist perfekt f\u00fcr Freunde oder Familien, die einen St\u00e4dtetrip der besonderen Art suchen. Direkt am Fitzhamon Embankment gelegen, k\u00f6nnen sich G\u00e4ste jeden Sonntag auf den ber\u00fchmten Riverside Market freuen, der eine Reihe von Streetfood- [&hellip;]","og_url":"https:\/\/www.urlaubcornwall.de\/blog\/ferienhaeuser-ferienwohnungen-in-cardiff-fuer-gruppen\/","og_site_name":"Urlaub &amp; Reisen","og_image":[{"url":"https:\/\/www.urlaubcornwall.de\/blog\/wp-content\/uploads\/2024\/03\/cardiff-gruppen-Modernes-Stadtapartment-Principality-Stadium.jpg"}],"twitter_card":"summary","schema":{"@context":"https:\/\/schema.org","@graph":[{"@type":"WebSite","@id":"https:\/\/www.urlaubcornwall.de\/blog\/#website","url":"https:\/\/www.urlaubcornwall.de\/blog\/","name":"Urlaub &amp; Reisen","description":"Urlaub, Reisen, Cornwall und S\u00fcdengland: eine perfekte Kombination","potentialAction":[{"@type":"SearchAction","target":{"@type":"EntryPoint","urlTemplate":"https:\/\/www.urlaubcornwall.de\/blog\/?s={search_term_string}"},"query-input":"required name=search_term_string"}],"inLanguage":"en-US"},{"@type":"WebPage","@id":"https:\/\/www.urlaubcornwall.de\/blog\/ferienhaeuser-ferienwohnungen-in-cardiff-fuer-gruppen\/","url":"https:\/\/www.urlaubcornwall.de\/blog\/ferienhaeuser-ferienwohnungen-in-cardiff-fuer-gruppen\/","name":"Ferienh\u00e4user & Ferienwohnungen in Cardiff f\u00fcr Gruppen - Urlaub &amp; Reisen","isPartOf":{"@id":"https:\/\/www.urlaubcornwall.de\/blog\/#website"},"datePublished":"2024-03-18T10:48:21+00:00","dateModified":"2024-03-18T10:48:21+00:00","breadcrumb":{"@id":"https:\/\/www.urlaubcornwall.de\/blog\/ferienhaeuser-ferienwohnungen-in-cardiff-fuer-gruppen\/#breadcrumb"},"inLanguage":"en-US","potentialAction":[{"@type":"ReadAction","target":["https:\/\/www.urlaubcornwall.de\/blog\/ferienhaeuser-ferienwohnungen-in-cardiff-fuer-gruppen\/"]}]},{"@type":"BreadcrumbList","@id":"https:\/\/www.urlaubcornwall.de\/blog\/ferienhaeuser-ferienwohnungen-in-cardiff-fuer-gruppen\/#breadcrumb","itemListElement":[{"@type":"ListItem","position":1,"name":"Home","item":"https:\/\/www.urlaubcornwall.de\/blog\/"},{"@type":"ListItem","position":2,"name":"Ferienh\u00e4user &#038; Ferienwohnungen in Cardiff f\u00fcr Gruppen"}]}]}},"_links":{"self":[{"href":"https:\/\/www.urlaubcornwall.de\/blog\/wp-json\/wp\/v2\/pages\/48326"}],"collection":[{"href":"https:\/\/www.urlaubcornwall.de\/blog\/wp-json\/wp\/v2\/pages"}],"about":[{"href":"https:\/\/www.urlaubcornwall.de\/blog\/wp-json\/wp\/v2\/types\/page"}],"author":[{"embeddable":true,"href":"https:\/\/www.urlaubcornwall.de\/blog\/wp-json\/wp\/v2\/users\/1"}],"replies":[{"embeddable":true,"href":"https:\/\/www.urlaubcornwall.de\/blog\/wp-json\/wp\/v2\/comments?post=48326"}],"version-history":[{"count":1,"href":"https:\/\/www.urlaubcornwall.de\/blog\/wp-json\/wp\/v2\/pages\/48326\/revisions"}],"predecessor-version":[{"id":48329,"href":"https:\/\/www.urlaubcornwall.de\/blog\/wp-json\/wp\/v2\/pages\/48326\/revisions\/48329"}],"wp:attachment":[{"href":"https:\/\/www.urlaubcornwall.de\/blog\/wp-json\/wp\/v2\/media?parent=48326"}],"curies":[{"name":"wp","href":"https:\/\/api.w.org\/{rel}","templated":true}]}}