{"id":47358,"date":"2024-01-18T10:43:31","date_gmt":"2024-01-18T10:43:31","guid":{"rendered":"https:\/\/www.urlaubcornwall.de\/blog\/?page_id=47358"},"modified":"2024-02-12T09:48:25","modified_gmt":"2024-02-12T09:48:25","slug":"die-beliebtesten-ferienhaeuser-2023-cornwall","status":"publish","type":"page","link":"https:\/\/www.urlaubcornwall.de\/blog\/die-beliebtesten-ferienhaeuser-2023-cornwall\/","title":{"rendered":"Die beliebtesten Ferienh\u00e4user in Cornwall und ganz S\u00fcdengland im Jahr 2024"},"content":{"rendered":"<p><img loading=\"lazy\" class=\"aligncenter size-full wp-image-40101\" src=\"https:\/\/www.urlaubcornwall.de\/blog\/wp-content\/uploads\/2020\/05\/st-martins-blick.jpg\" alt=\"Urlaub in Cornwall\" width=\"750\" height=\"607\" srcset=\"https:\/\/www.urlaubcornwall.de\/blog\/wp-content\/uploads\/2020\/05\/st-martins-blick.jpg 750w, https:\/\/www.urlaubcornwall.de\/blog\/wp-content\/uploads\/2020\/05\/st-martins-blick-300x243.jpg 300w\" sizes=\"(max-width: 750px) 100vw, 750px\" \/><\/p>\n<p>Brauchen Sie Inspiration f\u00fcr den Urlaub? Von Ferienh\u00e4usern mit Meerblick bis hin zu gem\u00fctlichen Cottages f\u00fcr zwei, von l\u00e4ndlichen R\u00fcckzugsorten bis hin zu gruppenfreundlichen Zufluchtsorten haben wir eine Sammlung unserer beliebtesten Cottages im Jahr 2023 zusammengestellt.<\/p>\n<p>Und da alle davon f\u00fcr einen Kurzurlaub im Jahr 2024 verf\u00fcgbar sind, gab es noch nie einen besseren Zeitpunkt, um mit der Planung Ihres n\u00e4chsten Traumurlaubs zu beginnen und mit der Reiseroute zu beginnen!<\/p>\n<p><strong>Die beliebtesten Standorte mit Meerblick<\/strong><\/p>\n<p><strong>Hideaway at Polhawn<\/strong><\/p>\n<p><img loading=\"lazy\" class=\"aligncenter size-full wp-image-47360\" src=\"https:\/\/www.urlaubcornwall.de\/blog\/wp-content\/uploads\/2024\/01\/the-hideaway-cornwall.jpg\" alt=\"the-hideaway-cornwall\" width=\"750\" height=\"501\" srcset=\"https:\/\/www.urlaubcornwall.de\/blog\/wp-content\/uploads\/2024\/01\/the-hideaway-cornwall.jpg 750w, https:\/\/www.urlaubcornwall.de\/blog\/wp-content\/uploads\/2024\/01\/the-hideaway-cornwall-300x200.jpg 300w\" sizes=\"(max-width: 750px) 100vw, 750px\" \/><\/p>\n<p>Blick auf den Sonnenuntergang von der Terrasse im The Hideaway at Polhawn in Cornwall<\/p>\n<p>Whitsand Bay, Cornwall | Schlafm\u00f6glichkeiten f\u00fcr 2<\/p>\n<p>Ideal f\u00fcr: Ein R\u00fcckzugsort an der K\u00fcste f\u00fcr zwei Personen<\/p>\n<p>Das Hideaway at Polhawn liegt auf einer Klippe mit Blick auf die schimmernde Whitsand Bay und verspricht einen unvergesslichen Aufenthalt. Dieser sch\u00f6ne R\u00fcckzugsort liegt in einer ruhigen und malerischen Umgebung und ist somit ein idealer Ort f\u00fcr v\u00f6llige Entspannung. Machen Sie gem\u00fctliche Spazierg\u00e4nge auf dem <a href=\"https:\/\/www.urlaubcornwall.de\/wanderurlaub\/cornwall.php\">South West Coast Path<\/a> und genie\u00dfen Sie unterwegs die atemberaubenden Ausblicke.<\/p>\n<p>Und f\u00fcr diejenigen, die Abenteuer lieben, sind die h\u00fcbschen D\u00f6rfer <a href=\"https:\/\/www.urlaubcornwall.de\/ferienhaeuser-fewos\/kingsand.html\">Kingsand und Cawsand<\/a> mit einfachem Zugang zu Str\u00e4nden und historischen Landschaften nur eine kurze Autofahrt oder einen kurzen Spaziergang entfernt. Wenn Sie also auf der Suche nach einer ruhigen und erfrischenden Auszeit sind, ist <a href=\"https:\/\/www.urlaubcornwall.de\/ferienhaeuser-fewos\/unterkunft\/Classic\/4557-the-hideaway-at-polhawn.html\">The Hideaway at Polhawn<\/a> der perfekte Ort daf\u00fcr!<\/p>\n<p><strong>Die Linney<\/strong><\/p>\n<p><img loading=\"lazy\" class=\"aligncenter size-full wp-image-47361\" src=\"https:\/\/www.urlaubcornwall.de\/blog\/wp-content\/uploads\/2024\/01\/the-linney-devon.jpg\" alt=\"the-linney-devon\" width=\"750\" height=\"501\" srcset=\"https:\/\/www.urlaubcornwall.de\/blog\/wp-content\/uploads\/2024\/01\/the-linney-devon.jpg 750w, https:\/\/www.urlaubcornwall.de\/blog\/wp-content\/uploads\/2024\/01\/the-linney-devon-300x200.jpg 300w\" sizes=\"(max-width: 750px) 100vw, 750px\" \/><\/p>\n<p>Panoramablick auf das Meer im The Linney in Devon<\/p>\n<p>Ilfracombe, Devon | 4 Schlafpl\u00e4tze<\/p>\n<p>Am besten geeignet f\u00fcr: Eine Auszeit wie auf einer Postkarte<\/p>\n<p>K\u00fcstenabenteuer erwarten Sie im <a href=\"https:\/\/www.urlaubcornwall.de\/ferienhaeuser-fewos\/unterkunft\/Classic\/3314-the-linney.html\">The Linney<\/a>, einer wundersch\u00f6nen umgebauten Scheune an der dramatischen <a href=\"https:\/\/www.urlaubcornwall.de\/ferienhaeuser-fewos\/eng\/devon\/devon.html\">K\u00fcste von Devon<\/a>. Mit seinem modernen Interieur und dem atemberaubenden Meerblick ist dieser idyllische R\u00fcckzugsort perfekt f\u00fcr einen Kurzurlaub am Meer. Verbringen Sie Ihre Tage mit Spazierg\u00e4ngen auf dem K\u00fcstenweg, genie\u00dfen Sie die atemberaubende Aussicht und besuchen Sie die nahegelegenen Buchten, einige mit Sandstr\u00e4nden und andere mit Felsenbecken, die darauf warten, erkundet zu werden.<\/p>\n<p><strong>Die beliebtesten Ferienh\u00e4user f\u00fcr zwei Personen<\/strong><\/p>\n<p><strong>Dieppy Farm Cottage<\/strong><\/p>\n<p><img loading=\"lazy\" class=\"aligncenter size-full wp-image-47362\" src=\"https:\/\/www.urlaubcornwall.de\/blog\/wp-content\/uploads\/2024\/01\/dieppy-farmcottage-somerset.jpg\" alt=\"dieppy-farmcottage-somerset\" width=\"750\" height=\"501\" srcset=\"https:\/\/www.urlaubcornwall.de\/blog\/wp-content\/uploads\/2024\/01\/dieppy-farmcottage-somerset.jpg 750w, https:\/\/www.urlaubcornwall.de\/blog\/wp-content\/uploads\/2024\/01\/dieppy-farmcottage-somerset-300x200.jpg 300w\" sizes=\"(max-width: 750px) 100vw, 750px\" \/><\/p>\n<p>Ein einladendes, einst\u00f6ckiges Cottage mit atemberaubendem Blick auf die Landschaft in Somerset<\/p>\n<p>Dulverton, Somerset | Schlafm\u00f6glichkeiten f\u00fcr 2<\/p>\n<p>Am besten geeignet f\u00fcr: Spazierg\u00e4nge in der Natur und Beobachtung der Sterne<\/p>\n<p>Dieses bezaubernde l\u00e4ndliche Refugium am Rande des Exmoor-Nationalparks ist ein idealer R\u00fcckzugsort f\u00fcr einen erholsamen Urlaub mit atemberaubender Aussicht auf die Landschaft. Entdecken Sie die Wunder des Wimbleball Lake, des Haddon Hill und der herrlichen K\u00fcste. Abends ist <a href=\"https:\/\/www.urlaubcornwall.de\/ferienhaeuser-fewos\/unterkunft\/Classic\/2788-dieppy-farm-cottage.html\">Dieppy Farm Cottage<\/a> der perfekte Ort zum Beobachten der Sterne. In einer wolkenlosen Nacht werden Sie \u00fcber die Anzahl der Sterne am Himmel staunen!<\/p>\n<p><strong>Grace Cottage<\/strong><\/p>\n<p><img loading=\"lazy\" class=\"aligncenter size-full wp-image-47363\" src=\"https:\/\/www.urlaubcornwall.de\/blog\/wp-content\/uploads\/2024\/01\/grace-cottage-iow.jpg\" alt=\"grace-cottage-iow\" width=\"750\" height=\"501\" srcset=\"https:\/\/www.urlaubcornwall.de\/blog\/wp-content\/uploads\/2024\/01\/grace-cottage-iow.jpg 750w, https:\/\/www.urlaubcornwall.de\/blog\/wp-content\/uploads\/2024\/01\/grace-cottage-iow-300x200.jpg 300w\" sizes=\"(max-width: 750px) 100vw, 750px\" \/><\/p>\n<p>Der Garten von Grace Cottage an einem sonnigen Tag<\/p>\n<p>Ventnor, Isle of Wight | Schlafm\u00f6glichkeiten f\u00fcr 2<\/p>\n<p>Am besten geeignet f\u00fcr: Einen erholsamen Inselurlaub<\/p>\n<p>Das <a href=\"https:\/\/www.urlaubcornwall.de\/ferienhaeuser-fewos\/unterkunft\/Classic\/4209-grace-cottage.html\">Grace Cottage<\/a> liegt in der ruhigen Landschaft der Isle of Wight und verf\u00fcgt \u00fcber wundersch\u00f6ne originale Holzbalken, eine stilvolle Inneneinrichtung und einen warmen Holzofen. Der \u00fcppige Garten ist ein gro\u00dfartiger Ort zum Entspannen und Entspannen bei einer guten Tasse Tee nach einem Tag voller Erkundungen der vielen Aussichtspunkte der Insel, darunter die atemberaubenden St. Catherine&#8217;s Downs, der Tennyson Trail, der zu Tennyson Downs f\u00fchrt, oder Freshwater mit einigen der Inseln atemberaubendste Landschaft mit Blick auf die Needles. Vielleicht m\u00f6chten Sie sich sogar ein Eis g\u00f6nnen!<\/p>\n<p><strong>Die beliebtesten Ausflugsziele auf dem Land<\/strong><\/p>\n<p><strong>The Granary<\/strong><\/p>\n<p><img loading=\"lazy\" class=\"aligncenter size-full wp-image-47364\" src=\"https:\/\/www.urlaubcornwall.de\/blog\/wp-content\/uploads\/2024\/01\/the-granary-sussex.jpg\" alt=\"the-granary-sussex\" width=\"750\" height=\"501\" srcset=\"https:\/\/www.urlaubcornwall.de\/blog\/wp-content\/uploads\/2024\/01\/the-granary-sussex.jpg 750w, https:\/\/www.urlaubcornwall.de\/blog\/wp-content\/uploads\/2024\/01\/the-granary-sussex-300x200.jpg 300w\" sizes=\"(max-width: 750px) 100vw, 750px\" \/><\/p>\n<p>Die Au\u00dfenseite von The Granary, einem atemberaubenden Zufluchtsort auf dem Land mit einem sonnigen Balkon<\/p>\n<p>Haywards Heath, Sussex | 4 Schlafpl\u00e4tze<\/p>\n<p>Am besten geeignet f\u00fcr: Eine Flucht aufs Land<\/p>\n<p>Entfliehen Sie aufs Land und genie\u00dfen Sie einen wunderbaren Aufenthalt im <a href=\"https:\/\/www.urlaubcornwall.de\/ferienhaeuser-fewos\/unterkunft\/Classic\/5037-the-granary.html\">The Granary<\/a>, einer atemberaubenden umgebauten Scheune in der N\u00e4he des malerischen Dorfes Cuckfield in West Sussex, wo Sie ein Museum, einige Gesch\u00e4fte und mehrere sch\u00f6ne Restaurants finden. F\u00fcr diejenigen, die gerne Windsurfen und Kanu fahren, ist das Ardingly Reservoir ein gro\u00dfartiger Ort f\u00fcr Wassersport!<\/p>\n<p><strong>Die beliebtesten Ferienh\u00e4user f\u00fcr Gruppen<\/strong><\/p>\n<p><strong>Lambs Lawn<\/strong><\/p>\n<p><img loading=\"lazy\" class=\"aligncenter size-full wp-image-47367\" src=\"https:\/\/www.urlaubcornwall.de\/blog\/wp-content\/uploads\/2024\/01\/lambs-lawn-devon.jpg\" alt=\"lambs-lawn-devon\" width=\"750\" height=\"501\" srcset=\"https:\/\/www.urlaubcornwall.de\/blog\/wp-content\/uploads\/2024\/01\/lambs-lawn-devon.jpg 750w, https:\/\/www.urlaubcornwall.de\/blog\/wp-content\/uploads\/2024\/01\/lambs-lawn-devon-300x200.jpg 300w\" sizes=\"(max-width: 750px) 100vw, 750px\" \/><\/p>\n<p>Au\u00dferhalb von Lambs Lawn, einer atemberaubenden umgebauten Scheune in Devon<\/p>\n<p>Honiton, Devon | 10 Schlafpl\u00e4tze<\/p>\n<p>Am besten geeignet f\u00fcr: Gro\u00dfe Familienfeiern<\/p>\n<p>Diese einfach atemberaubende umgebaute Scheune in East Devon verf\u00fcgt \u00fcber f\u00fcnf Schlafzimmer und einen umz\u00e4unten Garten mit einem Whirlpool aus Zedernholz. <a href=\"https:\/\/www.urlaubcornwall.de\/ferienhaeuser-fewos\/unterkunft\/Classic\/2831-lambs-lawn.html\">Lambs Lawn<\/a> verf\u00fcgt sogar \u00fcber ein separates Spielzimmer, was einen fantastischen R\u00fcckzugsort f\u00fcr gro\u00dfe Familientreffen darstellt. Besuchen Sie w\u00e4hrend Ihres Aufenthalts die wundersch\u00f6nen Blackdown Hills f\u00fcr einen malerischen Spaziergang oder machen Sie einen Ausflug nach Honiton, wo Sie im preisgekr\u00f6nten Railway Inn eine k\u00f6stliche Mahlzeit genie\u00dfen und die zahlreichen Antiquit\u00e4tengesch\u00e4fte erkunden k\u00f6nnen. Wenn Sie Lust auf einen Tag am Strand haben, sind die beiden wundersch\u00f6nen K\u00fcstenst\u00e4dte Sidmouth und Budleigh Salterton nur einen Steinwurf entfernt!<\/p>\n<p><strong>Beach Cottage<\/strong><\/p>\n<p><img loading=\"lazy\" class=\"aligncenter size-full wp-image-47365\" src=\"https:\/\/www.urlaubcornwall.de\/blog\/wp-content\/uploads\/2024\/01\/beech-cottage-dorset.jpg\" alt=\"beech-cottage-dorset\" width=\"750\" height=\"501\" srcset=\"https:\/\/www.urlaubcornwall.de\/blog\/wp-content\/uploads\/2024\/01\/beech-cottage-dorset.jpg 750w, https:\/\/www.urlaubcornwall.de\/blog\/wp-content\/uploads\/2024\/01\/beech-cottage-dorset-300x200.jpg 300w\" sizes=\"(max-width: 750px) 100vw, 750px\" \/><\/p>\n<p>Wundersch\u00f6ne Au\u00dfenfassade eines Bauernhauses aus Stein, umgeben von Natur in Dorset<\/p>\n<p>Bridport, Dorset | 9 Schlafpl\u00e4tze<\/p>\n<p>Am besten geeignet f\u00fcr: R\u00fcckkehr zur Natur<\/p>\n<p>Eingebettet in die ruhige Landschaft von Dorset bietet das <a href=\"https:\/\/www.urlaubcornwall.de\/ferienhaeuser-fewos\/unterkunft\/Classic\/2887-beech-cottage.html\">Beech Cottage<\/a> direkten Zugang zu einem 450 Hektar gro\u00dfen Naturschutzgebiet, sodass Sie direkt von Ihrer Haust\u00fcr aus Spazierg\u00e4nge durch die Wildblumenwiesen und lange Spazierg\u00e4nge in der Natur genie\u00dfen k\u00f6nnen.<\/p>\n<p><strong>Beliebteste neue Ferienh\u00e4user f\u00fcr 2023<\/strong><\/p>\n<p><strong>Bakery Cottage<\/strong><\/p>\n<p><img loading=\"lazy\" class=\"aligncenter size-full wp-image-47366\" src=\"https:\/\/www.urlaubcornwall.de\/blog\/wp-content\/uploads\/2024\/01\/bakery-cottage-cornwall.jpg\" alt=\"bakery-cottage-cornwall\" width=\"750\" height=\"501\" srcset=\"https:\/\/www.urlaubcornwall.de\/blog\/wp-content\/uploads\/2024\/01\/bakery-cottage-cornwall.jpg 750w, https:\/\/www.urlaubcornwall.de\/blog\/wp-content\/uploads\/2024\/01\/bakery-cottage-cornwall-300x200.jpg 300w\" sizes=\"(max-width: 750px) 100vw, 750px\" \/><\/p>\n<p>Gem\u00fctlicher Wohnbereich im Bakery Cottage in Cornwall<\/p>\n<p>St. Agnes, Cornwall | 4 Schlafpl\u00e4tze<\/p>\n<p>Am besten geeignet f\u00fcr: Eine erholsame Auszeit an der K\u00fcste<\/p>\n<p>Dieser charmante Kurzurlaub hat im Jahr 2023 mit seiner sch\u00f6nen Inneneinrichtung, dem herrlichen Au\u00dfenbereich und der erstklassigen Lage an der Nordk\u00fcste Cornwalls viele Herzen erobert. Das <a href=\"https:\/\/www.urlaubcornwall.de\/ferienhaeuser-fewos\/unterkunft\/Classic\/5244-bakery-cottage.html\">Bakery Cottage<\/a> war fr\u00fcher eine \u00f6rtliche B\u00e4ckerei und verf\u00fcgt \u00fcber viele originelle Elemente, die harmonisch mit modernen Annehmlichkeiten harmonieren und einen perfekten R\u00fcckzugsort zum Entspannen schaffen.<\/p>\n<p>Sind Sie bereit f\u00fcr Ihren eigenen unvergesslichen Urlaub? Buchen Sie eines <a href=\"https:\/\/www.urlaubcornwall.de\/ferienhaeuser.php\">unserer fantastischen Ferienh\u00e4user in Gro\u00dfbritannien<\/a> und machen Sie 2024 zu einem unvergesslichen Jahr!<\/p>\n","protected":false},"excerpt":{"rendered":"<p>Brauchen Sie Inspiration f\u00fcr den Urlaub? Von Ferienh\u00e4usern mit Meerblick bis hin zu gem\u00fctlichen Cottages f\u00fcr zwei, von l\u00e4ndlichen R\u00fcckzugsorten bis hin zu gruppenfreundlichen Zufluchtsorten haben wir eine Sammlung unserer beliebtesten Cottages im Jahr 2023 zusammengestellt. Und da alle davon f\u00fcr einen Kurzurlaub im Jahr 2024 verf\u00fcgbar sind, gab es noch nie einen besseren Zeitpunkt, [&hellip;]<\/p>\n","protected":false},"author":1,"featured_media":0,"parent":0,"menu_order":0,"comment_status":"closed","ping_status":"closed","template":"single-four.php","meta":[],"acf":[],"yoast_head":"<!-- This site is optimized with the Yoast SEO plugin v19.4 - https:\/\/yoast.com\/wordpress\/plugins\/seo\/ -->\n<title>Die beliebtesten Ferienh\u00e4user in Cornwall und ganz S\u00fcdengland im Jahr 2024 - Urlaub &amp; Reisen<\/title>\n<meta name=\"robots\" content=\"index, follow, max-snippet:-1, max-image-preview:large, max-video-preview:-1\" \/>\n<link rel=\"canonical\" href=\"https:\/\/www.urlaubcornwall.de\/blog\/die-beliebtesten-ferienhaeuser-2023-cornwall\/\" \/>\n<meta property=\"og:locale\" content=\"en_US\" \/>\n<meta property=\"og:type\" content=\"article\" \/>\n<meta property=\"og:title\" content=\"Die beliebtesten Ferienh\u00e4user in Cornwall und ganz S\u00fcdengland im Jahr 2024 - Urlaub &amp; Reisen\" \/>\n<meta property=\"og:description\" content=\"Brauchen Sie Inspiration f\u00fcr den Urlaub? Von Ferienh\u00e4usern mit Meerblick bis hin zu gem\u00fctlichen Cottages f\u00fcr zwei, von l\u00e4ndlichen R\u00fcckzugsorten bis hin zu gruppenfreundlichen Zufluchtsorten haben wir eine Sammlung unserer beliebtesten Cottages im Jahr 2023 zusammengestellt. Und da alle davon f\u00fcr einen Kurzurlaub im Jahr 2024 verf\u00fcgbar sind, gab es noch nie einen besseren Zeitpunkt, [&hellip;]\" \/>\n<meta property=\"og:url\" content=\"https:\/\/www.urlaubcornwall.de\/blog\/die-beliebtesten-ferienhaeuser-2023-cornwall\/\" \/>\n<meta property=\"og:site_name\" content=\"Urlaub &amp; Reisen\" \/>\n<meta property=\"article:modified_time\" content=\"2024-02-12T09:48:25+00:00\" \/>\n<meta property=\"og:image\" content=\"https:\/\/www.urlaubcornwall.de\/blog\/wp-content\/uploads\/2020\/05\/st-martins-blick.jpg\" \/>\n<meta name=\"twitter:card\" content=\"summary\" \/>\n<meta name=\"twitter:label1\" content=\"Est. reading time\" \/>\n\t<meta name=\"twitter:data1\" content=\"6 minutes\" \/>\n<script type=\"application\/ld+json\" class=\"yoast-schema-graph\">{\"@context\":\"https:\/\/schema.org\",\"@graph\":[{\"@type\":\"WebSite\",\"@id\":\"https:\/\/www.urlaubcornwall.de\/blog\/#website\",\"url\":\"https:\/\/www.urlaubcornwall.de\/blog\/\",\"name\":\"Urlaub &amp; Reisen\",\"description\":\"Urlaub, Reisen, Cornwall und S\u00fcdengland: eine perfekte Kombination\",\"potentialAction\":[{\"@type\":\"SearchAction\",\"target\":{\"@type\":\"EntryPoint\",\"urlTemplate\":\"https:\/\/www.urlaubcornwall.de\/blog\/?s={search_term_string}\"},\"query-input\":\"required name=search_term_string\"}],\"inLanguage\":\"en-US\"},{\"@type\":\"WebPage\",\"@id\":\"https:\/\/www.urlaubcornwall.de\/blog\/die-beliebtesten-ferienhaeuser-2023-cornwall\/\",\"url\":\"https:\/\/www.urlaubcornwall.de\/blog\/die-beliebtesten-ferienhaeuser-2023-cornwall\/\",\"name\":\"Die beliebtesten Ferienh\u00e4user in Cornwall und ganz S\u00fcdengland im Jahr 2024 - Urlaub &amp; Reisen\",\"isPartOf\":{\"@id\":\"https:\/\/www.urlaubcornwall.de\/blog\/#website\"},\"datePublished\":\"2024-01-18T10:43:31+00:00\",\"dateModified\":\"2024-02-12T09:48:25+00:00\",\"breadcrumb\":{\"@id\":\"https:\/\/www.urlaubcornwall.de\/blog\/die-beliebtesten-ferienhaeuser-2023-cornwall\/#breadcrumb\"},\"inLanguage\":\"en-US\",\"potentialAction\":[{\"@type\":\"ReadAction\",\"target\":[\"https:\/\/www.urlaubcornwall.de\/blog\/die-beliebtesten-ferienhaeuser-2023-cornwall\/\"]}]},{\"@type\":\"BreadcrumbList\",\"@id\":\"https:\/\/www.urlaubcornwall.de\/blog\/die-beliebtesten-ferienhaeuser-2023-cornwall\/#breadcrumb\",\"itemListElement\":[{\"@type\":\"ListItem\",\"position\":1,\"name\":\"Home\",\"item\":\"https:\/\/www.urlaubcornwall.de\/blog\/\"},{\"@type\":\"ListItem\",\"position\":2,\"name\":\"Die beliebtesten Ferienh\u00e4user in Cornwall und ganz S\u00fcdengland im Jahr 2024\"}]}]}<\/script>\n<!-- \/ Yoast SEO plugin. -->","yoast_head_json":{"title":"Die beliebtesten Ferienh\u00e4user in Cornwall und ganz S\u00fcdengland im Jahr 2024 - Urlaub &amp; Reisen","robots":{"index":"index","follow":"follow","max-snippet":"max-snippet:-1","max-image-preview":"max-image-preview:large","max-video-preview":"max-video-preview:-1"},"canonical":"https:\/\/www.urlaubcornwall.de\/blog\/die-beliebtesten-ferienhaeuser-2023-cornwall\/","og_locale":"en_US","og_type":"article","og_title":"Die beliebtesten Ferienh\u00e4user in Cornwall und ganz S\u00fcdengland im Jahr 2024 - Urlaub &amp; Reisen","og_description":"Brauchen Sie Inspiration f\u00fcr den Urlaub? Von Ferienh\u00e4usern mit Meerblick bis hin zu gem\u00fctlichen Cottages f\u00fcr zwei, von l\u00e4ndlichen R\u00fcckzugsorten bis hin zu gruppenfreundlichen Zufluchtsorten haben wir eine Sammlung unserer beliebtesten Cottages im Jahr 2023 zusammengestellt. Und da alle davon f\u00fcr einen Kurzurlaub im Jahr 2024 verf\u00fcgbar sind, gab es noch nie einen besseren Zeitpunkt, [&hellip;]","og_url":"https:\/\/www.urlaubcornwall.de\/blog\/die-beliebtesten-ferienhaeuser-2023-cornwall\/","og_site_name":"Urlaub &amp; Reisen","article_modified_time":"2024-02-12T09:48:25+00:00","og_image":[{"url":"https:\/\/www.urlaubcornwall.de\/blog\/wp-content\/uploads\/2020\/05\/st-martins-blick.jpg"}],"twitter_card":"summary","twitter_misc":{"Est. reading time":"6 minutes"},"schema":{"@context":"https:\/\/schema.org","@graph":[{"@type":"WebSite","@id":"https:\/\/www.urlaubcornwall.de\/blog\/#website","url":"https:\/\/www.urlaubcornwall.de\/blog\/","name":"Urlaub &amp; Reisen","description":"Urlaub, Reisen, Cornwall und S\u00fcdengland: eine perfekte Kombination","potentialAction":[{"@type":"SearchAction","target":{"@type":"EntryPoint","urlTemplate":"https:\/\/www.urlaubcornwall.de\/blog\/?s={search_term_string}"},"query-input":"required name=search_term_string"}],"inLanguage":"en-US"},{"@type":"WebPage","@id":"https:\/\/www.urlaubcornwall.de\/blog\/die-beliebtesten-ferienhaeuser-2023-cornwall\/","url":"https:\/\/www.urlaubcornwall.de\/blog\/die-beliebtesten-ferienhaeuser-2023-cornwall\/","name":"Die beliebtesten Ferienh\u00e4user in Cornwall und ganz S\u00fcdengland im Jahr 2024 - Urlaub &amp; Reisen","isPartOf":{"@id":"https:\/\/www.urlaubcornwall.de\/blog\/#website"},"datePublished":"2024-01-18T10:43:31+00:00","dateModified":"2024-02-12T09:48:25+00:00","breadcrumb":{"@id":"https:\/\/www.urlaubcornwall.de\/blog\/die-beliebtesten-ferienhaeuser-2023-cornwall\/#breadcrumb"},"inLanguage":"en-US","potentialAction":[{"@type":"ReadAction","target":["https:\/\/www.urlaubcornwall.de\/blog\/die-beliebtesten-ferienhaeuser-2023-cornwall\/"]}]},{"@type":"BreadcrumbList","@id":"https:\/\/www.urlaubcornwall.de\/blog\/die-beliebtesten-ferienhaeuser-2023-cornwall\/#breadcrumb","itemListElement":[{"@type":"ListItem","position":1,"name":"Home","item":"https:\/\/www.urlaubcornwall.de\/blog\/"},{"@type":"ListItem","position":2,"name":"Die beliebtesten Ferienh\u00e4user in Cornwall und ganz S\u00fcdengland im Jahr 2024"}]}]}},"_links":{"self":[{"href":"https:\/\/www.urlaubcornwall.de\/blog\/wp-json\/wp\/v2\/pages\/47358"}],"collection":[{"href":"https:\/\/www.urlaubcornwall.de\/blog\/wp-json\/wp\/v2\/pages"}],"about":[{"href":"https:\/\/www.urlaubcornwall.de\/blog\/wp-json\/wp\/v2\/types\/page"}],"author":[{"embeddable":true,"href":"https:\/\/www.urlaubcornwall.de\/blog\/wp-json\/wp\/v2\/users\/1"}],"replies":[{"embeddable":true,"href":"https:\/\/www.urlaubcornwall.de\/blog\/wp-json\/wp\/v2\/comments?post=47358"}],"version-history":[{"count":5,"href":"https:\/\/www.urlaubcornwall.de\/blog\/wp-json\/wp\/v2\/pages\/47358\/revisions"}],"predecessor-version":[{"id":47417,"href":"https:\/\/www.urlaubcornwall.de\/blog\/wp-json\/wp\/v2\/pages\/47358\/revisions\/47417"}],"wp:attachment":[{"href":"https:\/\/www.urlaubcornwall.de\/blog\/wp-json\/wp\/v2\/media?parent=47358"}],"curies":[{"name":"wp","href":"https:\/\/api.w.org\/{rel}","templated":true}]}}