{"id":47014,"date":"2023-08-29T09:02:46","date_gmt":"2023-08-29T09:02:46","guid":{"rendered":"https:\/\/www.urlaubcornwall.de\/blog\/?page_id=47014"},"modified":"2024-04-02T12:45:35","modified_gmt":"2024-04-02T12:45:35","slug":"zwischen-klippen-und-geheimnissen-die-bestseller-romane-die-cornwall-verzaubern","status":"publish","type":"page","link":"https:\/\/www.urlaubcornwall.de\/blog\/zwischen-klippen-und-geheimnissen-die-bestseller-romane-die-cornwall-verzaubern\/","title":{"rendered":"Zwischen Klippen und Geheimnissen: Die Bestseller-Romane, die Cornwall verzaubern"},"content":{"rendered":"<p><img loading=\"lazy\" class=\"aligncenter size-full wp-image-48098\" src=\"https:\/\/www.urlaubcornwall.de\/blog\/wp-content\/uploads\/2024\/03\/zennor.jpg\" alt=\"zennor\" width=\"750\" height=\"500\" srcset=\"https:\/\/www.urlaubcornwall.de\/blog\/wp-content\/uploads\/2024\/03\/zennor.jpg 750w, https:\/\/www.urlaubcornwall.de\/blog\/wp-content\/uploads\/2024\/03\/zennor-300x200.jpg 300w\" sizes=\"(max-width: 750px) 100vw, 750px\" \/><\/p>\n<p><a href=\"https:\/\/www.urlaubcornwall.de\/reiseziel\/cornwall.php\">Cornwall, das malerische Juwel an Englands K\u00fcste<\/a>, hat Schriftsteller und Leser gleicherma\u00dfen in seinen Bann gezogen. Die unvergleichliche Kulisse, die reiche Geschichte und die geheimnisvolle Atmosph\u00e4re haben eine Vielzahl von Autoren inspiriert, Geschichten zu weben, die uns in diese magische Grafschaft entf\u00fchren. <\/p>\n<p>1. &#8220;Rebecca&#8221; von Daphne du Maurier: Ein zeitloser Klassiker der Weltliteratur, &#8220;Rebecca&#8221;, entf\u00fchrt uns in das mysteri\u00f6se Anwesen Manderley an Cornwalls zerkl\u00fcfteter K\u00fcste. Daphne du Mauriers meisterhafte Erz\u00e4hlung \u00fcber Liebe, Eifersucht und dunkle Geheimnisse l\u00e4sst die Leser eintauchen in eine Welt, in der die Landschaft fast eine eigene Seele zu besitzen scheint.<\/p>\n<p>2. &#8220;<a href=\"https:\/\/www.urlaubcornwall.de\/blog\/auf-den-spuren-von-poldark-cornwall-das-muessen-sie-dazu-wissen\/\">Die Poldark-Saga<\/a>&#8221; von Winston Graham: Diese epische Buchreihe entf\u00fchrt uns in das 18. und 19. Jahrhundert Cornwalls und verfolgt das Leben der Familie Poldark. In dieser mitrei\u00dfenden Saga erleben wir historische Ereignisse, Liebesdramen und Abenteuer vor dem Hintergrund der atemberaubenden Landschaft Cornwalls.<\/p>\n<p>3. &#8220;Jamaica Inn&#8221; von Daphne du Maurier: Ein weiteres Meisterwerk von Daphne du Maurier, &#8220;Jamaica Inn&#8221;, entf\u00fchrt uns in ein d\u00fcsteres Gasthaus an Cornwalls wilder K\u00fcste. Hier verschmelzen Spannung und Atmosph\u00e4re zu einem unvergesslichen Leseerlebnis, das uns tief in die Geheimnisse des Ortes eintauchen l\u00e4sst.<\/p>\n<p>4. &#8220;<a href=\"https:\/\/www.urlaubcornwall.de\/blog\/der-salz-pfad-durch-cornwall\/\">Der Salz Pfad<\/a>&#8221; von Raynor Winn: Ein modernes Meisterwerk, das die Kraft des menschlichen Willens und der Natur feiert. Dieses Buch erz\u00e4hlt von einem Paar, das nach Verlust und Entt\u00e4uschung den K\u00fcstenwanderweg in Cornwall beschreitet, und dabei eine Reise der Selbstfindung und Wiederentdeckung erlebt.<\/p>\n<p>Die meistverkauften Romane \u00fcber Cornwall nehmen uns mit auf eine Reise durch die Seele dieser einzigartigen Grafschaft. Von d\u00fcsteren Geheimnissen bis zu epischen Abenteuern bieten diese B\u00fccher nicht nur eine Flucht in die Literatur, sondern auch in die atemberaubende Landschaft, die Cornwall so besonders macht. Diese Romane sind nicht nur Bestseller, sondern auch Zeitkapseln, die die Essenz von Cornwall in ihren Seiten bewahren.<\/p>\n<p><strong>Cornwall Urlaubsinspiration<\/strong><\/p>\n<p>Wir freuen uns darauf, Sie in unserem sch\u00f6nen Landkreis willkommen zu hei\u00dfen! Wir haben die beste Auswahl an <a href=\"https:\/\/www.urlaubcornwall.de\/ferienhaeuser-fewos\/cornwall.html\">pers\u00f6nlich inspizierten Ferienh\u00e4usern im Angebot<\/a>.<\/p>\n<p style=\"text-align: center;\"><a class=\"tidycta\" href=\"https:\/\/www.urlaubcornwall.de\/ferienhaeuser-fewos\/cornwall.html\">Suche Ferienh\u00e4user in Cornwall<\/a><\/p>\n<div class=\"snippet\"> <a class=\"featured-item\" href=\"https:\/\/www.urlaubcornwall.de\/ferienhaeuser\/cornwall.php\"> <span class=\"image-holder\" style=\"background-image: url('https:\/\/www.urlaubcornwall.de\/blog\/wp-content\/uploads\/2018\/12\/familienurlaub-corwnall-snippet.jpg');\"><\/span> <span class=\"featured-content\"> \n<h2 class=\"featured-title\">Ferienh\u00e4user in Cornwall am Meer<\/h2>\n<p class=\"featured-body\">Cornwall besitzt mehr K\u00fcstenlinien als jede andere Grafschaft und bietet einige der besten Str\u00e4nde, K\u00fcstenwanderwege und Klippenlandschaften, die man \u00fcberhaupt finden kann&#8230; <\/p><\/span> <span class=\"featured-link-holder\"> <span class=\"featured-extra-info\"> \n<p>F\u00fcr Paare, Familien &#038; Gruppen<\/p>\n<\/span> \n<p class=\"featured-link\">DETAILS<\/p>\n<\/span> <\/a><\/div>\n<p>linie, wundersch\u00f6nen Str\u00e4nden, gr\u00fcnen H\u00fcgeln und malerischen D\u00f6rfern, die es zu einem beliebten Reiseziel machen.<\/p>\n<h1><a href=\"https:\/\/www.urlaubcornwall.de\/rundreisen\/cornwall-suedengland.php\">Unser Rundreisenservice in Cornwall<\/a><\/h1>\n<p>Weshalb \u00fcber uns buchen?<\/p>\n<p>Firmensitz in Cornwall und ein Team Deutsch sprechender Reisespezialisten.<\/p>\n<p>Wir haben eine Leidenschaft f\u00fcrs Reisen und gestalten den perfekten Urlaub.<\/p>\n<p>Ortskenntnisse und Insidertipps f\u00fcr unsere Kunden.<\/p>\n<p>Sonderangebote und Preisnachl\u00e4sse<\/p>\n<p>S\u00e4mtliche unserer Rundreisen sind durch einen voll versicherten deutschen Reiseveranstalter gesichert.<\/p>\n<p style=\"text-align: center;\"><a class=\"tidycta\" href=\"https:\/\/www.urlaubcornwall.de\/rundreisen\/cornwall-suedengland.php\"> Mehr Info<\/a><\/p>\n","protected":false},"excerpt":{"rendered":"<p>Cornwall, das malerische Juwel an Englands K\u00fcste, hat Schriftsteller und Leser gleicherma\u00dfen in seinen Bann gezogen. Die unvergleichliche Kulisse, die reiche Geschichte und die geheimnisvolle Atmosph\u00e4re haben eine Vielzahl von Autoren inspiriert, Geschichten zu weben, die uns in diese magische Grafschaft entf\u00fchren. 1. &#8220;Rebecca&#8221; von Daphne du Maurier: Ein zeitloser Klassiker der Weltliteratur, &#8220;Rebecca&#8221;, entf\u00fchrt [&hellip;]<\/p>\n","protected":false},"author":1,"featured_media":0,"parent":0,"menu_order":0,"comment_status":"closed","ping_status":"closed","template":"single-four.php","meta":[],"acf":[],"yoast_head":"<!-- This site is optimized with the Yoast SEO plugin v19.4 - https:\/\/yoast.com\/wordpress\/plugins\/seo\/ -->\n<title>Zwischen Klippen und Geheimnissen: Die Bestseller-Romane, die Cornwall verzaubern - Urlaub &amp; Reisen<\/title>\n<meta name=\"robots\" content=\"index, follow, max-snippet:-1, max-image-preview:large, max-video-preview:-1\" \/>\n<link rel=\"canonical\" href=\"https:\/\/www.urlaubcornwall.de\/blog\/zwischen-klippen-und-geheimnissen-die-bestseller-romane-die-cornwall-verzaubern\/\" \/>\n<meta property=\"og:locale\" content=\"en_US\" \/>\n<meta property=\"og:type\" content=\"article\" \/>\n<meta property=\"og:title\" content=\"Zwischen Klippen und Geheimnissen: Die Bestseller-Romane, die Cornwall verzaubern - Urlaub &amp; Reisen\" \/>\n<meta property=\"og:description\" content=\"Cornwall, das malerische Juwel an Englands K\u00fcste, hat Schriftsteller und Leser gleicherma\u00dfen in seinen Bann gezogen. Die unvergleichliche Kulisse, die reiche Geschichte und die geheimnisvolle Atmosph\u00e4re haben eine Vielzahl von Autoren inspiriert, Geschichten zu weben, die uns in diese magische Grafschaft entf\u00fchren. 1. &#8220;Rebecca&#8221; von Daphne du Maurier: Ein zeitloser Klassiker der Weltliteratur, &#8220;Rebecca&#8221;, entf\u00fchrt [&hellip;]\" \/>\n<meta property=\"og:url\" content=\"https:\/\/www.urlaubcornwall.de\/blog\/zwischen-klippen-und-geheimnissen-die-bestseller-romane-die-cornwall-verzaubern\/\" \/>\n<meta property=\"og:site_name\" content=\"Urlaub &amp; Reisen\" \/>\n<meta property=\"article:modified_time\" content=\"2024-04-02T12:45:35+00:00\" \/>\n<meta property=\"og:image\" content=\"https:\/\/www.urlaubcornwall.de\/blog\/wp-content\/uploads\/2024\/03\/zennor.jpg\" \/>\n<meta name=\"twitter:card\" content=\"summary\" \/>\n<meta name=\"twitter:label1\" content=\"Est. reading time\" \/>\n\t<meta name=\"twitter:data1\" content=\"3 minutes\" \/>\n<script type=\"application\/ld+json\" class=\"yoast-schema-graph\">{\"@context\":\"https:\/\/schema.org\",\"@graph\":[{\"@type\":\"WebSite\",\"@id\":\"https:\/\/www.urlaubcornwall.de\/blog\/#website\",\"url\":\"https:\/\/www.urlaubcornwall.de\/blog\/\",\"name\":\"Urlaub &amp; Reisen\",\"description\":\"Urlaub, Reisen, Cornwall und S\u00fcdengland: eine perfekte Kombination\",\"potentialAction\":[{\"@type\":\"SearchAction\",\"target\":{\"@type\":\"EntryPoint\",\"urlTemplate\":\"https:\/\/www.urlaubcornwall.de\/blog\/?s={search_term_string}\"},\"query-input\":\"required name=search_term_string\"}],\"inLanguage\":\"en-US\"},{\"@type\":\"WebPage\",\"@id\":\"https:\/\/www.urlaubcornwall.de\/blog\/zwischen-klippen-und-geheimnissen-die-bestseller-romane-die-cornwall-verzaubern\/\",\"url\":\"https:\/\/www.urlaubcornwall.de\/blog\/zwischen-klippen-und-geheimnissen-die-bestseller-romane-die-cornwall-verzaubern\/\",\"name\":\"Zwischen Klippen und Geheimnissen: Die Bestseller-Romane, die Cornwall verzaubern - Urlaub &amp; Reisen\",\"isPartOf\":{\"@id\":\"https:\/\/www.urlaubcornwall.de\/blog\/#website\"},\"datePublished\":\"2023-08-29T09:02:46+00:00\",\"dateModified\":\"2024-04-02T12:45:35+00:00\",\"breadcrumb\":{\"@id\":\"https:\/\/www.urlaubcornwall.de\/blog\/zwischen-klippen-und-geheimnissen-die-bestseller-romane-die-cornwall-verzaubern\/#breadcrumb\"},\"inLanguage\":\"en-US\",\"potentialAction\":[{\"@type\":\"ReadAction\",\"target\":[\"https:\/\/www.urlaubcornwall.de\/blog\/zwischen-klippen-und-geheimnissen-die-bestseller-romane-die-cornwall-verzaubern\/\"]}]},{\"@type\":\"BreadcrumbList\",\"@id\":\"https:\/\/www.urlaubcornwall.de\/blog\/zwischen-klippen-und-geheimnissen-die-bestseller-romane-die-cornwall-verzaubern\/#breadcrumb\",\"itemListElement\":[{\"@type\":\"ListItem\",\"position\":1,\"name\":\"Home\",\"item\":\"https:\/\/www.urlaubcornwall.de\/blog\/\"},{\"@type\":\"ListItem\",\"position\":2,\"name\":\"Zwischen Klippen und Geheimnissen: Die Bestseller-Romane, die Cornwall verzaubern\"}]}]}<\/script>\n<!-- \/ Yoast SEO plugin. -->","yoast_head_json":{"title":"Zwischen Klippen und Geheimnissen: Die Bestseller-Romane, die Cornwall verzaubern - Urlaub &amp; Reisen","robots":{"index":"index","follow":"follow","max-snippet":"max-snippet:-1","max-image-preview":"max-image-preview:large","max-video-preview":"max-video-preview:-1"},"canonical":"https:\/\/www.urlaubcornwall.de\/blog\/zwischen-klippen-und-geheimnissen-die-bestseller-romane-die-cornwall-verzaubern\/","og_locale":"en_US","og_type":"article","og_title":"Zwischen Klippen und Geheimnissen: Die Bestseller-Romane, die Cornwall verzaubern - Urlaub &amp; Reisen","og_description":"Cornwall, das malerische Juwel an Englands K\u00fcste, hat Schriftsteller und Leser gleicherma\u00dfen in seinen Bann gezogen. Die unvergleichliche Kulisse, die reiche Geschichte und die geheimnisvolle Atmosph\u00e4re haben eine Vielzahl von Autoren inspiriert, Geschichten zu weben, die uns in diese magische Grafschaft entf\u00fchren. 1. &#8220;Rebecca&#8221; von Daphne du Maurier: Ein zeitloser Klassiker der Weltliteratur, &#8220;Rebecca&#8221;, entf\u00fchrt [&hellip;]","og_url":"https:\/\/www.urlaubcornwall.de\/blog\/zwischen-klippen-und-geheimnissen-die-bestseller-romane-die-cornwall-verzaubern\/","og_site_name":"Urlaub &amp; Reisen","article_modified_time":"2024-04-02T12:45:35+00:00","og_image":[{"url":"https:\/\/www.urlaubcornwall.de\/blog\/wp-content\/uploads\/2024\/03\/zennor.jpg"}],"twitter_card":"summary","twitter_misc":{"Est. reading time":"3 minutes"},"schema":{"@context":"https:\/\/schema.org","@graph":[{"@type":"WebSite","@id":"https:\/\/www.urlaubcornwall.de\/blog\/#website","url":"https:\/\/www.urlaubcornwall.de\/blog\/","name":"Urlaub &amp; Reisen","description":"Urlaub, Reisen, Cornwall und S\u00fcdengland: eine perfekte Kombination","potentialAction":[{"@type":"SearchAction","target":{"@type":"EntryPoint","urlTemplate":"https:\/\/www.urlaubcornwall.de\/blog\/?s={search_term_string}"},"query-input":"required name=search_term_string"}],"inLanguage":"en-US"},{"@type":"WebPage","@id":"https:\/\/www.urlaubcornwall.de\/blog\/zwischen-klippen-und-geheimnissen-die-bestseller-romane-die-cornwall-verzaubern\/","url":"https:\/\/www.urlaubcornwall.de\/blog\/zwischen-klippen-und-geheimnissen-die-bestseller-romane-die-cornwall-verzaubern\/","name":"Zwischen Klippen und Geheimnissen: Die Bestseller-Romane, die Cornwall verzaubern - Urlaub &amp; Reisen","isPartOf":{"@id":"https:\/\/www.urlaubcornwall.de\/blog\/#website"},"datePublished":"2023-08-29T09:02:46+00:00","dateModified":"2024-04-02T12:45:35+00:00","breadcrumb":{"@id":"https:\/\/www.urlaubcornwall.de\/blog\/zwischen-klippen-und-geheimnissen-die-bestseller-romane-die-cornwall-verzaubern\/#breadcrumb"},"inLanguage":"en-US","potentialAction":[{"@type":"ReadAction","target":["https:\/\/www.urlaubcornwall.de\/blog\/zwischen-klippen-und-geheimnissen-die-bestseller-romane-die-cornwall-verzaubern\/"]}]},{"@type":"BreadcrumbList","@id":"https:\/\/www.urlaubcornwall.de\/blog\/zwischen-klippen-und-geheimnissen-die-bestseller-romane-die-cornwall-verzaubern\/#breadcrumb","itemListElement":[{"@type":"ListItem","position":1,"name":"Home","item":"https:\/\/www.urlaubcornwall.de\/blog\/"},{"@type":"ListItem","position":2,"name":"Zwischen Klippen und Geheimnissen: Die Bestseller-Romane, die Cornwall verzaubern"}]}]}},"_links":{"self":[{"href":"https:\/\/www.urlaubcornwall.de\/blog\/wp-json\/wp\/v2\/pages\/47014"}],"collection":[{"href":"https:\/\/www.urlaubcornwall.de\/blog\/wp-json\/wp\/v2\/pages"}],"about":[{"href":"https:\/\/www.urlaubcornwall.de\/blog\/wp-json\/wp\/v2\/types\/page"}],"author":[{"embeddable":true,"href":"https:\/\/www.urlaubcornwall.de\/blog\/wp-json\/wp\/v2\/users\/1"}],"replies":[{"embeddable":true,"href":"https:\/\/www.urlaubcornwall.de\/blog\/wp-json\/wp\/v2\/comments?post=47014"}],"version-history":[{"count":3,"href":"https:\/\/www.urlaubcornwall.de\/blog\/wp-json\/wp\/v2\/pages\/47014\/revisions"}],"predecessor-version":[{"id":48605,"href":"https:\/\/www.urlaubcornwall.de\/blog\/wp-json\/wp\/v2\/pages\/47014\/revisions\/48605"}],"wp:attachment":[{"href":"https:\/\/www.urlaubcornwall.de\/blog\/wp-json\/wp\/v2\/media?parent=47014"}],"curies":[{"name":"wp","href":"https:\/\/api.w.org\/{rel}","templated":true}]}}