{"id":46988,"date":"2023-08-18T12:02:42","date_gmt":"2023-08-18T12:02:42","guid":{"rendered":"https:\/\/www.urlaubcornwall.de\/blog\/?page_id=46988"},"modified":"2025-10-28T11:43:35","modified_gmt":"2025-10-28T11:43:35","slug":"magischer-urlaub-in-wales-2024","status":"publish","type":"page","link":"https:\/\/www.urlaubcornwall.de\/blog\/magischer-urlaub-in-wales-2024\/","title":{"rendered":"Magischer Urlaub in Wales"},"content":{"rendered":"<p><img loading=\"lazy\" class=\"aligncenter size-full wp-image-25694\" src=\"https:\/\/www.urlaubcornwall.de\/blog\/wp-content\/uploads\/2016\/12\/Ferienhaus-halbinsel-gower-swansea.jpg\" alt=\"rundreise swansea gower halbinsel\" width=\"750\" height=\"395\"\/><\/p>\n<p><a href=\"https:\/\/www.urlaubcornwall.de\/reiseziel\/wales.php\">Wales ist ein Land, das von Bergen, H\u00fcgeln und T\u00e4lern<\/a> gepr\u00e4gt ist. Es hat eine lange und reiche Geschichte, die sich in seinen vielen Schl\u00f6ssern und Burgen widerspiegelt. Wales ist auch ein beliebtes Ziel f\u00fcr Wanderer, Radfahrer und Wassersportler.<\/p>\n<p>Hier sind einige der Hauptgr\u00fcnde, warum Sie Wales im Jahr 2024 besuchen sollten:<\/p>\n<p>Atemberaubende Landschaft: <a href=\"https:\/\/www.urlaubcornwall.de\/ferienhaeuser\/wales.php\">Wales ist bekannt f\u00fcr seine wundersch\u00f6ne Landschaft<\/a>, darunter beeindruckende Berge, Seen, W\u00e4lder und K\u00fcsten. Es gibt viele M\u00f6glichkeiten, die Landschaft zu erkunden, zum Beispiel zu Fu\u00df, mit dem Fahrrad, mit dem Boot oder mit dem Auto.<\/p>\n<p>Reiche Geschichte: Wales hat eine lange und reiche Geschichte, die bis in die Steinzeit zur\u00fcckreicht. Es gibt viele historische St\u00e4tten zu entdecken, zum Beispiel die Burg Cardiff, das Schloss Caernarfon und die walisischen Nationalparks.<\/p>\n<p>Lebendige Kultur: Wales hat eine lebendige Kultur, die von seiner keltischen Vergangenheit und seiner N\u00e4he zu England gepr\u00e4gt ist. Es gibt viele Festivals, Konzerte, Ausstellungen und andere Veranstaltungen, die das ganze Jahr \u00fcber stattfinden.<\/p>\n<p>Hier sind einige Highlights und Veranstaltungen, die im Jahr 2024 in Wales stattfinden werden:<\/p>\n<p>National Eisteddfod: Das National Eisteddfod ist das gr\u00f6\u00dfte Eisteddfod in Wales und findet jedes Jahr im Juli in einem anderen Ort statt. Es ist ein Fest der walisischen Kultur und zieht jedes Jahr Tausende von Besuchern an.<\/p>\n<p>Cardiff Millennium Stadium: Das Cardiff Millennium Stadium ist das nationale Rugby-Stadion von Wales und eines der gr\u00f6\u00dften Stadien Europas. Es ist ein beliebtes Ziel f\u00fcr Sportfans und bietet auch F\u00fchrungen und andere Veranstaltungen an.<\/p>\n<p>Wenn Sie auf der Suche nach einem magischen Urlaub sind, dann ist Wales das perfekte Ziel f\u00fcr Sie. Es gibt f\u00fcr jeden etwas zu bieten, von atemberaubender Landschaft \u00fcber reiche Geschichte bis hin zu lebendiger Kultur. Buchen Sie Ihre Reise noch heute!<\/p>\n<h1>Unser Rundreisenservice f\u00fcr Wales<\/h1>\n<p>Weshalb \u00fcber uns buchen?<\/p>\n<p>Firmensitz in Cornwall und ein Team Deutsch sprechender Reisespezialisten.<\/p>\n<p>Wir haben eine Leidenschaft f\u00fcrs Reisen und gestalten den perfekten Urlaub.<\/p>\n<p>Ortskenntnisse und Insidertipps f\u00fcr unsere Kunden.<\/p>\n<p>Sonderangebote und Preisnachl\u00e4sse<\/p>\n<p>S\u00e4mtliche unserer Rundreisen sind durch einen voll versicherten deutschen Reiseveranstalter gesichert.<\/p>\n<p style=\"text-align: center;\"><a class=\"tidycta\" href=\"https:\/\/www.urlaubcornwall.de\/blog\/rundreisen-england-wales\/\"> Mehr Info<\/a><\/p>\n<div class=\"snippet\"> <a class=\"featured-item\" href=\" https:\/\/www.urlaubcornwall.de\/ferienhaeuser\/wales.php\"> <span class=\"image-holder\" style=\"background-image: url(' https:\/\/www.urlaubcornwall.de\/blog\/wp-content\/uploads\/2018\/12\/busreisen-wales-england.jpg');\"><\/span> <span class=\"featured-content\"> \n<h2 class=\"featured-title\">Bei uns finden Sie Ferienh\u00e4user in Wales zum Verlieben!<\/h2>\n<p class=\"featured-body\">Untenstehend finden Sie eine Auswahl an Selbstversorger-Ferienh\u00e4usern in Wales. Hier finden Sie handverlesene, pers\u00f6nlich inspizierte Cottages entlang der walisischen K\u00fcste&#8230;..<\/p>\n<\/span> <span class=\"featured-link-holder\"> <span class=\"featured-extra-info\"> \n<p>F\u00fcr Paare, Familien &#038; Gruppen<\/p>\n<\/span> \n<p class=\"featured-link\">DETAILS<\/p>\n<\/span> <\/a><\/div>\n","protected":false},"excerpt":{"rendered":"<p>Wales ist ein Land, das von Bergen, H\u00fcgeln und T\u00e4lern gepr\u00e4gt ist. Es hat eine lange und reiche Geschichte, die sich in seinen vielen Schl\u00f6ssern und Burgen widerspiegelt. Wales ist auch ein beliebtes Ziel f\u00fcr Wanderer, Radfahrer und Wassersportler. Hier sind einige der Hauptgr\u00fcnde, warum Sie Wales im Jahr 2024 besuchen sollten: Atemberaubende Landschaft: Wales [&hellip;]<\/p>\n","protected":false},"author":1,"featured_media":0,"parent":0,"menu_order":0,"comment_status":"closed","ping_status":"closed","template":"single-four.php","meta":[],"acf":[],"yoast_head":"<!-- This site is optimized with the Yoast SEO plugin v19.4 - https:\/\/yoast.com\/wordpress\/plugins\/seo\/ -->\n<title>Magischer Urlaub in Wales - Urlaub &amp; Reisen<\/title>\n<meta name=\"robots\" content=\"index, follow, max-snippet:-1, max-image-preview:large, max-video-preview:-1\" \/>\n<link rel=\"canonical\" href=\"https:\/\/www.urlaubcornwall.de\/blog\/magischer-urlaub-in-wales-2024\/\" \/>\n<meta property=\"og:locale\" content=\"en_US\" \/>\n<meta property=\"og:type\" content=\"article\" \/>\n<meta property=\"og:title\" content=\"Magischer Urlaub in Wales - Urlaub &amp; Reisen\" \/>\n<meta property=\"og:description\" content=\"Wales ist ein Land, das von Bergen, H\u00fcgeln und T\u00e4lern gepr\u00e4gt ist. Es hat eine lange und reiche Geschichte, die sich in seinen vielen Schl\u00f6ssern und Burgen widerspiegelt. Wales ist auch ein beliebtes Ziel f\u00fcr Wanderer, Radfahrer und Wassersportler. Hier sind einige der Hauptgr\u00fcnde, warum Sie Wales im Jahr 2024 besuchen sollten: Atemberaubende Landschaft: Wales [&hellip;]\" \/>\n<meta property=\"og:url\" content=\"https:\/\/www.urlaubcornwall.de\/blog\/magischer-urlaub-in-wales-2024\/\" \/>\n<meta property=\"og:site_name\" content=\"Urlaub &amp; Reisen\" \/>\n<meta property=\"article:modified_time\" content=\"2025-10-28T11:43:35+00:00\" \/>\n<meta property=\"og:image\" content=\"https:\/\/www.urlaubcornwall.de\/blog\/wp-content\/uploads\/2016\/12\/Ferienhaus-halbinsel-gower-swansea.jpg\" \/>\n<meta name=\"twitter:card\" content=\"summary\" \/>\n<meta name=\"twitter:label1\" content=\"Est. reading time\" \/>\n\t<meta name=\"twitter:data1\" content=\"2 minutes\" \/>\n<script type=\"application\/ld+json\" class=\"yoast-schema-graph\">{\"@context\":\"https:\/\/schema.org\",\"@graph\":[{\"@type\":\"WebSite\",\"@id\":\"https:\/\/www.urlaubcornwall.de\/blog\/#website\",\"url\":\"https:\/\/www.urlaubcornwall.de\/blog\/\",\"name\":\"Urlaub &amp; Reisen\",\"description\":\"Urlaub, Reisen, Cornwall und S\u00fcdengland: eine perfekte Kombination\",\"potentialAction\":[{\"@type\":\"SearchAction\",\"target\":{\"@type\":\"EntryPoint\",\"urlTemplate\":\"https:\/\/www.urlaubcornwall.de\/blog\/?s={search_term_string}\"},\"query-input\":\"required name=search_term_string\"}],\"inLanguage\":\"en-US\"},{\"@type\":\"WebPage\",\"@id\":\"https:\/\/www.urlaubcornwall.de\/blog\/magischer-urlaub-in-wales-2024\/\",\"url\":\"https:\/\/www.urlaubcornwall.de\/blog\/magischer-urlaub-in-wales-2024\/\",\"name\":\"Magischer Urlaub in Wales - Urlaub &amp; Reisen\",\"isPartOf\":{\"@id\":\"https:\/\/www.urlaubcornwall.de\/blog\/#website\"},\"datePublished\":\"2023-08-18T12:02:42+00:00\",\"dateModified\":\"2025-10-28T11:43:35+00:00\",\"breadcrumb\":{\"@id\":\"https:\/\/www.urlaubcornwall.de\/blog\/magischer-urlaub-in-wales-2024\/#breadcrumb\"},\"inLanguage\":\"en-US\",\"potentialAction\":[{\"@type\":\"ReadAction\",\"target\":[\"https:\/\/www.urlaubcornwall.de\/blog\/magischer-urlaub-in-wales-2024\/\"]}]},{\"@type\":\"BreadcrumbList\",\"@id\":\"https:\/\/www.urlaubcornwall.de\/blog\/magischer-urlaub-in-wales-2024\/#breadcrumb\",\"itemListElement\":[{\"@type\":\"ListItem\",\"position\":1,\"name\":\"Home\",\"item\":\"https:\/\/www.urlaubcornwall.de\/blog\/\"},{\"@type\":\"ListItem\",\"position\":2,\"name\":\"Magischer Urlaub in Wales\"}]}]}<\/script>\n<!-- \/ Yoast SEO plugin. -->","yoast_head_json":{"title":"Magischer Urlaub in Wales - Urlaub &amp; Reisen","robots":{"index":"index","follow":"follow","max-snippet":"max-snippet:-1","max-image-preview":"max-image-preview:large","max-video-preview":"max-video-preview:-1"},"canonical":"https:\/\/www.urlaubcornwall.de\/blog\/magischer-urlaub-in-wales-2024\/","og_locale":"en_US","og_type":"article","og_title":"Magischer Urlaub in Wales - Urlaub &amp; Reisen","og_description":"Wales ist ein Land, das von Bergen, H\u00fcgeln und T\u00e4lern gepr\u00e4gt ist. Es hat eine lange und reiche Geschichte, die sich in seinen vielen Schl\u00f6ssern und Burgen widerspiegelt. Wales ist auch ein beliebtes Ziel f\u00fcr Wanderer, Radfahrer und Wassersportler. Hier sind einige der Hauptgr\u00fcnde, warum Sie Wales im Jahr 2024 besuchen sollten: Atemberaubende Landschaft: Wales [&hellip;]","og_url":"https:\/\/www.urlaubcornwall.de\/blog\/magischer-urlaub-in-wales-2024\/","og_site_name":"Urlaub &amp; Reisen","article_modified_time":"2025-10-28T11:43:35+00:00","og_image":[{"url":"https:\/\/www.urlaubcornwall.de\/blog\/wp-content\/uploads\/2016\/12\/Ferienhaus-halbinsel-gower-swansea.jpg"}],"twitter_card":"summary","twitter_misc":{"Est. reading time":"2 minutes"},"schema":{"@context":"https:\/\/schema.org","@graph":[{"@type":"WebSite","@id":"https:\/\/www.urlaubcornwall.de\/blog\/#website","url":"https:\/\/www.urlaubcornwall.de\/blog\/","name":"Urlaub &amp; Reisen","description":"Urlaub, Reisen, Cornwall und S\u00fcdengland: eine perfekte Kombination","potentialAction":[{"@type":"SearchAction","target":{"@type":"EntryPoint","urlTemplate":"https:\/\/www.urlaubcornwall.de\/blog\/?s={search_term_string}"},"query-input":"required name=search_term_string"}],"inLanguage":"en-US"},{"@type":"WebPage","@id":"https:\/\/www.urlaubcornwall.de\/blog\/magischer-urlaub-in-wales-2024\/","url":"https:\/\/www.urlaubcornwall.de\/blog\/magischer-urlaub-in-wales-2024\/","name":"Magischer Urlaub in Wales - Urlaub &amp; Reisen","isPartOf":{"@id":"https:\/\/www.urlaubcornwall.de\/blog\/#website"},"datePublished":"2023-08-18T12:02:42+00:00","dateModified":"2025-10-28T11:43:35+00:00","breadcrumb":{"@id":"https:\/\/www.urlaubcornwall.de\/blog\/magischer-urlaub-in-wales-2024\/#breadcrumb"},"inLanguage":"en-US","potentialAction":[{"@type":"ReadAction","target":["https:\/\/www.urlaubcornwall.de\/blog\/magischer-urlaub-in-wales-2024\/"]}]},{"@type":"BreadcrumbList","@id":"https:\/\/www.urlaubcornwall.de\/blog\/magischer-urlaub-in-wales-2024\/#breadcrumb","itemListElement":[{"@type":"ListItem","position":1,"name":"Home","item":"https:\/\/www.urlaubcornwall.de\/blog\/"},{"@type":"ListItem","position":2,"name":"Magischer Urlaub in Wales"}]}]}},"_links":{"self":[{"href":"https:\/\/www.urlaubcornwall.de\/blog\/wp-json\/wp\/v2\/pages\/46988"}],"collection":[{"href":"https:\/\/www.urlaubcornwall.de\/blog\/wp-json\/wp\/v2\/pages"}],"about":[{"href":"https:\/\/www.urlaubcornwall.de\/blog\/wp-json\/wp\/v2\/types\/page"}],"author":[{"embeddable":true,"href":"https:\/\/www.urlaubcornwall.de\/blog\/wp-json\/wp\/v2\/users\/1"}],"replies":[{"embeddable":true,"href":"https:\/\/www.urlaubcornwall.de\/blog\/wp-json\/wp\/v2\/comments?post=46988"}],"version-history":[{"count":4,"href":"https:\/\/www.urlaubcornwall.de\/blog\/wp-json\/wp\/v2\/pages\/46988\/revisions"}],"predecessor-version":[{"id":51904,"href":"https:\/\/www.urlaubcornwall.de\/blog\/wp-json\/wp\/v2\/pages\/46988\/revisions\/51904"}],"wp:attachment":[{"href":"https:\/\/www.urlaubcornwall.de\/blog\/wp-json\/wp\/v2\/media?parent=46988"}],"curies":[{"name":"wp","href":"https:\/\/api.w.org\/{rel}","templated":true}]}}