{"id":46800,"date":"2023-07-17T09:21:55","date_gmt":"2023-07-17T09:21:55","guid":{"rendered":"https:\/\/www.urlaubcornwall.de\/blog\/?page_id=46800"},"modified":"2024-04-02T11:02:54","modified_gmt":"2024-04-02T11:02:54","slug":"wo-in-county-cork-urlaub-machen","status":"publish","type":"page","link":"https:\/\/www.urlaubcornwall.de\/blog\/wo-in-county-cork-urlaub-machen\/","title":{"rendered":"Wo in County Cork Urlaub machen?"},"content":{"rendered":"<p><img loading=\"lazy\" class=\"aligncenter size-full wp-image-48205\" src=\"https:\/\/www.urlaubcornwall.de\/blog\/wp-content\/uploads\/2024\/03\/Cork-irland.jpg\" alt=\"Cork-irland\" width=\"750\" height=\"563\" srcset=\"https:\/\/www.urlaubcornwall.de\/blog\/wp-content\/uploads\/2024\/03\/Cork-irland.jpg 750w, https:\/\/www.urlaubcornwall.de\/blog\/wp-content\/uploads\/2024\/03\/Cork-irland-300x225.jpg 300w\" sizes=\"(max-width: 750px) 100vw, 750px\" \/><\/p>\n<p>County Cork ist eines der gr\u00f6\u00dften und vielf\u00e4ltigsten <a href=\"https:\/\/www.urlaubcornwall.de\/blog\/erleben-sie-irland-die-emerald-insel\/\">Grafschaften Irlands<\/a> und bietet eine Vielzahl von M\u00f6glichkeiten f\u00fcr einen Urlaub. Hier sind einige Ideen:<\/p>\n<p>Stadt Cork: Cork ist die zweitgr\u00f6\u00dfte Stadt Irlands und hat eine lebendige Atmosph\u00e4re mit vielen Restaurants, Bars und Gesch\u00e4ften. Sie k\u00f6nnen auch die St. Fin Barre&#8217;s Cathedral, das Cork Butter Museum und das English Market besuchen.<\/p>\n<p>Wanderung im Killarney National Park: Der Killarney National Park ist einer der beliebtesten Nationalparks Irlands und bietet eine Vielzahl von Wanderwegen f\u00fcr alle Fitnessniveaus. Sie k\u00f6nnen auch den Killarney Lake, den Muckross House und den Ross Castle besuchen.<\/p>\n<p>Aran Islands: Die Aran Islands sind eine Gruppe von drei Inseln vor der K\u00fcste von County Cork. Sie sind bekannt f\u00fcr ihre mittelalterlichen Steinforts, ihre keltischen Steinmauern und ihre herrliche Landschaft.<\/p>\n<p><img loading=\"lazy\" class=\"aligncenter size-full wp-image-48204\" src=\"https:\/\/www.urlaubcornwall.de\/blog\/wp-content\/uploads\/2024\/03\/Blarney-Castle.jpg\" alt=\"Blarney-Castle\" width=\"750\" height=\"469\" srcset=\"https:\/\/www.urlaubcornwall.de\/blog\/wp-content\/uploads\/2024\/03\/Blarney-Castle.jpg 750w, https:\/\/www.urlaubcornwall.de\/blog\/wp-content\/uploads\/2024\/03\/Blarney-Castle-300x188.jpg 300w\" sizes=\"(max-width: 750px) 100vw, 750px\" \/><\/p>\n<p>Blarney Castle: Das Blarney Castle ist eine Burg in County Cork, die f\u00fcr ihren Blarney Stone bekannt ist. Der Legende nach erh\u00e4lt man, wenn man den Stein k\u00fcsst, die Gabe der Beredsamkeit.<\/p>\n<p>Bootsfahrt auf dem River Lee: Der River Lee ist der l\u00e4ngste Fluss Irlands und flie\u00dft durch Cork City. Sie k\u00f6nnen eine Bootsfahrt auf dem Fluss machen und die Stadt aus einer anderen Perspektive sehen.<\/p>\n<p>Genie\u00dfen Sie die lokale K\u00fcche: County Cork ist bekannt f\u00fcr seine gute K\u00fcche. Sie k\u00f6nnen in einem der vielen Restaurants in Cork City oder in einem der vielen Restaurants auf dem Land die lokale K\u00fcche genie\u00dfen.<\/p>\n<h1>Unser Rundreisenservice in Irland<\/h1>\n<p>Weshalb \u00fcber uns buchen?<\/p>\n<p>Firmensitz in Cornwall und ein Team Deutsch sprechender Reisespezialisten.<\/p>\n<p>Wir haben eine Leidenschaft f\u00fcrs Reisen und gestalten den perfekten Urlaub.<\/p>\n<p>Ortskenntnisse und Insidertipps f\u00fcr unsere Kunden.<\/p>\n<p>Sonderangebote und Preisnachl\u00e4sse<\/p>\n<p>S\u00e4mtliche unserer Rundreisen sind durch einen voll versicherten deutschen Reiseveranstalter gesichert.<\/p>\n<p style=\"text-align: center;\"><a class=\"tidycta\" href=\"https:\/\/www.urlaubcornwall.de\/blog\/rundreisen-irland\/\"> Mehr Info<\/a><\/p>\n","protected":false},"excerpt":{"rendered":"<p>County Cork ist eines der gr\u00f6\u00dften und vielf\u00e4ltigsten Grafschaften Irlands und bietet eine Vielzahl von M\u00f6glichkeiten f\u00fcr einen Urlaub. Hier sind einige Ideen: Stadt Cork: Cork ist die zweitgr\u00f6\u00dfte Stadt Irlands und hat eine lebendige Atmosph\u00e4re mit vielen Restaurants, Bars und Gesch\u00e4ften. Sie k\u00f6nnen auch die St. Fin Barre&#8217;s Cathedral, das Cork Butter Museum und [&hellip;]<\/p>\n","protected":false},"author":1,"featured_media":0,"parent":0,"menu_order":0,"comment_status":"closed","ping_status":"closed","template":"single-four.php","meta":[],"acf":[],"yoast_head":"<!-- This site is optimized with the Yoast SEO plugin v19.4 - https:\/\/yoast.com\/wordpress\/plugins\/seo\/ -->\n<title>Wo in County Cork Urlaub machen? - Urlaub &amp; Reisen<\/title>\n<meta name=\"robots\" content=\"index, follow, max-snippet:-1, max-image-preview:large, max-video-preview:-1\" \/>\n<link rel=\"canonical\" href=\"https:\/\/www.urlaubcornwall.de\/blog\/wo-in-county-cork-urlaub-machen\/\" \/>\n<meta property=\"og:locale\" content=\"en_US\" \/>\n<meta property=\"og:type\" content=\"article\" \/>\n<meta property=\"og:title\" content=\"Wo in County Cork Urlaub machen? - Urlaub &amp; Reisen\" \/>\n<meta property=\"og:description\" content=\"County Cork ist eines der gr\u00f6\u00dften und vielf\u00e4ltigsten Grafschaften Irlands und bietet eine Vielzahl von M\u00f6glichkeiten f\u00fcr einen Urlaub. Hier sind einige Ideen: Stadt Cork: Cork ist die zweitgr\u00f6\u00dfte Stadt Irlands und hat eine lebendige Atmosph\u00e4re mit vielen Restaurants, Bars und Gesch\u00e4ften. Sie k\u00f6nnen auch die St. Fin Barre&#8217;s Cathedral, das Cork Butter Museum und [&hellip;]\" \/>\n<meta property=\"og:url\" content=\"https:\/\/www.urlaubcornwall.de\/blog\/wo-in-county-cork-urlaub-machen\/\" \/>\n<meta property=\"og:site_name\" content=\"Urlaub &amp; Reisen\" \/>\n<meta property=\"article:modified_time\" content=\"2024-04-02T11:02:54+00:00\" \/>\n<meta property=\"og:image\" content=\"https:\/\/www.urlaubcornwall.de\/blog\/wp-content\/uploads\/2024\/03\/Cork-irland.jpg\" \/>\n<meta name=\"twitter:card\" content=\"summary\" \/>\n<meta name=\"twitter:label1\" content=\"Est. reading time\" \/>\n\t<meta name=\"twitter:data1\" content=\"2 minutes\" \/>\n<script type=\"application\/ld+json\" class=\"yoast-schema-graph\">{\"@context\":\"https:\/\/schema.org\",\"@graph\":[{\"@type\":\"WebSite\",\"@id\":\"https:\/\/www.urlaubcornwall.de\/blog\/#website\",\"url\":\"https:\/\/www.urlaubcornwall.de\/blog\/\",\"name\":\"Urlaub &amp; Reisen\",\"description\":\"Urlaub, Reisen, Cornwall und S\u00fcdengland: eine perfekte Kombination\",\"potentialAction\":[{\"@type\":\"SearchAction\",\"target\":{\"@type\":\"EntryPoint\",\"urlTemplate\":\"https:\/\/www.urlaubcornwall.de\/blog\/?s={search_term_string}\"},\"query-input\":\"required name=search_term_string\"}],\"inLanguage\":\"en-US\"},{\"@type\":\"WebPage\",\"@id\":\"https:\/\/www.urlaubcornwall.de\/blog\/wo-in-county-cork-urlaub-machen\/\",\"url\":\"https:\/\/www.urlaubcornwall.de\/blog\/wo-in-county-cork-urlaub-machen\/\",\"name\":\"Wo in County Cork Urlaub machen? - Urlaub &amp; Reisen\",\"isPartOf\":{\"@id\":\"https:\/\/www.urlaubcornwall.de\/blog\/#website\"},\"datePublished\":\"2023-07-17T09:21:55+00:00\",\"dateModified\":\"2024-04-02T11:02:54+00:00\",\"breadcrumb\":{\"@id\":\"https:\/\/www.urlaubcornwall.de\/blog\/wo-in-county-cork-urlaub-machen\/#breadcrumb\"},\"inLanguage\":\"en-US\",\"potentialAction\":[{\"@type\":\"ReadAction\",\"target\":[\"https:\/\/www.urlaubcornwall.de\/blog\/wo-in-county-cork-urlaub-machen\/\"]}]},{\"@type\":\"BreadcrumbList\",\"@id\":\"https:\/\/www.urlaubcornwall.de\/blog\/wo-in-county-cork-urlaub-machen\/#breadcrumb\",\"itemListElement\":[{\"@type\":\"ListItem\",\"position\":1,\"name\":\"Home\",\"item\":\"https:\/\/www.urlaubcornwall.de\/blog\/\"},{\"@type\":\"ListItem\",\"position\":2,\"name\":\"Wo in County Cork Urlaub machen?\"}]}]}<\/script>\n<!-- \/ Yoast SEO plugin. -->","yoast_head_json":{"title":"Wo in County Cork Urlaub machen? - Urlaub &amp; Reisen","robots":{"index":"index","follow":"follow","max-snippet":"max-snippet:-1","max-image-preview":"max-image-preview:large","max-video-preview":"max-video-preview:-1"},"canonical":"https:\/\/www.urlaubcornwall.de\/blog\/wo-in-county-cork-urlaub-machen\/","og_locale":"en_US","og_type":"article","og_title":"Wo in County Cork Urlaub machen? - Urlaub &amp; Reisen","og_description":"County Cork ist eines der gr\u00f6\u00dften und vielf\u00e4ltigsten Grafschaften Irlands und bietet eine Vielzahl von M\u00f6glichkeiten f\u00fcr einen Urlaub. Hier sind einige Ideen: Stadt Cork: Cork ist die zweitgr\u00f6\u00dfte Stadt Irlands und hat eine lebendige Atmosph\u00e4re mit vielen Restaurants, Bars und Gesch\u00e4ften. Sie k\u00f6nnen auch die St. Fin Barre&#8217;s Cathedral, das Cork Butter Museum und [&hellip;]","og_url":"https:\/\/www.urlaubcornwall.de\/blog\/wo-in-county-cork-urlaub-machen\/","og_site_name":"Urlaub &amp; Reisen","article_modified_time":"2024-04-02T11:02:54+00:00","og_image":[{"url":"https:\/\/www.urlaubcornwall.de\/blog\/wp-content\/uploads\/2024\/03\/Cork-irland.jpg"}],"twitter_card":"summary","twitter_misc":{"Est. reading time":"2 minutes"},"schema":{"@context":"https:\/\/schema.org","@graph":[{"@type":"WebSite","@id":"https:\/\/www.urlaubcornwall.de\/blog\/#website","url":"https:\/\/www.urlaubcornwall.de\/blog\/","name":"Urlaub &amp; Reisen","description":"Urlaub, Reisen, Cornwall und S\u00fcdengland: eine perfekte Kombination","potentialAction":[{"@type":"SearchAction","target":{"@type":"EntryPoint","urlTemplate":"https:\/\/www.urlaubcornwall.de\/blog\/?s={search_term_string}"},"query-input":"required name=search_term_string"}],"inLanguage":"en-US"},{"@type":"WebPage","@id":"https:\/\/www.urlaubcornwall.de\/blog\/wo-in-county-cork-urlaub-machen\/","url":"https:\/\/www.urlaubcornwall.de\/blog\/wo-in-county-cork-urlaub-machen\/","name":"Wo in County Cork Urlaub machen? - Urlaub &amp; Reisen","isPartOf":{"@id":"https:\/\/www.urlaubcornwall.de\/blog\/#website"},"datePublished":"2023-07-17T09:21:55+00:00","dateModified":"2024-04-02T11:02:54+00:00","breadcrumb":{"@id":"https:\/\/www.urlaubcornwall.de\/blog\/wo-in-county-cork-urlaub-machen\/#breadcrumb"},"inLanguage":"en-US","potentialAction":[{"@type":"ReadAction","target":["https:\/\/www.urlaubcornwall.de\/blog\/wo-in-county-cork-urlaub-machen\/"]}]},{"@type":"BreadcrumbList","@id":"https:\/\/www.urlaubcornwall.de\/blog\/wo-in-county-cork-urlaub-machen\/#breadcrumb","itemListElement":[{"@type":"ListItem","position":1,"name":"Home","item":"https:\/\/www.urlaubcornwall.de\/blog\/"},{"@type":"ListItem","position":2,"name":"Wo in County Cork Urlaub machen?"}]}]}},"_links":{"self":[{"href":"https:\/\/www.urlaubcornwall.de\/blog\/wp-json\/wp\/v2\/pages\/46800"}],"collection":[{"href":"https:\/\/www.urlaubcornwall.de\/blog\/wp-json\/wp\/v2\/pages"}],"about":[{"href":"https:\/\/www.urlaubcornwall.de\/blog\/wp-json\/wp\/v2\/types\/page"}],"author":[{"embeddable":true,"href":"https:\/\/www.urlaubcornwall.de\/blog\/wp-json\/wp\/v2\/users\/1"}],"replies":[{"embeddable":true,"href":"https:\/\/www.urlaubcornwall.de\/blog\/wp-json\/wp\/v2\/comments?post=46800"}],"version-history":[{"count":5,"href":"https:\/\/www.urlaubcornwall.de\/blog\/wp-json\/wp\/v2\/pages\/46800\/revisions"}],"predecessor-version":[{"id":48566,"href":"https:\/\/www.urlaubcornwall.de\/blog\/wp-json\/wp\/v2\/pages\/46800\/revisions\/48566"}],"wp:attachment":[{"href":"https:\/\/www.urlaubcornwall.de\/blog\/wp-json\/wp\/v2\/media?parent=46800"}],"curies":[{"name":"wp","href":"https:\/\/api.w.org\/{rel}","templated":true}]}}