{"id":46757,"date":"2023-06-13T09:47:47","date_gmt":"2023-06-13T09:47:47","guid":{"rendered":"https:\/\/www.urlaubcornwall.de\/blog\/?page_id=46757"},"modified":"2024-04-30T15:21:07","modified_gmt":"2024-04-30T15:21:07","slug":"kulturerbetouren-isle-of-wight","status":"publish","type":"page","link":"https:\/\/www.urlaubcornwall.de\/blog\/kulturerbetouren-isle-of-wight\/","title":{"rendered":"Was sind die besten Erlebnisse f\u00fcr Kulturelle Touren Isle of Wight?"},"content":{"rendered":"<p>Die <a href=\"https:\/\/www.urlaubcornwall.de\/reiseziel\/isle-of-wight.php\">Isle of Wight ist eine Insel vor der S\u00fcdk\u00fcste Englands<\/a> und hat eine reiche Geschichte und ein reiches kulturelles Erbe zu bieten. Hier sind einige der besten Erlebnisse f\u00fcr Kulturerbetouren auf der Isle of Wight:<\/p>\n<p><img loading=\"lazy\" class=\"aligncenter size-full wp-image-22868\" src=\"https:\/\/www.urlaubcornwall.de\/blog\/wp-content\/uploads\/2016\/01\/Osborne_House_Indeln_Wight.jpg\" alt=\"Osborne_House,_Inseln_Wight\" width=\"750\" height=\"382\"\/><\/p>\n<p>Osborne House (<a href=\"https:\/\/www.urlaubcornwall.de\/ferienhaeuser-fewos\/eng\/isle-of-wight\/east-cowes.html\">East Cowes<\/a>): Osborne House war das einstige k\u00f6nigliche Refugium von K\u00f6nigin Victoria und Prinz Albert. Das im italienischen Stil erbaute Schloss ist von wundersch\u00f6nen G\u00e4rten und einem privaten Strand umgeben. Besucher k\u00f6nnen die pr\u00e4chtigen Innenr\u00e4ume des Schlosses erkunden, die einen Einblick in das Leben der k\u00f6niglichen Familie im 19. Jahrhundert geben. Die G\u00e4rten bieten auch eine beeindruckende Aussicht auf das Meer.<\/p>\n<p>Carisbrooke Castle (<a href=\"https:\/\/www.urlaubcornwall.de\/ferienhaeuser-fewos\/eng\/isle-of-wight\/carisbrooke.html\">Carisbrooke<\/a>): Carisbrooke Castle ist eine normannische Festung, die auf einem H\u00fcgel thront und eine wichtige Rolle in der Geschichte der Insel spielte. Besucher k\u00f6nnen die imposanten Befestigungsanlagen erkunden, die atemberaubende Aussicht genie\u00dfen und an einer F\u00fchrung teilnehmen, um mehr \u00fcber die Geschichte des Schlosses zu erfahren. Ein Highlight ist das ber\u00fchmte Carisbrooke Castle Museum, das Artefakte und Exponate aus der Vergangenheit der Insel zeigt.<\/p>\n<p><img loading=\"lazy\" class=\"aligncenter size-full wp-image-47925\" src=\"https:\/\/www.urlaubcornwall.de\/blog\/wp-content\/uploads\/2024\/03\/needles_isles-of-wight.jpg\" alt=\"needles_isles of wight\" width=\"750\" height=\"500\" srcset=\"https:\/\/www.urlaubcornwall.de\/blog\/wp-content\/uploads\/2024\/03\/needles_isles-of-wight.jpg 750w, https:\/\/www.urlaubcornwall.de\/blog\/wp-content\/uploads\/2024\/03\/needles_isles-of-wight-300x200.jpg 300w\" sizes=\"(max-width: 750px) 100vw, 750px\" \/><\/p>\n<p>The Needles (<a href=\"https:\/\/www.urlaubcornwall.de\/ferienhaeuser-fewos\/eng\/isle-of-wight\/alum-bay.html\">Alum Bay<\/a>): Die Needles sind eine markante Felsformation an der Westk\u00fcste der Isle of Wight. Diese beeindruckenden Kalksteinfelsen ragen aus dem Meer und bieten eine atemberaubende Kulisse. Besucher k\u00f6nnen eine Seilbahnfahrt \u00fcber die Klippen unternehmen, um einen spektakul\u00e4ren Blick auf die Needles zu genie\u00dfen. Es gibt auch einen Leuchtturm und ein Besucherzentrum, das Informationen \u00fcber die Geologie und Geschichte der Gegend bietet.<\/p>\n<p>Dimbola Lodge (<a href=\"https:\/\/www.urlaubcornwall.de\/ferienhaeuser-fewos\/eng\/isle-of-wight\/freshwater-bay.html\">Freshwater Bay<\/a>): Dimbola Lodge war einst das Zuhause der Fotografin Julia Margaret Cameron, die f\u00fcr ihre Portr\u00e4ts von ber\u00fchmten Pers\u00f6nlichkeiten des 19. Jahrhunderts bekannt ist. Das Geb\u00e4ude beherbergt nun ein Museum, das ihre Arbeit und ihr Leben w\u00fcrdigt. Besucher k\u00f6nnen die Ausstellungen besichtigen, eine Sammlung historischer Kameras erkunden und den sch\u00f6nen Garten rund um das Anwesen genie\u00dfen.<\/p>\n<p><img loading=\"lazy\" class=\"aligncenter size-full wp-image-39205\" src=\"https:\/\/www.urlaubcornwall.de\/blog\/wp-content\/uploads\/2019\/12\/IOW-ryde-pier-2.jpg\" alt=\"Ryde Pier\" width=\"749\" height=\"492\" srcset=\"https:\/\/www.urlaubcornwall.de\/blog\/wp-content\/uploads\/2019\/12\/IOW-ryde-pier-2.jpg 749w, https:\/\/www.urlaubcornwall.de\/blog\/wp-content\/uploads\/2019\/12\/IOW-ryde-pier-2-300x197.jpg 300w\" sizes=\"(max-width: 749px) 100vw, 749px\" \/><\/p>\n<p>Ryde Pier (<a href=\"https:\/\/www.urlaubcornwall.de\/ferienhaeuser-fewos\/eng\/isle-of-wight\/ryde.html\">Ryde<\/a>): Ryde Pier ist eine historische Anlegestelle und eine der \u00e4ltesten Piers in Gro\u00dfbritannien. Die \u00fcber 200 Jahre alte Struktur erstreckt sich in den Solent und bietet einen malerischen Ausblick auf die K\u00fcste. Die Pier ist ein beliebter Ort zum Spazierengehen und bietet Zugang zu den sch\u00f6nen Sandstr\u00e4nden von Ryde.<\/p>\n<h1>Unser Rundreisenservice in Ilse of Wight<\/h1>\n<p>Weshalb \u00fcber uns buchen?<\/p>\n<p>Firmensitz in Cornwall und ein Team Deutsch sprechender Reisespezialisten.<\/p>\n<p>Wir haben eine Leidenschaft f\u00fcrs Reisen und gestalten den perfekten Urlaub.<\/p>\n<p>Ortskenntnisse und Insidertipps f\u00fcr unsere Kunden.<\/p>\n<p>Sonderangebote und Preisnachl\u00e4sse<\/p>\n<p>S\u00e4mtliche unserer Rundreisen sind durch einen voll versicherten deutschen Reiseveranstalter gesichert.<\/p>\n<p style=\"text-align: center;\"><a class=\"tidycta\" href=\"https:\/\/www.urlaubcornwall.de\/rundreisen\/cornwall-suedengland.php\"> Mehr Info<\/a><\/p>\n<div class=\"snippet\"> <a class=\"featured-item\" href=\"https:\/\/www.urlaubcornwall.de\/ferienhaeuser\/suedengland.php\"> <span class=\"image-holder\" style=\"background-image: url('https:\/\/www.urlaubcornwall.de\/blog\/wp-content\/uploads\/2024\/03\/ferienhaus-england-cornwall.jpg');\"><\/span> <span class=\"featured-content\"> \n<h2 class=\"featured-title\">Ferienh\u00e4user in S\u00fcdengland<\/h2>\n<p class=\"featured-body\">Bei uns finden Sie Ferienh\u00e4user zum Verlieben &#8211; so einfach ist das! Dank seiner langen Geschichte, der reizvollen Landschaften und seinen vielen Attraktionen ist S\u00fcdengland ein wahres Mekka f\u00fcr Urlauber&#8230;..<\/p><\/span> <span class=\"featured-link-holder\"> <span class=\"featured-extra-info\"> \n<p>Pers\u00f6nlich inspizierter Ferienh\u00e4user<\/p>\n<\/span> \n<p class=\"featured-link\">DETAILS<\/p>\n<\/span> <\/a><\/div>\n","protected":false},"excerpt":{"rendered":"<p>Die Isle of Wight ist eine Insel vor der S\u00fcdk\u00fcste Englands und hat eine reiche Geschichte und ein reiches kulturelles Erbe zu bieten. Hier sind einige der besten Erlebnisse f\u00fcr Kulturerbetouren auf der Isle of Wight: Osborne House (East Cowes): Osborne House war das einstige k\u00f6nigliche Refugium von K\u00f6nigin Victoria und Prinz Albert. Das im [&hellip;]<\/p>\n","protected":false},"author":1,"featured_media":0,"parent":0,"menu_order":0,"comment_status":"closed","ping_status":"closed","template":"single-four.php","meta":[],"acf":[],"yoast_head":"<!-- This site is optimized with the Yoast SEO plugin v19.4 - https:\/\/yoast.com\/wordpress\/plugins\/seo\/ -->\n<title>Was sind die besten Erlebnisse f\u00fcr Kulturelle Touren Isle of Wight? - Urlaub &amp; Reisen<\/title>\n<meta name=\"description\" content=\"Die Isle of Wight ist eine Insel vor der S\u00fcdk\u00fcste Englands und hat eine reiche Geschichte und ein reiches kulturelles Erbe zu bieten\" \/>\n<meta name=\"robots\" content=\"index, follow, max-snippet:-1, max-image-preview:large, max-video-preview:-1\" \/>\n<link rel=\"canonical\" href=\"https:\/\/www.urlaubcornwall.de\/blog\/kulturerbetouren-isle-of-wight\/\" \/>\n<meta property=\"og:locale\" content=\"en_US\" \/>\n<meta property=\"og:type\" content=\"article\" \/>\n<meta property=\"og:title\" content=\"Was sind die besten Erlebnisse f\u00fcr Kulturelle Touren Isle of Wight? - Urlaub &amp; Reisen\" \/>\n<meta property=\"og:description\" content=\"Die Isle of Wight ist eine Insel vor der S\u00fcdk\u00fcste Englands und hat eine reiche Geschichte und ein reiches kulturelles Erbe zu bieten\" \/>\n<meta property=\"og:url\" content=\"https:\/\/www.urlaubcornwall.de\/blog\/kulturerbetouren-isle-of-wight\/\" \/>\n<meta property=\"og:site_name\" content=\"Urlaub &amp; Reisen\" \/>\n<meta property=\"article:modified_time\" content=\"2024-04-30T15:21:07+00:00\" \/>\n<meta property=\"og:image\" content=\"https:\/\/www.urlaubcornwall.de\/blog\/wp-content\/uploads\/2016\/01\/Osborne_House_Indeln_Wight.jpg\" \/>\n<meta name=\"twitter:card\" content=\"summary\" \/>\n<meta name=\"twitter:label1\" content=\"Est. reading time\" \/>\n\t<meta name=\"twitter:data1\" content=\"3 minutes\" \/>\n<script type=\"application\/ld+json\" class=\"yoast-schema-graph\">{\"@context\":\"https:\/\/schema.org\",\"@graph\":[{\"@type\":\"WebSite\",\"@id\":\"https:\/\/www.urlaubcornwall.de\/blog\/#website\",\"url\":\"https:\/\/www.urlaubcornwall.de\/blog\/\",\"name\":\"Urlaub &amp; Reisen\",\"description\":\"Urlaub, Reisen, Cornwall und S\u00fcdengland: eine perfekte Kombination\",\"potentialAction\":[{\"@type\":\"SearchAction\",\"target\":{\"@type\":\"EntryPoint\",\"urlTemplate\":\"https:\/\/www.urlaubcornwall.de\/blog\/?s={search_term_string}\"},\"query-input\":\"required name=search_term_string\"}],\"inLanguage\":\"en-US\"},{\"@type\":\"WebPage\",\"@id\":\"https:\/\/www.urlaubcornwall.de\/blog\/kulturerbetouren-isle-of-wight\/\",\"url\":\"https:\/\/www.urlaubcornwall.de\/blog\/kulturerbetouren-isle-of-wight\/\",\"name\":\"Was sind die besten Erlebnisse f\u00fcr Kulturelle Touren Isle of Wight? - Urlaub &amp; Reisen\",\"isPartOf\":{\"@id\":\"https:\/\/www.urlaubcornwall.de\/blog\/#website\"},\"datePublished\":\"2023-06-13T09:47:47+00:00\",\"dateModified\":\"2024-04-30T15:21:07+00:00\",\"description\":\"Die Isle of Wight ist eine Insel vor der S\u00fcdk\u00fcste Englands und hat eine reiche Geschichte und ein reiches kulturelles Erbe zu bieten\",\"breadcrumb\":{\"@id\":\"https:\/\/www.urlaubcornwall.de\/blog\/kulturerbetouren-isle-of-wight\/#breadcrumb\"},\"inLanguage\":\"en-US\",\"potentialAction\":[{\"@type\":\"ReadAction\",\"target\":[\"https:\/\/www.urlaubcornwall.de\/blog\/kulturerbetouren-isle-of-wight\/\"]}]},{\"@type\":\"BreadcrumbList\",\"@id\":\"https:\/\/www.urlaubcornwall.de\/blog\/kulturerbetouren-isle-of-wight\/#breadcrumb\",\"itemListElement\":[{\"@type\":\"ListItem\",\"position\":1,\"name\":\"Home\",\"item\":\"https:\/\/www.urlaubcornwall.de\/blog\/\"},{\"@type\":\"ListItem\",\"position\":2,\"name\":\"Was sind die besten Erlebnisse f\u00fcr Kulturelle Touren Isle of Wight?\"}]}]}<\/script>\n<!-- \/ Yoast SEO plugin. -->","yoast_head_json":{"title":"Was sind die besten Erlebnisse f\u00fcr Kulturelle Touren Isle of Wight? - Urlaub &amp; Reisen","description":"Die Isle of Wight ist eine Insel vor der S\u00fcdk\u00fcste Englands und hat eine reiche Geschichte und ein reiches kulturelles Erbe zu bieten","robots":{"index":"index","follow":"follow","max-snippet":"max-snippet:-1","max-image-preview":"max-image-preview:large","max-video-preview":"max-video-preview:-1"},"canonical":"https:\/\/www.urlaubcornwall.de\/blog\/kulturerbetouren-isle-of-wight\/","og_locale":"en_US","og_type":"article","og_title":"Was sind die besten Erlebnisse f\u00fcr Kulturelle Touren Isle of Wight? - Urlaub &amp; Reisen","og_description":"Die Isle of Wight ist eine Insel vor der S\u00fcdk\u00fcste Englands und hat eine reiche Geschichte und ein reiches kulturelles Erbe zu bieten","og_url":"https:\/\/www.urlaubcornwall.de\/blog\/kulturerbetouren-isle-of-wight\/","og_site_name":"Urlaub &amp; Reisen","article_modified_time":"2024-04-30T15:21:07+00:00","og_image":[{"url":"https:\/\/www.urlaubcornwall.de\/blog\/wp-content\/uploads\/2016\/01\/Osborne_House_Indeln_Wight.jpg"}],"twitter_card":"summary","twitter_misc":{"Est. reading time":"3 minutes"},"schema":{"@context":"https:\/\/schema.org","@graph":[{"@type":"WebSite","@id":"https:\/\/www.urlaubcornwall.de\/blog\/#website","url":"https:\/\/www.urlaubcornwall.de\/blog\/","name":"Urlaub &amp; Reisen","description":"Urlaub, Reisen, Cornwall und S\u00fcdengland: eine perfekte Kombination","potentialAction":[{"@type":"SearchAction","target":{"@type":"EntryPoint","urlTemplate":"https:\/\/www.urlaubcornwall.de\/blog\/?s={search_term_string}"},"query-input":"required name=search_term_string"}],"inLanguage":"en-US"},{"@type":"WebPage","@id":"https:\/\/www.urlaubcornwall.de\/blog\/kulturerbetouren-isle-of-wight\/","url":"https:\/\/www.urlaubcornwall.de\/blog\/kulturerbetouren-isle-of-wight\/","name":"Was sind die besten Erlebnisse f\u00fcr Kulturelle Touren Isle of Wight? - Urlaub &amp; Reisen","isPartOf":{"@id":"https:\/\/www.urlaubcornwall.de\/blog\/#website"},"datePublished":"2023-06-13T09:47:47+00:00","dateModified":"2024-04-30T15:21:07+00:00","description":"Die Isle of Wight ist eine Insel vor der S\u00fcdk\u00fcste Englands und hat eine reiche Geschichte und ein reiches kulturelles Erbe zu bieten","breadcrumb":{"@id":"https:\/\/www.urlaubcornwall.de\/blog\/kulturerbetouren-isle-of-wight\/#breadcrumb"},"inLanguage":"en-US","potentialAction":[{"@type":"ReadAction","target":["https:\/\/www.urlaubcornwall.de\/blog\/kulturerbetouren-isle-of-wight\/"]}]},{"@type":"BreadcrumbList","@id":"https:\/\/www.urlaubcornwall.de\/blog\/kulturerbetouren-isle-of-wight\/#breadcrumb","itemListElement":[{"@type":"ListItem","position":1,"name":"Home","item":"https:\/\/www.urlaubcornwall.de\/blog\/"},{"@type":"ListItem","position":2,"name":"Was sind die besten Erlebnisse f\u00fcr Kulturelle Touren Isle of Wight?"}]}]}},"_links":{"self":[{"href":"https:\/\/www.urlaubcornwall.de\/blog\/wp-json\/wp\/v2\/pages\/46757"}],"collection":[{"href":"https:\/\/www.urlaubcornwall.de\/blog\/wp-json\/wp\/v2\/pages"}],"about":[{"href":"https:\/\/www.urlaubcornwall.de\/blog\/wp-json\/wp\/v2\/types\/page"}],"author":[{"embeddable":true,"href":"https:\/\/www.urlaubcornwall.de\/blog\/wp-json\/wp\/v2\/users\/1"}],"replies":[{"embeddable":true,"href":"https:\/\/www.urlaubcornwall.de\/blog\/wp-json\/wp\/v2\/comments?post=46757"}],"version-history":[{"count":5,"href":"https:\/\/www.urlaubcornwall.de\/blog\/wp-json\/wp\/v2\/pages\/46757\/revisions"}],"predecessor-version":[{"id":49955,"href":"https:\/\/www.urlaubcornwall.de\/blog\/wp-json\/wp\/v2\/pages\/46757\/revisions\/49955"}],"wp:attachment":[{"href":"https:\/\/www.urlaubcornwall.de\/blog\/wp-json\/wp\/v2\/media?parent=46757"}],"curies":[{"name":"wp","href":"https:\/\/api.w.org\/{rel}","templated":true}]}}