{"id":46746,"date":"2023-06-13T10:02:51","date_gmt":"2023-06-13T10:02:51","guid":{"rendered":"https:\/\/www.urlaubcornwall.de\/blog\/?page_id=46746"},"modified":"2024-05-30T08:18:21","modified_gmt":"2024-05-30T08:18:21","slug":"kulturerbetouren-in-cornwall","status":"publish","type":"page","link":"https:\/\/www.urlaubcornwall.de\/blog\/kulturerbetouren-in-cornwall\/","title":{"rendered":"Was sind die besten Erlebnisse f\u00fcr Kulturelle Touren in Cornwall?"},"content":{"rendered":"<p><a href=\"https:\/\/www.urlaubcornwall.de\/reiseziel\/cornwall.php\">Cornwall ist reich an Geschichte und Kulturerbe<\/a>, und es gibt viele faszinierende Orte, die Geschichts- und Kulturerbetouren bieten. Hier sind einige der besten Erlebnisse, die Sie in Cornwall genie\u00dfen k\u00f6nnen:<\/p>\n<p><img loading=\"lazy\" class=\"aligncenter size-full wp-image-38645\" src=\"https:\/\/www.urlaubcornwall.de\/blog\/wp-content\/uploads\/2019\/08\/bridge_tintagel_.jpg\" alt=\"Tintagel Br\u00fccke\" width=\"750\" height=\"405\"\/><br \/>\nImage Credit English Heritage<\/p>\n<p>Tintagel Castle: <a href=\"https:\/\/www.urlaubcornwall.de\/blog\/legenden-und-geschichte-cornwalls\/\">Schloss Tintagel ist mit der Legende von K\u00f6nig Arthur<\/a> verbunden und bietet eine atemberaubende Kulisse auf einer felsigen Halbinsel. Die Ruinen der mittelalterlichen Burg und die beeindruckende Landschaft machen den Besuch zu einem unvergesslichen Erlebnis. Tauchen Sie ein in die Geschichte von K\u00f6nig Arthur und genie\u00dfen Sie den malerischen K\u00fcstenweg, der zu Tintagel f\u00fchrt.<\/p>\n<p>Geevor Tin Mine: Dieses ehemalige <a href=\"https:\/\/www.urlaubcornwall.de\/blog\/geevor-zinn-bergwerk\/\">Zinnbergwerk in der N\u00e4he von Pendeen<\/a> bietet Einblicke in Cornwalls Bergbautradition. Besucher k\u00f6nnen das Gel\u00e4nde erkunden, in die Welt der Bergleute eintauchen und mehr \u00fcber den Bergbau und das Leben der Arbeiter erfahren. Das Museum zeigt historische Artefakte und bietet gef\u00fchrte Touren durch das Minengel\u00e4nde.<\/p>\n<p><img loading=\"lazy\" class=\"aligncenter size-full wp-image-46285\" src=\"https:\/\/www.urlaubcornwall.de\/blog\/wp-content\/uploads\/2023\/04\/st_michaels-mount_newer.jpg\" alt=\"st_michaels mount\" width=\"750\" height=\"563\" srcset=\"https:\/\/www.urlaubcornwall.de\/blog\/wp-content\/uploads\/2023\/04\/st_michaels-mount_newer.jpg 750w, https:\/\/www.urlaubcornwall.de\/blog\/wp-content\/uploads\/2023\/04\/st_michaels-mount_newer-300x225.jpg 300w\" sizes=\"(max-width: 750px) 100vw, 750px\" \/><\/p>\n<p>St. Michael&#8217;s Mount: Dieses beeindruckende Schloss und Dorf auf einer Gezeiteninsel vor der K\u00fcste von <a href=\"https:\/\/www.urlaubcornwall.de\/ferienhaeuser-fewos\/marazion.html\">Marazion<\/a> hat eine lange Geschichte. Die Normannenburg auf der Insel stammt aus dem 12. Jahrhundert und wurde sp\u00e4ter zu einem Herrenhaus umgebaut. Besucher k\u00f6nnen das Schloss erkunden, die faszinierende Geschichte entdecken und den Panoramablick auf die K\u00fcste genie\u00dfen.<\/p>\n<p>National Maritime Museum Cornwall: Das National Maritime Museum in <a href=\"https:\/\/www.urlaubcornwall.de\/ferienhaeuser-fewos\/falmouth.html\">Falmouth<\/a> widmet sich der reichen maritimen Geschichte der Region. Hier k\u00f6nnen Besucher Ausstellungen \u00fcber Schifffahrt, Fischerei, Schiffsbau und andere maritime Themen erkunden. Das Museum beherbergt auch eine beeindruckende Sammlung von Booten und Schiffen. Es ist ein gro\u00dfartiger Ort, um das maritime Erbe Cornwalls zu entdecken.<\/p>\n<p>Bodmin Moor: <a href=\"https:\/\/www.urlaubcornwall.de\/ferienhaeuser-fewos\/bodmin.html\">Bodmin Moor ist ein Ort von historischer Bedeutung<\/a> und bietet eine raue und atemberaubende Landschaft. Hier finden Sie die Reste von Bronzezeit-Siedlungen, Steinkreisen und Grabh\u00fcgeln. Besucher k\u00f6nnen Wanderungen unternehmen, um die beeindruckenden Megalithen von Hurlers Stone Circles oder den markanten Rundturm von Brown Willy, dem h\u00f6chsten Punkt in Cornwall, zu entdecken.<\/p>\n<p>Wir haben die beste Auswahl an <a href=\"https:\/\/www.urlaubcornwall.de\/ferienhaeuser-fewos\/cornwall.html\">pers\u00f6nlich inspizierten Ferienh\u00e4usern im Angebot<\/a>.<\/p>\n<p style=\"text-align: center;\"><a class=\"tidycta\" href=\"https:\/\/www.urlaubcornwall.de\/ferienhaeuser-fewos\/cornwall.html\">Suche Ferienh\u00e4user in Cornwall<\/a><\/p>\n<h1><a href=\"https:\/\/www.urlaubcornwall.de\/rundreisen\/cornwall-suedengland.php\">Unser Rundreisenservice in Cornwall<\/a><\/h1>\n<p>Weshalb \u00fcber uns buchen?<\/p>\n<p>Firmensitz in Cornwall und ein Team Deutsch sprechender Reisespezialisten.<\/p>\n<p>Wir haben eine Leidenschaft f\u00fcrs Reisen und gestalten den perfekten Urlaub.<\/p>\n<p>Ortskenntnisse und Insidertipps f\u00fcr unsere Kunden.<\/p>\n<p>Sonderangebote und Preisnachl\u00e4sse<\/p>\n<p>S\u00e4mtliche unserer Rundreisen sind durch einen voll versicherten deutschen Reiseveranstalter gesichert.<\/p>\n<p style=\"text-align: center;\"><a class=\"tidycta\" href=\"https:\/\/www.urlaubcornwall.de\/rundreisen\/cornwall-suedengland.php\"> Mehr Info<\/a><\/p>\n","protected":false},"excerpt":{"rendered":"<p>Cornwall ist reich an Geschichte und Kulturerbe, und es gibt viele faszinierende Orte, die Geschichts- und Kulturerbetouren bieten. Hier sind einige der besten Erlebnisse, die Sie in Cornwall genie\u00dfen k\u00f6nnen: Image Credit English Heritage Tintagel Castle: Schloss Tintagel ist mit der Legende von K\u00f6nig Arthur verbunden und bietet eine atemberaubende Kulisse auf einer felsigen Halbinsel. [&hellip;]<\/p>\n","protected":false},"author":1,"featured_media":0,"parent":0,"menu_order":0,"comment_status":"closed","ping_status":"closed","template":"single-four.php","meta":[],"acf":[],"yoast_head":"<!-- This site is optimized with the Yoast SEO plugin v19.4 - https:\/\/yoast.com\/wordpress\/plugins\/seo\/ -->\n<title>Was sind die besten Erlebnisse f\u00fcr Kulturelle Touren in Cornwall? - Urlaub &amp; Reisen<\/title>\n<meta name=\"description\" content=\"Cornwall ist reich an Geschichte und Kulturerbe, und es gibt viele faszinierende Orte, die Geschichts- und Kulturerbetouren bieten. Hier sind\" \/>\n<meta name=\"robots\" content=\"index, follow, max-snippet:-1, max-image-preview:large, max-video-preview:-1\" \/>\n<link rel=\"canonical\" href=\"https:\/\/www.urlaubcornwall.de\/blog\/kulturerbetouren-in-cornwall\/\" \/>\n<meta property=\"og:locale\" content=\"en_US\" \/>\n<meta property=\"og:type\" content=\"article\" \/>\n<meta property=\"og:title\" content=\"Was sind die besten Erlebnisse f\u00fcr Kulturelle Touren in Cornwall? - Urlaub &amp; Reisen\" \/>\n<meta property=\"og:description\" content=\"Cornwall ist reich an Geschichte und Kulturerbe, und es gibt viele faszinierende Orte, die Geschichts- und Kulturerbetouren bieten. Hier sind\" \/>\n<meta property=\"og:url\" content=\"https:\/\/www.urlaubcornwall.de\/blog\/kulturerbetouren-in-cornwall\/\" \/>\n<meta property=\"og:site_name\" content=\"Urlaub &amp; Reisen\" \/>\n<meta property=\"article:modified_time\" content=\"2024-05-30T08:18:21+00:00\" \/>\n<meta property=\"og:image\" content=\"https:\/\/www.urlaubcornwall.de\/blog\/wp-content\/uploads\/2019\/08\/bridge_tintagel_.jpg\" \/>\n<meta name=\"twitter:card\" content=\"summary\" \/>\n<meta name=\"twitter:label1\" content=\"Est. reading time\" \/>\n\t<meta name=\"twitter:data1\" content=\"2 minutes\" \/>\n<script type=\"application\/ld+json\" class=\"yoast-schema-graph\">{\"@context\":\"https:\/\/schema.org\",\"@graph\":[{\"@type\":\"WebSite\",\"@id\":\"https:\/\/www.urlaubcornwall.de\/blog\/#website\",\"url\":\"https:\/\/www.urlaubcornwall.de\/blog\/\",\"name\":\"Urlaub &amp; Reisen\",\"description\":\"Urlaub, Reisen, Cornwall und S\u00fcdengland: eine perfekte Kombination\",\"potentialAction\":[{\"@type\":\"SearchAction\",\"target\":{\"@type\":\"EntryPoint\",\"urlTemplate\":\"https:\/\/www.urlaubcornwall.de\/blog\/?s={search_term_string}\"},\"query-input\":\"required name=search_term_string\"}],\"inLanguage\":\"en-US\"},{\"@type\":\"WebPage\",\"@id\":\"https:\/\/www.urlaubcornwall.de\/blog\/kulturerbetouren-in-cornwall\/\",\"url\":\"https:\/\/www.urlaubcornwall.de\/blog\/kulturerbetouren-in-cornwall\/\",\"name\":\"Was sind die besten Erlebnisse f\u00fcr Kulturelle Touren in Cornwall? - Urlaub &amp; Reisen\",\"isPartOf\":{\"@id\":\"https:\/\/www.urlaubcornwall.de\/blog\/#website\"},\"datePublished\":\"2023-06-13T10:02:51+00:00\",\"dateModified\":\"2024-05-30T08:18:21+00:00\",\"description\":\"Cornwall ist reich an Geschichte und Kulturerbe, und es gibt viele faszinierende Orte, die Geschichts- und Kulturerbetouren bieten. Hier sind\",\"breadcrumb\":{\"@id\":\"https:\/\/www.urlaubcornwall.de\/blog\/kulturerbetouren-in-cornwall\/#breadcrumb\"},\"inLanguage\":\"en-US\",\"potentialAction\":[{\"@type\":\"ReadAction\",\"target\":[\"https:\/\/www.urlaubcornwall.de\/blog\/kulturerbetouren-in-cornwall\/\"]}]},{\"@type\":\"BreadcrumbList\",\"@id\":\"https:\/\/www.urlaubcornwall.de\/blog\/kulturerbetouren-in-cornwall\/#breadcrumb\",\"itemListElement\":[{\"@type\":\"ListItem\",\"position\":1,\"name\":\"Home\",\"item\":\"https:\/\/www.urlaubcornwall.de\/blog\/\"},{\"@type\":\"ListItem\",\"position\":2,\"name\":\"Was sind die besten Erlebnisse f\u00fcr Kulturelle Touren in Cornwall?\"}]}]}<\/script>\n<!-- \/ Yoast SEO plugin. -->","yoast_head_json":{"title":"Was sind die besten Erlebnisse f\u00fcr Kulturelle Touren in Cornwall? - Urlaub &amp; Reisen","description":"Cornwall ist reich an Geschichte und Kulturerbe, und es gibt viele faszinierende Orte, die Geschichts- und Kulturerbetouren bieten. Hier sind","robots":{"index":"index","follow":"follow","max-snippet":"max-snippet:-1","max-image-preview":"max-image-preview:large","max-video-preview":"max-video-preview:-1"},"canonical":"https:\/\/www.urlaubcornwall.de\/blog\/kulturerbetouren-in-cornwall\/","og_locale":"en_US","og_type":"article","og_title":"Was sind die besten Erlebnisse f\u00fcr Kulturelle Touren in Cornwall? - Urlaub &amp; Reisen","og_description":"Cornwall ist reich an Geschichte und Kulturerbe, und es gibt viele faszinierende Orte, die Geschichts- und Kulturerbetouren bieten. Hier sind","og_url":"https:\/\/www.urlaubcornwall.de\/blog\/kulturerbetouren-in-cornwall\/","og_site_name":"Urlaub &amp; Reisen","article_modified_time":"2024-05-30T08:18:21+00:00","og_image":[{"url":"https:\/\/www.urlaubcornwall.de\/blog\/wp-content\/uploads\/2019\/08\/bridge_tintagel_.jpg"}],"twitter_card":"summary","twitter_misc":{"Est. reading time":"2 minutes"},"schema":{"@context":"https:\/\/schema.org","@graph":[{"@type":"WebSite","@id":"https:\/\/www.urlaubcornwall.de\/blog\/#website","url":"https:\/\/www.urlaubcornwall.de\/blog\/","name":"Urlaub &amp; Reisen","description":"Urlaub, Reisen, Cornwall und S\u00fcdengland: eine perfekte Kombination","potentialAction":[{"@type":"SearchAction","target":{"@type":"EntryPoint","urlTemplate":"https:\/\/www.urlaubcornwall.de\/blog\/?s={search_term_string}"},"query-input":"required name=search_term_string"}],"inLanguage":"en-US"},{"@type":"WebPage","@id":"https:\/\/www.urlaubcornwall.de\/blog\/kulturerbetouren-in-cornwall\/","url":"https:\/\/www.urlaubcornwall.de\/blog\/kulturerbetouren-in-cornwall\/","name":"Was sind die besten Erlebnisse f\u00fcr Kulturelle Touren in Cornwall? - Urlaub &amp; Reisen","isPartOf":{"@id":"https:\/\/www.urlaubcornwall.de\/blog\/#website"},"datePublished":"2023-06-13T10:02:51+00:00","dateModified":"2024-05-30T08:18:21+00:00","description":"Cornwall ist reich an Geschichte und Kulturerbe, und es gibt viele faszinierende Orte, die Geschichts- und Kulturerbetouren bieten. Hier sind","breadcrumb":{"@id":"https:\/\/www.urlaubcornwall.de\/blog\/kulturerbetouren-in-cornwall\/#breadcrumb"},"inLanguage":"en-US","potentialAction":[{"@type":"ReadAction","target":["https:\/\/www.urlaubcornwall.de\/blog\/kulturerbetouren-in-cornwall\/"]}]},{"@type":"BreadcrumbList","@id":"https:\/\/www.urlaubcornwall.de\/blog\/kulturerbetouren-in-cornwall\/#breadcrumb","itemListElement":[{"@type":"ListItem","position":1,"name":"Home","item":"https:\/\/www.urlaubcornwall.de\/blog\/"},{"@type":"ListItem","position":2,"name":"Was sind die besten Erlebnisse f\u00fcr Kulturelle Touren in Cornwall?"}]}]}},"_links":{"self":[{"href":"https:\/\/www.urlaubcornwall.de\/blog\/wp-json\/wp\/v2\/pages\/46746"}],"collection":[{"href":"https:\/\/www.urlaubcornwall.de\/blog\/wp-json\/wp\/v2\/pages"}],"about":[{"href":"https:\/\/www.urlaubcornwall.de\/blog\/wp-json\/wp\/v2\/types\/page"}],"author":[{"embeddable":true,"href":"https:\/\/www.urlaubcornwall.de\/blog\/wp-json\/wp\/v2\/users\/1"}],"replies":[{"embeddable":true,"href":"https:\/\/www.urlaubcornwall.de\/blog\/wp-json\/wp\/v2\/comments?post=46746"}],"version-history":[{"count":9,"href":"https:\/\/www.urlaubcornwall.de\/blog\/wp-json\/wp\/v2\/pages\/46746\/revisions"}],"predecessor-version":[{"id":50785,"href":"https:\/\/www.urlaubcornwall.de\/blog\/wp-json\/wp\/v2\/pages\/46746\/revisions\/50785"}],"wp:attachment":[{"href":"https:\/\/www.urlaubcornwall.de\/blog\/wp-json\/wp\/v2\/media?parent=46746"}],"curies":[{"name":"wp","href":"https:\/\/api.w.org\/{rel}","templated":true}]}}