{"id":46728,"date":"2023-06-14T08:08:10","date_gmt":"2023-06-14T08:08:10","guid":{"rendered":"https:\/\/www.urlaubcornwall.de\/blog\/?page_id=46728"},"modified":"2024-05-31T08:34:54","modified_gmt":"2024-05-31T08:34:54","slug":"besondere-an-nordengland-fuer-paare","status":"publish","type":"page","link":"https:\/\/www.urlaubcornwall.de\/blog\/besondere-an-nordengland-fuer-paare\/","title":{"rendered":"Was ist das Besondere an Nordengland f\u00fcr Paare?"},"content":{"rendered":"<p>Nordengland bietet eine F\u00fclle von romantischen M\u00f6glichkeiten f\u00fcr Paare. Hier sind einige Beispiele f\u00fcr Sehensw\u00fcrdigkeiten, Aktivit\u00e4ten und historische Orte, die Nordengland zu einem besonderen Reiseziel f\u00fcr Paare machen:<\/p>\n<p>Lake District: Der <a href=\"https:\/\/www.urlaubcornwall.de\/reiseziel\/lake-district-nationalpark.php\">Lake District in Cumbria ist ein idyllisches Ziel f\u00fcr Paare<\/a>, mit seinen atemberaubenden Seen, malerischen D\u00f6rfern und romantischen Wanderwegen. Unternehmen Sie eine Bootsfahrt auf dem <a href=\"https:\/\/www.urlaubcornwall.de\/blog\/windermere-seen-im-lake-district\/\">Lake Windermere<\/a>, erkunden Sie die <a href=\"https:\/\/www.urlaubcornwall.de\/ferienhaeuser-fewos\/eng\/lake-district\/ambleside.html\">charmante Stadt Ambleside<\/a> oder genie\u00dfen Sie einen Spaziergang entlang der Ufer des <a href=\"https:\/\/www.urlaubcornwall.de\/blog\/derwentwater-seen-im-lake-district\/\">Derwentwater<\/a>.<\/p>\n<p><a href=\"https:\/\/www.urlaubcornwall.de\/blog\/wp-content\/uploads\/2024\/05\/york.jpg\"><img loading=\"lazy\" src=\"https:\/\/www.urlaubcornwall.de\/blog\/wp-content\/uploads\/2024\/05\/york.jpg\" alt=\"york\" width=\"750\" height=\"500\" class=\"alignnone size-full wp-image-51245\" srcset=\"https:\/\/www.urlaubcornwall.de\/blog\/wp-content\/uploads\/2024\/05\/york.jpg 750w, https:\/\/www.urlaubcornwall.de\/blog\/wp-content\/uploads\/2024\/05\/york-300x200.jpg 300w\" sizes=\"(max-width: 750px) 100vw, 750px\" \/><\/a><\/p>\n<p>York: Diese <a href=\"https:\/\/www.urlaubcornwall.de\/blog\/was-ist-schoener-bath-oder-york\/\">historische Stadt in Nord Yorkshire<\/a> ist mit ihrer mittelalterlichen Architektur und den engen Gassen ein wahrer Schatz. Schlendern Sie durch die befestigte Stadtmauer, besuchen Sie die beeindruckende York Minster-Kathedrale und erkunden Sie die Shambles, eine der besterhaltenen mittelalterlichen Gassen in Europa.<\/p>\n<p>Hadrianswall: Der Hadrianswall erstreckt sich durch Nordengland und bietet eine faszinierende Reise in die r\u00f6mische Geschichte. Unternehmen Sie eine Wanderung entlang des Walls, besichtigen Sie die gut erhaltenen r\u00f6mischen Festungen wie Housesteads und Vindolanda und genie\u00dfen Sie die herrliche Landschaft entlang des Weges.<\/p>\n<p>Whitby: Diese <a href=\"https:\/\/www.urlaubcornwall.de\/blog\/urlaub-in-whitby-ein-juwel-an-der-kueste-yorkshires\/\">K\u00fcstenstadt in Nord Yorkshire<\/a> ist bekannt f\u00fcr ihre charmante Atmosph\u00e4re und ihre Verbindung zur Literatur, insbesondere zu Bram Stokers &#8220;Dracula&#8221;. Besuchen Sie die beeindruckende Ruine der Whitby Abbey, machen Sie einen Spaziergang entlang des Hafens und genie\u00dfen Sie frischen Fisch und Chips am Strand.<\/p>\n<p>Durham: Die <a href=\"https:\/\/www.urlaubcornwall.de\/ferienhaeuser-fewos\/eng\/county-durham\/durham.html\">Stadt Durham ist bekannt f\u00fcr ihre majest\u00e4tische Kathedrale<\/a>, die zum UNESCO-Weltkulturerbe geh\u00f6rt. Unternehmen Sie einen romantischen Spaziergang entlang des Flusses Wear, erkunden Sie das mittelalterliche Schloss Durham Castle und besuchen Sie die charmante Altstadt mit ihren engen Gassen und Boutiquen.<\/p>\n<p>Yorkshire Dales: Die <a href=\"https:\/\/www.urlaubcornwall.de\/ferienhaeuser-fewos\/eng\/yorkshire\/yorkshire.html\">Yorkshire Dales sind eine malerische Region<\/a> mit sanften H\u00fcgeln, kaskadenartigen Wasserf\u00e4llen und charmanten D\u00f6rfern. Unternehmen Sie romantische Wanderungen entlang des Malham Cove, besuchen Sie das Bolton Castle oder genie\u00dfen Sie ein Picknick am Ufer des River Wharfe.<\/p>\n<h1>Unser Rundreisenservice in England<\/h1>\n<p>Weshalb \u00fcber uns buchen?<\/p>\n<p>Firmensitz in Cornwall und ein Team Deutsch sprechender Reisespezialisten.<\/p>\n<p>Wir haben eine Leidenschaft f\u00fcrs Reisen und gestalten den perfekten Urlaub.<\/p>\n<p>Ortskenntnisse und Insidertipps f\u00fcr unsere Kunden.<\/p>\n<p>Sonderangebote und Preisnachl\u00e4sse<\/p>\n<p>S\u00e4mtliche unserer Rundreisen sind durch einen voll versicherten deutschen Reiseveranstalter gesichert.<\/p>\n<p style=\"text-align: center;\"><a class=\"tidycta\" href=\"https:\/\/www.urlaubcornwall.de\/rundreisenservice.php\"> Mehr Info<\/a><\/p>\n","protected":false},"excerpt":{"rendered":"<p>Nordengland bietet eine F\u00fclle von romantischen M\u00f6glichkeiten f\u00fcr Paare. Hier sind einige Beispiele f\u00fcr Sehensw\u00fcrdigkeiten, Aktivit\u00e4ten und historische Orte, die Nordengland zu einem besonderen Reiseziel f\u00fcr Paare machen: Lake District: Der Lake District in Cumbria ist ein idyllisches Ziel f\u00fcr Paare, mit seinen atemberaubenden Seen, malerischen D\u00f6rfern und romantischen Wanderwegen. Unternehmen Sie eine Bootsfahrt auf [&hellip;]<\/p>\n","protected":false},"author":1,"featured_media":0,"parent":0,"menu_order":0,"comment_status":"closed","ping_status":"closed","template":"single-four.php","meta":[],"acf":[],"yoast_head":"<!-- This site is optimized with the Yoast SEO plugin v19.4 - https:\/\/yoast.com\/wordpress\/plugins\/seo\/ -->\n<title>Was ist das Besondere an Nordengland f\u00fcr Paare? - Urlaub &amp; Reisen<\/title>\n<meta name=\"description\" content=\"Nordengland bietet eine F\u00fclle von romantischen M\u00f6glichkeiten f\u00fcr Paare. Hier sind einige Beispiele f\u00fcr Sehensw\u00fcrdigkeiten, Aktivit\u00e4ten und\" \/>\n<meta name=\"robots\" content=\"index, follow, max-snippet:-1, max-image-preview:large, max-video-preview:-1\" \/>\n<link rel=\"canonical\" href=\"https:\/\/www.urlaubcornwall.de\/blog\/besondere-an-nordengland-fuer-paare\/\" \/>\n<meta property=\"og:locale\" content=\"en_US\" \/>\n<meta property=\"og:type\" content=\"article\" \/>\n<meta property=\"og:title\" content=\"Was ist das Besondere an Nordengland f\u00fcr Paare? - Urlaub &amp; Reisen\" \/>\n<meta property=\"og:description\" content=\"Nordengland bietet eine F\u00fclle von romantischen M\u00f6glichkeiten f\u00fcr Paare. Hier sind einige Beispiele f\u00fcr Sehensw\u00fcrdigkeiten, Aktivit\u00e4ten und\" \/>\n<meta property=\"og:url\" content=\"https:\/\/www.urlaubcornwall.de\/blog\/besondere-an-nordengland-fuer-paare\/\" \/>\n<meta property=\"og:site_name\" content=\"Urlaub &amp; Reisen\" \/>\n<meta property=\"article:modified_time\" content=\"2024-05-31T08:34:54+00:00\" \/>\n<meta property=\"og:image\" content=\"https:\/\/www.urlaubcornwall.de\/blog\/wp-content\/uploads\/2024\/05\/york.jpg\" \/>\n<meta name=\"twitter:card\" content=\"summary\" \/>\n<meta name=\"twitter:label1\" content=\"Est. reading time\" \/>\n\t<meta name=\"twitter:data1\" content=\"2 minutes\" \/>\n<script type=\"application\/ld+json\" class=\"yoast-schema-graph\">{\"@context\":\"https:\/\/schema.org\",\"@graph\":[{\"@type\":\"WebSite\",\"@id\":\"https:\/\/www.urlaubcornwall.de\/blog\/#website\",\"url\":\"https:\/\/www.urlaubcornwall.de\/blog\/\",\"name\":\"Urlaub &amp; Reisen\",\"description\":\"Urlaub, Reisen, Cornwall und S\u00fcdengland: eine perfekte Kombination\",\"potentialAction\":[{\"@type\":\"SearchAction\",\"target\":{\"@type\":\"EntryPoint\",\"urlTemplate\":\"https:\/\/www.urlaubcornwall.de\/blog\/?s={search_term_string}\"},\"query-input\":\"required name=search_term_string\"}],\"inLanguage\":\"en-US\"},{\"@type\":\"WebPage\",\"@id\":\"https:\/\/www.urlaubcornwall.de\/blog\/besondere-an-nordengland-fuer-paare\/\",\"url\":\"https:\/\/www.urlaubcornwall.de\/blog\/besondere-an-nordengland-fuer-paare\/\",\"name\":\"Was ist das Besondere an Nordengland f\u00fcr Paare? - Urlaub &amp; Reisen\",\"isPartOf\":{\"@id\":\"https:\/\/www.urlaubcornwall.de\/blog\/#website\"},\"datePublished\":\"2023-06-14T08:08:10+00:00\",\"dateModified\":\"2024-05-31T08:34:54+00:00\",\"description\":\"Nordengland bietet eine F\u00fclle von romantischen M\u00f6glichkeiten f\u00fcr Paare. Hier sind einige Beispiele f\u00fcr Sehensw\u00fcrdigkeiten, Aktivit\u00e4ten und\",\"breadcrumb\":{\"@id\":\"https:\/\/www.urlaubcornwall.de\/blog\/besondere-an-nordengland-fuer-paare\/#breadcrumb\"},\"inLanguage\":\"en-US\",\"potentialAction\":[{\"@type\":\"ReadAction\",\"target\":[\"https:\/\/www.urlaubcornwall.de\/blog\/besondere-an-nordengland-fuer-paare\/\"]}]},{\"@type\":\"BreadcrumbList\",\"@id\":\"https:\/\/www.urlaubcornwall.de\/blog\/besondere-an-nordengland-fuer-paare\/#breadcrumb\",\"itemListElement\":[{\"@type\":\"ListItem\",\"position\":1,\"name\":\"Home\",\"item\":\"https:\/\/www.urlaubcornwall.de\/blog\/\"},{\"@type\":\"ListItem\",\"position\":2,\"name\":\"Was ist das Besondere an Nordengland f\u00fcr Paare?\"}]}]}<\/script>\n<!-- \/ Yoast SEO plugin. -->","yoast_head_json":{"title":"Was ist das Besondere an Nordengland f\u00fcr Paare? - Urlaub &amp; Reisen","description":"Nordengland bietet eine F\u00fclle von romantischen M\u00f6glichkeiten f\u00fcr Paare. Hier sind einige Beispiele f\u00fcr Sehensw\u00fcrdigkeiten, Aktivit\u00e4ten und","robots":{"index":"index","follow":"follow","max-snippet":"max-snippet:-1","max-image-preview":"max-image-preview:large","max-video-preview":"max-video-preview:-1"},"canonical":"https:\/\/www.urlaubcornwall.de\/blog\/besondere-an-nordengland-fuer-paare\/","og_locale":"en_US","og_type":"article","og_title":"Was ist das Besondere an Nordengland f\u00fcr Paare? - Urlaub &amp; Reisen","og_description":"Nordengland bietet eine F\u00fclle von romantischen M\u00f6glichkeiten f\u00fcr Paare. Hier sind einige Beispiele f\u00fcr Sehensw\u00fcrdigkeiten, Aktivit\u00e4ten und","og_url":"https:\/\/www.urlaubcornwall.de\/blog\/besondere-an-nordengland-fuer-paare\/","og_site_name":"Urlaub &amp; Reisen","article_modified_time":"2024-05-31T08:34:54+00:00","og_image":[{"url":"https:\/\/www.urlaubcornwall.de\/blog\/wp-content\/uploads\/2024\/05\/york.jpg"}],"twitter_card":"summary","twitter_misc":{"Est. reading time":"2 minutes"},"schema":{"@context":"https:\/\/schema.org","@graph":[{"@type":"WebSite","@id":"https:\/\/www.urlaubcornwall.de\/blog\/#website","url":"https:\/\/www.urlaubcornwall.de\/blog\/","name":"Urlaub &amp; Reisen","description":"Urlaub, Reisen, Cornwall und S\u00fcdengland: eine perfekte Kombination","potentialAction":[{"@type":"SearchAction","target":{"@type":"EntryPoint","urlTemplate":"https:\/\/www.urlaubcornwall.de\/blog\/?s={search_term_string}"},"query-input":"required name=search_term_string"}],"inLanguage":"en-US"},{"@type":"WebPage","@id":"https:\/\/www.urlaubcornwall.de\/blog\/besondere-an-nordengland-fuer-paare\/","url":"https:\/\/www.urlaubcornwall.de\/blog\/besondere-an-nordengland-fuer-paare\/","name":"Was ist das Besondere an Nordengland f\u00fcr Paare? - Urlaub &amp; Reisen","isPartOf":{"@id":"https:\/\/www.urlaubcornwall.de\/blog\/#website"},"datePublished":"2023-06-14T08:08:10+00:00","dateModified":"2024-05-31T08:34:54+00:00","description":"Nordengland bietet eine F\u00fclle von romantischen M\u00f6glichkeiten f\u00fcr Paare. Hier sind einige Beispiele f\u00fcr Sehensw\u00fcrdigkeiten, Aktivit\u00e4ten und","breadcrumb":{"@id":"https:\/\/www.urlaubcornwall.de\/blog\/besondere-an-nordengland-fuer-paare\/#breadcrumb"},"inLanguage":"en-US","potentialAction":[{"@type":"ReadAction","target":["https:\/\/www.urlaubcornwall.de\/blog\/besondere-an-nordengland-fuer-paare\/"]}]},{"@type":"BreadcrumbList","@id":"https:\/\/www.urlaubcornwall.de\/blog\/besondere-an-nordengland-fuer-paare\/#breadcrumb","itemListElement":[{"@type":"ListItem","position":1,"name":"Home","item":"https:\/\/www.urlaubcornwall.de\/blog\/"},{"@type":"ListItem","position":2,"name":"Was ist das Besondere an Nordengland f\u00fcr Paare?"}]}]}},"_links":{"self":[{"href":"https:\/\/www.urlaubcornwall.de\/blog\/wp-json\/wp\/v2\/pages\/46728"}],"collection":[{"href":"https:\/\/www.urlaubcornwall.de\/blog\/wp-json\/wp\/v2\/pages"}],"about":[{"href":"https:\/\/www.urlaubcornwall.de\/blog\/wp-json\/wp\/v2\/types\/page"}],"author":[{"embeddable":true,"href":"https:\/\/www.urlaubcornwall.de\/blog\/wp-json\/wp\/v2\/users\/1"}],"replies":[{"embeddable":true,"href":"https:\/\/www.urlaubcornwall.de\/blog\/wp-json\/wp\/v2\/comments?post=46728"}],"version-history":[{"count":7,"href":"https:\/\/www.urlaubcornwall.de\/blog\/wp-json\/wp\/v2\/pages\/46728\/revisions"}],"predecessor-version":[{"id":51249,"href":"https:\/\/www.urlaubcornwall.de\/blog\/wp-json\/wp\/v2\/pages\/46728\/revisions\/51249"}],"wp:attachment":[{"href":"https:\/\/www.urlaubcornwall.de\/blog\/wp-json\/wp\/v2\/media?parent=46728"}],"curies":[{"name":"wp","href":"https:\/\/api.w.org\/{rel}","templated":true}]}}