{"id":46613,"date":"2023-05-16T10:20:49","date_gmt":"2023-05-16T10:20:49","guid":{"rendered":"https:\/\/www.urlaubcornwall.de\/blog\/?page_id=46613"},"modified":"2024-04-09T12:43:47","modified_gmt":"2024-04-09T12:43:47","slug":"wie-macht-man-das-beste-aus-einem-urlaub-in-irland","status":"publish","type":"page","link":"https:\/\/www.urlaubcornwall.de\/blog\/wie-macht-man-das-beste-aus-einem-urlaub-in-irland\/","title":{"rendered":"Wie macht man das Beste aus einem Urlaub in Irland?"},"content":{"rendered":"<p>Ein <a href=\"https:\/\/www.urlaubcornwall.de\/blog\/erleben-sie-irland-die-emerald-insel\/\">Besuch in Irland<\/a> bietet eine F\u00fclle von M\u00f6glichkeiten, um die atemberaubende Landschaft, die reiche Geschichte, die lebendige Kultur und die herzliche Gastfreundschaft dieses Landes zu erleben. Hier sind einige Tipps, wie Sie das Beste aus <a href=\"https:\/\/www.urlaubcornwall.de\/blog\/rundreisen-irland\/\">Ihrer Reise nach Irland<\/a> machen k\u00f6nnen:<\/p>\n<p><strong>\u00dcbernachtungsm\u00f6glichkeiten:<\/strong><\/p>\n<p><img loading=\"lazy\" class=\"aligncenter size-full wp-image-34719\" src=\"https:\/\/www.urlaubcornwall.de\/blog\/wp-content\/uploads\/2018\/12\/wild-atlantic-way-cork-irland.jpg\" alt=\"wild atlantic way cork irland\" width=\"750\" height=\"413\" srcset=\"https:\/\/www.urlaubcornwall.de\/blog\/wp-content\/uploads\/2018\/12\/wild-atlantic-way-cork-irland.jpg 748w, https:\/\/www.urlaubcornwall.de\/blog\/wp-content\/uploads\/2018\/12\/wild-atlantic-way-cork-irland-300x166.jpg 300w\" sizes=\"(max-width: 750px) 100vw, 750px\" \/><\/p>\n<p><a href=\"https:\/\/www.urlaubcornwall.de\/blog\/luxus-rundreise-irland-schlosshotels-irland\/\">Dublin<\/a>: Die Hauptstadt Irlands bietet eine gro\u00dfe Auswahl an Hotels, Hostels und Bed &amp; Breakfasts f\u00fcr jeden Geschmack und jedes Budget. Von hier aus k\u00f6nnen Sie die lebendige Atmosph\u00e4re der Stadt genie\u00dfen und Tagesausfl\u00fcge in die Umgebung unternehmen.<\/p>\n<p>Galway: Diese charmante Stadt an der Westk\u00fcste bietet eine Vielzahl von Unterk\u00fcnften, darunter historische Hotels, gem\u00fctliche Pensionen und moderne Apartments. Von hier aus k\u00f6nnen Sie die spektakul\u00e4re Landschaft der Connemara-Region erkunden und die traditionelle irische Musikszene erleben.<\/p>\n<p>Killarney: Diese Stadt im S\u00fcdwesten Irlands ist ein beliebtes Touristenziel und bietet eine Auswahl an Unterk\u00fcnften, von luxuri\u00f6sen Hotels bis hin zu gem\u00fctlichen Bed &amp; Breakfasts. Von hier aus k\u00f6nnen Sie den Ring of Kerry erkunden und den Killarney National Park besuchen.<\/p>\n<p><strong>Tagesrouten:<\/strong><\/p>\n<p><a href=\"https:\/\/www.urlaubcornwall.de\/blog\/wp-content\/uploads\/2024\/03\/cliffs-of-moher-irland.jpg\"><img loading=\"lazy\" src=\"https:\/\/www.urlaubcornwall.de\/blog\/wp-content\/uploads\/2024\/03\/cliffs-of-moher-irland.jpg\" alt=\"cliffs of moher irland\" width=\"750\" height=\"500\" class=\"alignnone size-full wp-image-47810\" srcset=\"https:\/\/www.urlaubcornwall.de\/blog\/wp-content\/uploads\/2024\/03\/cliffs-of-moher-irland.jpg 750w, https:\/\/www.urlaubcornwall.de\/blog\/wp-content\/uploads\/2024\/03\/cliffs-of-moher-irland-300x200.jpg 300w\" sizes=\"(max-width: 750px) 100vw, 750px\" \/><\/a><\/p>\n<p><a href=\"https:\/\/www.urlaubcornwall.de\/blog\/irland-kulinarische-reise-9-tage\/\">Ring of Kerry<\/a>: Unternehmen Sie eine malerische Fahrt entlang des Ring of Kerry, einer Route, die Sie durch eine spektakul\u00e4re K\u00fcstenlandschaft, idyllische D\u00f6rfer und historische St\u00e4tten f\u00fchrt. Genie\u00dfen Sie die Aussicht auf den Atlantik und besuchen Sie Sehensw\u00fcrdigkeiten wie den Nationalpark Killarney und das malerische Dorf Sneem.<\/p>\n<p>Giant&#8217;s Causeway: Besuchen Sie das UNESCO-Weltkulturerbe Giant&#8217;s Causeway in Nordirland. Bestaunen Sie die einzigartigen Basalts\u00e4ulen und erkunden Sie die faszinierenden Legenden, die mit diesem Ort verbunden sind.<\/p>\n<p>Cliffs of Moher: Machen Sie einen Ausflug zu den Cliffs of Moher an der Westk\u00fcste Irlands. Erleben Sie die beeindruckenden Klippen, die majest\u00e4tisch aus dem Atlantik aufragen, und genie\u00dfen Sie die atemberaubende Aussicht.<\/p>\n<p><strong>Zu nutzende Stra\u00dfen:<\/strong><\/p>\n<p><img loading=\"lazy\" class=\"aligncenter size-full wp-image-34720\" src=\"https:\/\/www.urlaubcornwall.de\/blog\/wp-content\/uploads\/2018\/12\/wild-atlantic-way-irland.jpg\" alt=\"Beste Reisezeit f\u00fcr Irland\" width=\"750\" height=\"402\"\/><\/p>\n<p><a href=\"https:\/\/www.urlaubcornwall.de\/blog\/wild-atlantic-way-rundreise-irland-10-tage\/\">Wild Atlantic Way<\/a>: Dies ist eine der l\u00e4ngsten K\u00fcstenstra\u00dfen der Welt und f\u00fchrt entlang der spektakul\u00e4ren Westk\u00fcste Irlands. Die Route erstreckt sich \u00fcber 2.500 Kilometer und bietet eine F\u00fclle von Sehensw\u00fcrdigkeiten und atemberaubenden Aussichten.<\/p>\n<p>Molls Gap: Diese malerische Stra\u00dfe f\u00fchrt durch den Killarney National Park und bietet spektakul\u00e4re Ausblicke auf die umliegende Landschaft, einschlie\u00dflich der MacGillycuddy&#8217;s Reeks, der h\u00f6chsten Berge Irlands.<\/p>\n<p>Antrim Coast Road: Diese K\u00fcstenstra\u00dfe in Nordirland f\u00fchrt entlang der nordirischen K\u00fcste und bietet beeindruckende Ausblicke auf das Meer, einschlie\u00dflich des Giant&#8217;s Causeway.<\/p>\n<p>Irland hat ein gut ausgebautes Stra\u00dfennetz, aber auf einigen Nebenstra\u00dfen kann es eng und kurvig sein. Achten Sie auf den Linksverkehr, wenn Sie aus einem Rechtsverkehr-Land kommen.<\/p>\n<h1>Unser Rundreisenservice in Irland<\/h1>\n<p>Weshalb \u00fcber uns buchen?<\/p>\n<p>Firmensitz in Cornwall und ein Team Deutsch sprechender Reisespezialisten.<\/p>\n<p>Wir haben eine Leidenschaft f\u00fcrs Reisen und gestalten den perfekten Urlaub.<\/p>\n<p>Ortskenntnisse und Insidertipps f\u00fcr unsere Kunden.<\/p>\n<p>Sonderangebote und Preisnachl\u00e4sse<\/p>\n<p>S\u00e4mtliche unserer Rundreisen sind durch einen voll versicherten deutschen Reiseveranstalter gesichert.<\/p>\n<p style=\"text-align: center;\"><a class=\"tidycta\" href=\"https:\/\/www.urlaubcornwall.de\/blog\/rundreisen-irland\/\"> Mehr Info<\/a><\/p>\n","protected":false},"excerpt":{"rendered":"<p>Ein Besuch in Irland bietet eine F\u00fclle von M\u00f6glichkeiten, um die atemberaubende Landschaft, die reiche Geschichte, die lebendige Kultur und die herzliche Gastfreundschaft dieses Landes zu erleben. Hier sind einige Tipps, wie Sie das Beste aus Ihrer Reise nach Irland machen k\u00f6nnen: \u00dcbernachtungsm\u00f6glichkeiten: Dublin: Die Hauptstadt Irlands bietet eine gro\u00dfe Auswahl an Hotels, Hostels und [&hellip;]<\/p>\n","protected":false},"author":1,"featured_media":0,"parent":0,"menu_order":0,"comment_status":"closed","ping_status":"closed","template":"single-four.php","meta":[],"acf":[],"yoast_head":"<!-- This site is optimized with the Yoast SEO plugin v19.4 - https:\/\/yoast.com\/wordpress\/plugins\/seo\/ -->\n<title>Wie macht man das Beste aus einem Urlaub in Irland? - Urlaub &amp; Reisen<\/title>\n<meta name=\"robots\" content=\"index, follow, max-snippet:-1, max-image-preview:large, max-video-preview:-1\" \/>\n<link rel=\"canonical\" href=\"https:\/\/www.urlaubcornwall.de\/blog\/wie-macht-man-das-beste-aus-einem-urlaub-in-irland\/\" \/>\n<meta property=\"og:locale\" content=\"en_US\" \/>\n<meta property=\"og:type\" content=\"article\" \/>\n<meta property=\"og:title\" content=\"Wie macht man das Beste aus einem Urlaub in Irland? - Urlaub &amp; Reisen\" \/>\n<meta property=\"og:description\" content=\"Ein Besuch in Irland bietet eine F\u00fclle von M\u00f6glichkeiten, um die atemberaubende Landschaft, die reiche Geschichte, die lebendige Kultur und die herzliche Gastfreundschaft dieses Landes zu erleben. Hier sind einige Tipps, wie Sie das Beste aus Ihrer Reise nach Irland machen k\u00f6nnen: \u00dcbernachtungsm\u00f6glichkeiten: Dublin: Die Hauptstadt Irlands bietet eine gro\u00dfe Auswahl an Hotels, Hostels und [&hellip;]\" \/>\n<meta property=\"og:url\" content=\"https:\/\/www.urlaubcornwall.de\/blog\/wie-macht-man-das-beste-aus-einem-urlaub-in-irland\/\" \/>\n<meta property=\"og:site_name\" content=\"Urlaub &amp; Reisen\" \/>\n<meta property=\"article:modified_time\" content=\"2024-04-09T12:43:47+00:00\" \/>\n<meta property=\"og:image\" content=\"https:\/\/www.urlaubcornwall.de\/blog\/wp-content\/uploads\/2018\/12\/wild-atlantic-way-cork-irland.jpg\" \/>\n<meta name=\"twitter:card\" content=\"summary\" \/>\n<meta name=\"twitter:label1\" content=\"Est. reading time\" \/>\n\t<meta name=\"twitter:data1\" content=\"3 minutes\" \/>\n<script type=\"application\/ld+json\" class=\"yoast-schema-graph\">{\"@context\":\"https:\/\/schema.org\",\"@graph\":[{\"@type\":\"WebSite\",\"@id\":\"https:\/\/www.urlaubcornwall.de\/blog\/#website\",\"url\":\"https:\/\/www.urlaubcornwall.de\/blog\/\",\"name\":\"Urlaub &amp; Reisen\",\"description\":\"Urlaub, Reisen, Cornwall und S\u00fcdengland: eine perfekte Kombination\",\"potentialAction\":[{\"@type\":\"SearchAction\",\"target\":{\"@type\":\"EntryPoint\",\"urlTemplate\":\"https:\/\/www.urlaubcornwall.de\/blog\/?s={search_term_string}\"},\"query-input\":\"required name=search_term_string\"}],\"inLanguage\":\"en-US\"},{\"@type\":\"WebPage\",\"@id\":\"https:\/\/www.urlaubcornwall.de\/blog\/wie-macht-man-das-beste-aus-einem-urlaub-in-irland\/\",\"url\":\"https:\/\/www.urlaubcornwall.de\/blog\/wie-macht-man-das-beste-aus-einem-urlaub-in-irland\/\",\"name\":\"Wie macht man das Beste aus einem Urlaub in Irland? - Urlaub &amp; Reisen\",\"isPartOf\":{\"@id\":\"https:\/\/www.urlaubcornwall.de\/blog\/#website\"},\"datePublished\":\"2023-05-16T10:20:49+00:00\",\"dateModified\":\"2024-04-09T12:43:47+00:00\",\"breadcrumb\":{\"@id\":\"https:\/\/www.urlaubcornwall.de\/blog\/wie-macht-man-das-beste-aus-einem-urlaub-in-irland\/#breadcrumb\"},\"inLanguage\":\"en-US\",\"potentialAction\":[{\"@type\":\"ReadAction\",\"target\":[\"https:\/\/www.urlaubcornwall.de\/blog\/wie-macht-man-das-beste-aus-einem-urlaub-in-irland\/\"]}]},{\"@type\":\"BreadcrumbList\",\"@id\":\"https:\/\/www.urlaubcornwall.de\/blog\/wie-macht-man-das-beste-aus-einem-urlaub-in-irland\/#breadcrumb\",\"itemListElement\":[{\"@type\":\"ListItem\",\"position\":1,\"name\":\"Home\",\"item\":\"https:\/\/www.urlaubcornwall.de\/blog\/\"},{\"@type\":\"ListItem\",\"position\":2,\"name\":\"Wie macht man das Beste aus einem Urlaub in Irland?\"}]}]}<\/script>\n<!-- \/ Yoast SEO plugin. -->","yoast_head_json":{"title":"Wie macht man das Beste aus einem Urlaub in Irland? - Urlaub &amp; Reisen","robots":{"index":"index","follow":"follow","max-snippet":"max-snippet:-1","max-image-preview":"max-image-preview:large","max-video-preview":"max-video-preview:-1"},"canonical":"https:\/\/www.urlaubcornwall.de\/blog\/wie-macht-man-das-beste-aus-einem-urlaub-in-irland\/","og_locale":"en_US","og_type":"article","og_title":"Wie macht man das Beste aus einem Urlaub in Irland? - Urlaub &amp; Reisen","og_description":"Ein Besuch in Irland bietet eine F\u00fclle von M\u00f6glichkeiten, um die atemberaubende Landschaft, die reiche Geschichte, die lebendige Kultur und die herzliche Gastfreundschaft dieses Landes zu erleben. Hier sind einige Tipps, wie Sie das Beste aus Ihrer Reise nach Irland machen k\u00f6nnen: \u00dcbernachtungsm\u00f6glichkeiten: Dublin: Die Hauptstadt Irlands bietet eine gro\u00dfe Auswahl an Hotels, Hostels und [&hellip;]","og_url":"https:\/\/www.urlaubcornwall.de\/blog\/wie-macht-man-das-beste-aus-einem-urlaub-in-irland\/","og_site_name":"Urlaub &amp; Reisen","article_modified_time":"2024-04-09T12:43:47+00:00","og_image":[{"url":"https:\/\/www.urlaubcornwall.de\/blog\/wp-content\/uploads\/2018\/12\/wild-atlantic-way-cork-irland.jpg"}],"twitter_card":"summary","twitter_misc":{"Est. reading time":"3 minutes"},"schema":{"@context":"https:\/\/schema.org","@graph":[{"@type":"WebSite","@id":"https:\/\/www.urlaubcornwall.de\/blog\/#website","url":"https:\/\/www.urlaubcornwall.de\/blog\/","name":"Urlaub &amp; Reisen","description":"Urlaub, Reisen, Cornwall und S\u00fcdengland: eine perfekte Kombination","potentialAction":[{"@type":"SearchAction","target":{"@type":"EntryPoint","urlTemplate":"https:\/\/www.urlaubcornwall.de\/blog\/?s={search_term_string}"},"query-input":"required name=search_term_string"}],"inLanguage":"en-US"},{"@type":"WebPage","@id":"https:\/\/www.urlaubcornwall.de\/blog\/wie-macht-man-das-beste-aus-einem-urlaub-in-irland\/","url":"https:\/\/www.urlaubcornwall.de\/blog\/wie-macht-man-das-beste-aus-einem-urlaub-in-irland\/","name":"Wie macht man das Beste aus einem Urlaub in Irland? - Urlaub &amp; Reisen","isPartOf":{"@id":"https:\/\/www.urlaubcornwall.de\/blog\/#website"},"datePublished":"2023-05-16T10:20:49+00:00","dateModified":"2024-04-09T12:43:47+00:00","breadcrumb":{"@id":"https:\/\/www.urlaubcornwall.de\/blog\/wie-macht-man-das-beste-aus-einem-urlaub-in-irland\/#breadcrumb"},"inLanguage":"en-US","potentialAction":[{"@type":"ReadAction","target":["https:\/\/www.urlaubcornwall.de\/blog\/wie-macht-man-das-beste-aus-einem-urlaub-in-irland\/"]}]},{"@type":"BreadcrumbList","@id":"https:\/\/www.urlaubcornwall.de\/blog\/wie-macht-man-das-beste-aus-einem-urlaub-in-irland\/#breadcrumb","itemListElement":[{"@type":"ListItem","position":1,"name":"Home","item":"https:\/\/www.urlaubcornwall.de\/blog\/"},{"@type":"ListItem","position":2,"name":"Wie macht man das Beste aus einem Urlaub in Irland?"}]}]}},"_links":{"self":[{"href":"https:\/\/www.urlaubcornwall.de\/blog\/wp-json\/wp\/v2\/pages\/46613"}],"collection":[{"href":"https:\/\/www.urlaubcornwall.de\/blog\/wp-json\/wp\/v2\/pages"}],"about":[{"href":"https:\/\/www.urlaubcornwall.de\/blog\/wp-json\/wp\/v2\/types\/page"}],"author":[{"embeddable":true,"href":"https:\/\/www.urlaubcornwall.de\/blog\/wp-json\/wp\/v2\/users\/1"}],"replies":[{"embeddable":true,"href":"https:\/\/www.urlaubcornwall.de\/blog\/wp-json\/wp\/v2\/comments?post=46613"}],"version-history":[{"count":4,"href":"https:\/\/www.urlaubcornwall.de\/blog\/wp-json\/wp\/v2\/pages\/46613\/revisions"}],"predecessor-version":[{"id":49182,"href":"https:\/\/www.urlaubcornwall.de\/blog\/wp-json\/wp\/v2\/pages\/46613\/revisions\/49182"}],"wp:attachment":[{"href":"https:\/\/www.urlaubcornwall.de\/blog\/wp-json\/wp\/v2\/media?parent=46613"}],"curies":[{"name":"wp","href":"https:\/\/api.w.org\/{rel}","templated":true}]}}