{"id":46574,"date":"2023-05-11T11:19:31","date_gmt":"2023-05-11T11:19:31","guid":{"rendered":"https:\/\/www.urlaubcornwall.de\/blog\/?page_id=46574"},"modified":"2024-04-15T08:22:45","modified_gmt":"2024-04-15T08:22:45","slug":"wie-warm-ist-es-im-sommer-in-wales","status":"publish","type":"page","link":"https:\/\/www.urlaubcornwall.de\/blog\/wie-warm-ist-es-im-sommer-in-wales\/","title":{"rendered":"Wie warm ist es im Sommer in Wales?"},"content":{"rendered":"<p><img loading=\"lazy\" class=\"aligncenter size-full wp-image-47959\" src=\"https:\/\/www.urlaubcornwall.de\/blog\/wp-content\/uploads\/2024\/03\/gower-halbinsel-wales-1.jpg\" alt=\"gower halbinsel wales\" width=\"750\" height=\"500\" srcset=\"https:\/\/www.urlaubcornwall.de\/blog\/wp-content\/uploads\/2024\/03\/gower-halbinsel-wales-1.jpg 750w, https:\/\/www.urlaubcornwall.de\/blog\/wp-content\/uploads\/2024\/03\/gower-halbinsel-wales-1-300x200.jpg 300w\" sizes=\"(max-width: 750px) 100vw, 750px\" \/><\/p>\n<p>Im Sommer in <a href=\"https:\/\/www.urlaubcornwall.de\/reiseziel\/wales.php\">Wales<\/a> variiert die Durchschnittstemperatur je nach Region. Allgemein liegt die Durchschnittstemperatur im Sommer zwischen 15 und 20 Grad Celsius. In den w\u00e4rmeren Monaten k\u00f6nnen die Temperaturen jedoch auch \u00fcber 20 Grad Celsius steigen, insbesondere w\u00e4hrend Hitzeperioden. Es ist wichtig zu beachten, dass das Wetter in Wales recht wechselhaft sein kann und dass Regen auch im Sommer h\u00e4ufig vorkommen kann. Es empfiehlt sich, die \u00f6rtlichen Wettervorhersagen zu \u00fcberpr\u00fcfen, um genaue Informationen zur aktuellen Temperatur und Wetterbedingungen im <a href=\"https:\/\/www.urlaubcornwall.de\/ferienhaeuser\/wales.php\">Sommer in Wales<\/a> zu erhalten.<\/p>\n<h1>Unser Rundreisenservice f\u00fcr Wales<\/h1>\n<p>Weshalb \u00fcber uns buchen?<\/p>\n<p>Firmensitz in Cornwall und ein Team Deutsch sprechender Reisespezialisten.<\/p>\n<p>Wir haben eine Leidenschaft f\u00fcrs Reisen und gestalten den perfekten Urlaub.<\/p>\n<p>Ortskenntnisse und Insidertipps f\u00fcr unsere Kunden.<\/p>\n<p>Sonderangebote und Preisnachl\u00e4sse<\/p>\n<p>S\u00e4mtliche unserer Rundreisen sind durch einen voll versicherten deutschen Reiseveranstalter gesichert.<\/p>\n<p style=\"text-align: center;\"><a class=\"tidycta\" href=\"https:\/\/www.urlaubcornwall.de\/blog\/rundreisen-england-wales\/\"> Mehr Info<\/a><\/p>\n<div class=\"snippet\"> <a class=\"featured-item\" href=\" https:\/\/www.urlaubcornwall.de\/ferienhaeuser\/wales.php\"> <span class=\"image-holder\" style=\"background-image: url(' https:\/\/www.urlaubcornwall.de\/blog\/wp-content\/uploads\/2018\/12\/busreisen-wales-england.jpg');\"><\/span> <span class=\"featured-content\"> \n<h2 class=\"featured-title\">Bei uns finden Sie Ferienh\u00e4user in Wales zum Verlieben!<\/h2>\n<p class=\"featured-body\">Untenstehend finden Sie eine Auswahl an Selbstversorger-Ferienh\u00e4usern in Wales. Hier finden Sie handverlesene, pers\u00f6nlich inspizierte Cottages entlang der walisischen K\u00fcste&#8230;..<\/p>\n<\/span> <span class=\"featured-link-holder\"> <span class=\"featured-extra-info\"> \n<p>F\u00fcr Paare, Familien &#038; Gruppen<\/p>\n<\/span> \n<p class=\"featured-link\">DETAILS<\/p>\n<\/span> <\/a><\/div>\n","protected":false},"excerpt":{"rendered":"<p>Im Sommer in Wales variiert die Durchschnittstemperatur je nach Region. Allgemein liegt die Durchschnittstemperatur im Sommer zwischen 15 und 20 Grad Celsius. In den w\u00e4rmeren Monaten k\u00f6nnen die Temperaturen jedoch auch \u00fcber 20 Grad Celsius steigen, insbesondere w\u00e4hrend Hitzeperioden. Es ist wichtig zu beachten, dass das Wetter in Wales recht wechselhaft sein kann und dass [&hellip;]<\/p>\n","protected":false},"author":1,"featured_media":0,"parent":0,"menu_order":0,"comment_status":"closed","ping_status":"closed","template":"single-four.php","meta":[],"acf":[],"yoast_head":"<!-- This site is optimized with the Yoast SEO plugin v19.4 - https:\/\/yoast.com\/wordpress\/plugins\/seo\/ -->\n<title>Wie warm ist es im Sommer in Wales? - Urlaub &amp; Reisen<\/title>\n<meta name=\"robots\" content=\"index, follow, max-snippet:-1, max-image-preview:large, max-video-preview:-1\" \/>\n<link rel=\"canonical\" href=\"https:\/\/www.urlaubcornwall.de\/blog\/wie-warm-ist-es-im-sommer-in-wales\/\" \/>\n<meta property=\"og:locale\" content=\"en_US\" \/>\n<meta property=\"og:type\" content=\"article\" \/>\n<meta property=\"og:title\" content=\"Wie warm ist es im Sommer in Wales? - Urlaub &amp; Reisen\" \/>\n<meta property=\"og:description\" content=\"Im Sommer in Wales variiert die Durchschnittstemperatur je nach Region. Allgemein liegt die Durchschnittstemperatur im Sommer zwischen 15 und 20 Grad Celsius. In den w\u00e4rmeren Monaten k\u00f6nnen die Temperaturen jedoch auch \u00fcber 20 Grad Celsius steigen, insbesondere w\u00e4hrend Hitzeperioden. Es ist wichtig zu beachten, dass das Wetter in Wales recht wechselhaft sein kann und dass [&hellip;]\" \/>\n<meta property=\"og:url\" content=\"https:\/\/www.urlaubcornwall.de\/blog\/wie-warm-ist-es-im-sommer-in-wales\/\" \/>\n<meta property=\"og:site_name\" content=\"Urlaub &amp; Reisen\" \/>\n<meta property=\"article:modified_time\" content=\"2024-04-15T08:22:45+00:00\" \/>\n<meta property=\"og:image\" content=\"https:\/\/www.urlaubcornwall.de\/blog\/wp-content\/uploads\/2024\/03\/gower-halbinsel-wales-1.jpg\" \/>\n<meta name=\"twitter:card\" content=\"summary\" \/>\n<meta name=\"twitter:label1\" content=\"Est. reading time\" \/>\n\t<meta name=\"twitter:data1\" content=\"1 minute\" \/>\n<script type=\"application\/ld+json\" class=\"yoast-schema-graph\">{\"@context\":\"https:\/\/schema.org\",\"@graph\":[{\"@type\":\"WebSite\",\"@id\":\"https:\/\/www.urlaubcornwall.de\/blog\/#website\",\"url\":\"https:\/\/www.urlaubcornwall.de\/blog\/\",\"name\":\"Urlaub &amp; Reisen\",\"description\":\"Urlaub, Reisen, Cornwall und S\u00fcdengland: eine perfekte Kombination\",\"potentialAction\":[{\"@type\":\"SearchAction\",\"target\":{\"@type\":\"EntryPoint\",\"urlTemplate\":\"https:\/\/www.urlaubcornwall.de\/blog\/?s={search_term_string}\"},\"query-input\":\"required name=search_term_string\"}],\"inLanguage\":\"en-US\"},{\"@type\":\"WebPage\",\"@id\":\"https:\/\/www.urlaubcornwall.de\/blog\/wie-warm-ist-es-im-sommer-in-wales\/\",\"url\":\"https:\/\/www.urlaubcornwall.de\/blog\/wie-warm-ist-es-im-sommer-in-wales\/\",\"name\":\"Wie warm ist es im Sommer in Wales? - Urlaub &amp; Reisen\",\"isPartOf\":{\"@id\":\"https:\/\/www.urlaubcornwall.de\/blog\/#website\"},\"datePublished\":\"2023-05-11T11:19:31+00:00\",\"dateModified\":\"2024-04-15T08:22:45+00:00\",\"breadcrumb\":{\"@id\":\"https:\/\/www.urlaubcornwall.de\/blog\/wie-warm-ist-es-im-sommer-in-wales\/#breadcrumb\"},\"inLanguage\":\"en-US\",\"potentialAction\":[{\"@type\":\"ReadAction\",\"target\":[\"https:\/\/www.urlaubcornwall.de\/blog\/wie-warm-ist-es-im-sommer-in-wales\/\"]}]},{\"@type\":\"BreadcrumbList\",\"@id\":\"https:\/\/www.urlaubcornwall.de\/blog\/wie-warm-ist-es-im-sommer-in-wales\/#breadcrumb\",\"itemListElement\":[{\"@type\":\"ListItem\",\"position\":1,\"name\":\"Home\",\"item\":\"https:\/\/www.urlaubcornwall.de\/blog\/\"},{\"@type\":\"ListItem\",\"position\":2,\"name\":\"Wie warm ist es im Sommer in Wales?\"}]}]}<\/script>\n<!-- \/ Yoast SEO plugin. -->","yoast_head_json":{"title":"Wie warm ist es im Sommer in Wales? - Urlaub &amp; Reisen","robots":{"index":"index","follow":"follow","max-snippet":"max-snippet:-1","max-image-preview":"max-image-preview:large","max-video-preview":"max-video-preview:-1"},"canonical":"https:\/\/www.urlaubcornwall.de\/blog\/wie-warm-ist-es-im-sommer-in-wales\/","og_locale":"en_US","og_type":"article","og_title":"Wie warm ist es im Sommer in Wales? - Urlaub &amp; Reisen","og_description":"Im Sommer in Wales variiert die Durchschnittstemperatur je nach Region. Allgemein liegt die Durchschnittstemperatur im Sommer zwischen 15 und 20 Grad Celsius. In den w\u00e4rmeren Monaten k\u00f6nnen die Temperaturen jedoch auch \u00fcber 20 Grad Celsius steigen, insbesondere w\u00e4hrend Hitzeperioden. Es ist wichtig zu beachten, dass das Wetter in Wales recht wechselhaft sein kann und dass [&hellip;]","og_url":"https:\/\/www.urlaubcornwall.de\/blog\/wie-warm-ist-es-im-sommer-in-wales\/","og_site_name":"Urlaub &amp; Reisen","article_modified_time":"2024-04-15T08:22:45+00:00","og_image":[{"url":"https:\/\/www.urlaubcornwall.de\/blog\/wp-content\/uploads\/2024\/03\/gower-halbinsel-wales-1.jpg"}],"twitter_card":"summary","twitter_misc":{"Est. reading time":"1 minute"},"schema":{"@context":"https:\/\/schema.org","@graph":[{"@type":"WebSite","@id":"https:\/\/www.urlaubcornwall.de\/blog\/#website","url":"https:\/\/www.urlaubcornwall.de\/blog\/","name":"Urlaub &amp; Reisen","description":"Urlaub, Reisen, Cornwall und S\u00fcdengland: eine perfekte Kombination","potentialAction":[{"@type":"SearchAction","target":{"@type":"EntryPoint","urlTemplate":"https:\/\/www.urlaubcornwall.de\/blog\/?s={search_term_string}"},"query-input":"required name=search_term_string"}],"inLanguage":"en-US"},{"@type":"WebPage","@id":"https:\/\/www.urlaubcornwall.de\/blog\/wie-warm-ist-es-im-sommer-in-wales\/","url":"https:\/\/www.urlaubcornwall.de\/blog\/wie-warm-ist-es-im-sommer-in-wales\/","name":"Wie warm ist es im Sommer in Wales? - Urlaub &amp; Reisen","isPartOf":{"@id":"https:\/\/www.urlaubcornwall.de\/blog\/#website"},"datePublished":"2023-05-11T11:19:31+00:00","dateModified":"2024-04-15T08:22:45+00:00","breadcrumb":{"@id":"https:\/\/www.urlaubcornwall.de\/blog\/wie-warm-ist-es-im-sommer-in-wales\/#breadcrumb"},"inLanguage":"en-US","potentialAction":[{"@type":"ReadAction","target":["https:\/\/www.urlaubcornwall.de\/blog\/wie-warm-ist-es-im-sommer-in-wales\/"]}]},{"@type":"BreadcrumbList","@id":"https:\/\/www.urlaubcornwall.de\/blog\/wie-warm-ist-es-im-sommer-in-wales\/#breadcrumb","itemListElement":[{"@type":"ListItem","position":1,"name":"Home","item":"https:\/\/www.urlaubcornwall.de\/blog\/"},{"@type":"ListItem","position":2,"name":"Wie warm ist es im Sommer in Wales?"}]}]}},"_links":{"self":[{"href":"https:\/\/www.urlaubcornwall.de\/blog\/wp-json\/wp\/v2\/pages\/46574"}],"collection":[{"href":"https:\/\/www.urlaubcornwall.de\/blog\/wp-json\/wp\/v2\/pages"}],"about":[{"href":"https:\/\/www.urlaubcornwall.de\/blog\/wp-json\/wp\/v2\/types\/page"}],"author":[{"embeddable":true,"href":"https:\/\/www.urlaubcornwall.de\/blog\/wp-json\/wp\/v2\/users\/1"}],"replies":[{"embeddable":true,"href":"https:\/\/www.urlaubcornwall.de\/blog\/wp-json\/wp\/v2\/comments?post=46574"}],"version-history":[{"count":2,"href":"https:\/\/www.urlaubcornwall.de\/blog\/wp-json\/wp\/v2\/pages\/46574\/revisions"}],"predecessor-version":[{"id":49379,"href":"https:\/\/www.urlaubcornwall.de\/blog\/wp-json\/wp\/v2\/pages\/46574\/revisions\/49379"}],"wp:attachment":[{"href":"https:\/\/www.urlaubcornwall.de\/blog\/wp-json\/wp\/v2\/media?parent=46574"}],"curies":[{"name":"wp","href":"https:\/\/api.w.org\/{rel}","templated":true}]}}