{"id":46562,"date":"2023-05-09T09:21:03","date_gmt":"2023-05-09T09:21:03","guid":{"rendered":"https:\/\/www.urlaubcornwall.de\/blog\/?page_id=46562"},"modified":"2024-05-31T12:12:50","modified_gmt":"2024-05-31T12:12:50","slug":"ist-shropshire-schoen","status":"publish","type":"page","link":"https:\/\/www.urlaubcornwall.de\/blog\/ist-shropshire-schoen\/","title":{"rendered":"Ist Shropshire sch\u00f6n?"},"content":{"rendered":"<p>Ja, <a href=\"https:\/\/www.urlaubcornwall.de\/ferienhaeuser-fewos\/eng\/shropshire\/shropshire.html\">Shropshire ist eine wundersch\u00f6ne Grafschaft in England<\/a> mit einer reichen Geschichte und vielen Sehensw\u00fcrdigkeiten. Hier sind einige Beispiele:<\/p>\n<p><a href=\"https:\/\/www.urlaubcornwall.de\/ferienhaeuser-fewos\/eng\/shropshire\/ironbridge.html\">Ironbridge Gorge<\/a>: Dieser Ort ist ein UNESCO-Weltkulturerbe und ein wichtiger Teil der Industriegeschichte Gro\u00dfbritanniens. Die Gegend ist bekannt f\u00fcr ihre zahlreichen Eisenh\u00fctten und die weltweit erste gusseiserne Br\u00fccke, die hier gebaut wurde.<\/p>\n<p><a href=\"https:\/\/www.urlaubcornwall.de\/ferienhaeuser-fewos\/eng\/shropshire\/ludlow.html\">Ludlow Castle<\/a>: Eine der am besten erhaltenen Burgen des Landes, die im 11. Jahrhundert erbaut wurde. Es ist der Geburtsort von Prinz Arthur Tudor, dem \u00e4lteren Bruder von K\u00f6nig Heinrich VIII.<\/p>\n<p><a href=\"https:\/\/www.urlaubcornwall.de\/ferienhaeuser-fewos\/eng\/shropshire\/shrewsbury.html\">Shrewsbury Abbey<\/a>: Eine normannische Abtei, die im 11. Jahrhundert gegr\u00fcndet wurde. Sie war einst die Heimat von St. Winifred und wurde sp\u00e4ter von Heinrich VIII. zerst\u00f6rt.<\/p>\n<p>Wroxeter Roman City: Eine r\u00f6mische Siedlung, die im 1. Jahrhundert gegr\u00fcndet wurde. Sie war einst eine wichtige Stadt und das Zentrum des r\u00f6mischen Lebens in der Region.<\/p>\n<p>The Long Mynd: Ein beliebtes Wandergebiet in Shropshire mit atemberaubenden Aussichten und einer Vielzahl von Wanderwegen.<\/p>\n<p>Hawkstone Park &amp; Follies: Eine einzigartige Landschaft aus Felsen, H\u00f6hlen und Follies, die im 18. Jahrhundert erbaut wurde.<\/p>\n<p>The Stiperstones: Eine markante Bergkette, die aus Quarzit besteht und eine atemberaubende Aussicht bietet.<\/p>\n<p>Insgesamt bietet Shropshire eine wundersch\u00f6ne Landschaft und viele historische St\u00e4tten, die es zu einem sch\u00f6nen Ziel f\u00fcr Touristen machen.<\/p>\n<p style=\"text-align: center;\"><a class=\"tidycta\" href=\"https:\/\/www.urlaubcornwall.de\/ferienhaeuser-fewos\/eng\/shropshire\/shropshire.html\">Ferienh\u00e4user in Shropshire<\/a><\/p>\n<p>UrlaubCornwall.de hat eine einzigartige Sammlung pers\u00f6nlich inspizierter Ferienh\u00e4user und Ferienwohnungen in England, <a href=\"https:\/\/www.urlaubcornwall.de\/ferienhaeuser\/suedengland.php\">S\u00fcdengland<\/a> und nun auch im gesamten Gro\u00dfbritannien. <\/p>\n<h1>Unser Rundreisenservice f\u00fcr England<\/h1>\n<p>Weshalb \u00fcber uns buchen?<\/p>\n<p>Firmensitz in Cornwall und ein Team Deutsch sprechender Reisespezialisten.<\/p>\n<p>Wir haben eine Leidenschaft f\u00fcrs Reisen und gestalten den perfekten Urlaub.<\/p>\n<p>Ortskenntnisse und Insidertipps f\u00fcr unsere Kunden.<\/p>\n<p>Sonderangebote und Preisnachl\u00e4sse<\/p>\n<p>S\u00e4mtliche unserer Rundreisen sind durch einen voll versicherten deutschen Reiseveranstalter gesichert.<\/p>\n<p style=\"text-align: center;\"><a class=\"tidycta\" href=\"https:\/\/www.urlaubcornwall.de\/rundreisenservice.php\"> Mehr Info<\/a><\/p>\n","protected":false},"excerpt":{"rendered":"<p>Ja, Shropshire ist eine wundersch\u00f6ne Grafschaft in England mit einer reichen Geschichte und vielen Sehensw\u00fcrdigkeiten. Hier sind einige Beispiele: Ironbridge Gorge: Dieser Ort ist ein UNESCO-Weltkulturerbe und ein wichtiger Teil der Industriegeschichte Gro\u00dfbritanniens. Die Gegend ist bekannt f\u00fcr ihre zahlreichen Eisenh\u00fctten und die weltweit erste gusseiserne Br\u00fccke, die hier gebaut wurde. Ludlow Castle: Eine der [&hellip;]<\/p>\n","protected":false},"author":1,"featured_media":0,"parent":0,"menu_order":0,"comment_status":"closed","ping_status":"closed","template":"single-four.php","meta":[],"acf":[],"yoast_head":"<!-- This site is optimized with the Yoast SEO plugin v19.4 - https:\/\/yoast.com\/wordpress\/plugins\/seo\/ -->\n<title>Ist Shropshire sch\u00f6n? - Urlaub &amp; Reisen<\/title>\n<meta name=\"robots\" content=\"index, follow, max-snippet:-1, max-image-preview:large, max-video-preview:-1\" \/>\n<link rel=\"canonical\" href=\"https:\/\/www.urlaubcornwall.de\/blog\/ist-shropshire-schoen\/\" \/>\n<meta property=\"og:locale\" content=\"en_US\" \/>\n<meta property=\"og:type\" content=\"article\" \/>\n<meta property=\"og:title\" content=\"Ist Shropshire sch\u00f6n? - Urlaub &amp; Reisen\" \/>\n<meta property=\"og:description\" content=\"Ja, Shropshire ist eine wundersch\u00f6ne Grafschaft in England mit einer reichen Geschichte und vielen Sehensw\u00fcrdigkeiten. Hier sind einige Beispiele: Ironbridge Gorge: Dieser Ort ist ein UNESCO-Weltkulturerbe und ein wichtiger Teil der Industriegeschichte Gro\u00dfbritanniens. Die Gegend ist bekannt f\u00fcr ihre zahlreichen Eisenh\u00fctten und die weltweit erste gusseiserne Br\u00fccke, die hier gebaut wurde. Ludlow Castle: Eine der [&hellip;]\" \/>\n<meta property=\"og:url\" content=\"https:\/\/www.urlaubcornwall.de\/blog\/ist-shropshire-schoen\/\" \/>\n<meta property=\"og:site_name\" content=\"Urlaub &amp; Reisen\" \/>\n<meta property=\"article:modified_time\" content=\"2024-05-31T12:12:50+00:00\" \/>\n<meta name=\"twitter:card\" content=\"summary\" \/>\n<meta name=\"twitter:label1\" content=\"Est. reading time\" \/>\n\t<meta name=\"twitter:data1\" content=\"2 minutes\" \/>\n<script type=\"application\/ld+json\" class=\"yoast-schema-graph\">{\"@context\":\"https:\/\/schema.org\",\"@graph\":[{\"@type\":\"WebSite\",\"@id\":\"https:\/\/www.urlaubcornwall.de\/blog\/#website\",\"url\":\"https:\/\/www.urlaubcornwall.de\/blog\/\",\"name\":\"Urlaub &amp; Reisen\",\"description\":\"Urlaub, Reisen, Cornwall und S\u00fcdengland: eine perfekte Kombination\",\"potentialAction\":[{\"@type\":\"SearchAction\",\"target\":{\"@type\":\"EntryPoint\",\"urlTemplate\":\"https:\/\/www.urlaubcornwall.de\/blog\/?s={search_term_string}\"},\"query-input\":\"required name=search_term_string\"}],\"inLanguage\":\"en-US\"},{\"@type\":\"WebPage\",\"@id\":\"https:\/\/www.urlaubcornwall.de\/blog\/ist-shropshire-schoen\/\",\"url\":\"https:\/\/www.urlaubcornwall.de\/blog\/ist-shropshire-schoen\/\",\"name\":\"Ist Shropshire sch\u00f6n? - Urlaub &amp; Reisen\",\"isPartOf\":{\"@id\":\"https:\/\/www.urlaubcornwall.de\/blog\/#website\"},\"datePublished\":\"2023-05-09T09:21:03+00:00\",\"dateModified\":\"2024-05-31T12:12:50+00:00\",\"breadcrumb\":{\"@id\":\"https:\/\/www.urlaubcornwall.de\/blog\/ist-shropshire-schoen\/#breadcrumb\"},\"inLanguage\":\"en-US\",\"potentialAction\":[{\"@type\":\"ReadAction\",\"target\":[\"https:\/\/www.urlaubcornwall.de\/blog\/ist-shropshire-schoen\/\"]}]},{\"@type\":\"BreadcrumbList\",\"@id\":\"https:\/\/www.urlaubcornwall.de\/blog\/ist-shropshire-schoen\/#breadcrumb\",\"itemListElement\":[{\"@type\":\"ListItem\",\"position\":1,\"name\":\"Home\",\"item\":\"https:\/\/www.urlaubcornwall.de\/blog\/\"},{\"@type\":\"ListItem\",\"position\":2,\"name\":\"Ist Shropshire sch\u00f6n?\"}]}]}<\/script>\n<!-- \/ Yoast SEO plugin. -->","yoast_head_json":{"title":"Ist Shropshire sch\u00f6n? - Urlaub &amp; Reisen","robots":{"index":"index","follow":"follow","max-snippet":"max-snippet:-1","max-image-preview":"max-image-preview:large","max-video-preview":"max-video-preview:-1"},"canonical":"https:\/\/www.urlaubcornwall.de\/blog\/ist-shropshire-schoen\/","og_locale":"en_US","og_type":"article","og_title":"Ist Shropshire sch\u00f6n? - Urlaub &amp; Reisen","og_description":"Ja, Shropshire ist eine wundersch\u00f6ne Grafschaft in England mit einer reichen Geschichte und vielen Sehensw\u00fcrdigkeiten. Hier sind einige Beispiele: Ironbridge Gorge: Dieser Ort ist ein UNESCO-Weltkulturerbe und ein wichtiger Teil der Industriegeschichte Gro\u00dfbritanniens. Die Gegend ist bekannt f\u00fcr ihre zahlreichen Eisenh\u00fctten und die weltweit erste gusseiserne Br\u00fccke, die hier gebaut wurde. Ludlow Castle: Eine der [&hellip;]","og_url":"https:\/\/www.urlaubcornwall.de\/blog\/ist-shropshire-schoen\/","og_site_name":"Urlaub &amp; Reisen","article_modified_time":"2024-05-31T12:12:50+00:00","twitter_card":"summary","twitter_misc":{"Est. reading time":"2 minutes"},"schema":{"@context":"https:\/\/schema.org","@graph":[{"@type":"WebSite","@id":"https:\/\/www.urlaubcornwall.de\/blog\/#website","url":"https:\/\/www.urlaubcornwall.de\/blog\/","name":"Urlaub &amp; Reisen","description":"Urlaub, Reisen, Cornwall und S\u00fcdengland: eine perfekte Kombination","potentialAction":[{"@type":"SearchAction","target":{"@type":"EntryPoint","urlTemplate":"https:\/\/www.urlaubcornwall.de\/blog\/?s={search_term_string}"},"query-input":"required name=search_term_string"}],"inLanguage":"en-US"},{"@type":"WebPage","@id":"https:\/\/www.urlaubcornwall.de\/blog\/ist-shropshire-schoen\/","url":"https:\/\/www.urlaubcornwall.de\/blog\/ist-shropshire-schoen\/","name":"Ist Shropshire sch\u00f6n? - Urlaub &amp; Reisen","isPartOf":{"@id":"https:\/\/www.urlaubcornwall.de\/blog\/#website"},"datePublished":"2023-05-09T09:21:03+00:00","dateModified":"2024-05-31T12:12:50+00:00","breadcrumb":{"@id":"https:\/\/www.urlaubcornwall.de\/blog\/ist-shropshire-schoen\/#breadcrumb"},"inLanguage":"en-US","potentialAction":[{"@type":"ReadAction","target":["https:\/\/www.urlaubcornwall.de\/blog\/ist-shropshire-schoen\/"]}]},{"@type":"BreadcrumbList","@id":"https:\/\/www.urlaubcornwall.de\/blog\/ist-shropshire-schoen\/#breadcrumb","itemListElement":[{"@type":"ListItem","position":1,"name":"Home","item":"https:\/\/www.urlaubcornwall.de\/blog\/"},{"@type":"ListItem","position":2,"name":"Ist Shropshire sch\u00f6n?"}]}]}},"_links":{"self":[{"href":"https:\/\/www.urlaubcornwall.de\/blog\/wp-json\/wp\/v2\/pages\/46562"}],"collection":[{"href":"https:\/\/www.urlaubcornwall.de\/blog\/wp-json\/wp\/v2\/pages"}],"about":[{"href":"https:\/\/www.urlaubcornwall.de\/blog\/wp-json\/wp\/v2\/types\/page"}],"author":[{"embeddable":true,"href":"https:\/\/www.urlaubcornwall.de\/blog\/wp-json\/wp\/v2\/users\/1"}],"replies":[{"embeddable":true,"href":"https:\/\/www.urlaubcornwall.de\/blog\/wp-json\/wp\/v2\/comments?post=46562"}],"version-history":[{"count":2,"href":"https:\/\/www.urlaubcornwall.de\/blog\/wp-json\/wp\/v2\/pages\/46562\/revisions"}],"predecessor-version":[{"id":51364,"href":"https:\/\/www.urlaubcornwall.de\/blog\/wp-json\/wp\/v2\/pages\/46562\/revisions\/51364"}],"wp:attachment":[{"href":"https:\/\/www.urlaubcornwall.de\/blog\/wp-json\/wp\/v2\/media?parent=46562"}],"curies":[{"name":"wp","href":"https:\/\/api.w.org\/{rel}","templated":true}]}}