{"id":46501,"date":"2023-05-02T08:03:05","date_gmt":"2023-05-02T08:03:05","guid":{"rendered":"https:\/\/www.urlaubcornwall.de\/blog\/?page_id=46501"},"modified":"2024-05-28T11:55:12","modified_gmt":"2024-05-28T11:55:12","slug":"was-ist-besonders-an-fort-william","status":"publish","type":"page","link":"https:\/\/www.urlaubcornwall.de\/blog\/was-ist-besonders-an-fort-william\/","title":{"rendered":"Was ist besonders an Fort William?"},"content":{"rendered":"<p><a href=\"https:\/\/www.urlaubcornwall.de\/blog\/wp-content\/uploads\/2024\/03\/ferienhaus-fuer-gruppen-fort-william.jpg\"><img loading=\"lazy\" src=\"https:\/\/www.urlaubcornwall.de\/blog\/wp-content\/uploads\/2024\/03\/ferienhaus-fuer-gruppen-fort-william.jpg\" alt=\"ferienhaus fuer gruppen fort william\" width=\"750\" height=\"563\" class=\"alignnone size-full wp-image-48276\" srcset=\"https:\/\/www.urlaubcornwall.de\/blog\/wp-content\/uploads\/2024\/03\/ferienhaus-fuer-gruppen-fort-william.jpg 750w, https:\/\/www.urlaubcornwall.de\/blog\/wp-content\/uploads\/2024\/03\/ferienhaus-fuer-gruppen-fort-william-300x225.jpg 300w\" sizes=\"(max-width: 750px) 100vw, 750px\" \/><\/a><\/p>\n<p><a href=\"https:\/\/www.urlaubcornwall.de\/ferienhaeuser-fewos\/sco\/nordschottland\/fort-william.html\">Fort William ist eine Stadt im schottischen Hochland<\/a> und ist bekannt f\u00fcr ihre spektakul\u00e4re Landschaft und die vielen Outdoor-Aktivit\u00e4ten, die man hier machen kann. Hier sind einige Orte, die Sie besuchen sollten und was sie besonders macht:<\/p>\n<p>Ben Nevis &#8211; Dieser Berg ist der h\u00f6chste in Gro\u00dfbritannien und ein beliebtes Ziel f\u00fcr Wanderer und Bergsteiger. Es gibt verschiedene Routen, die man w\u00e4hlen kann, je nach Fitnesslevel und Erfahrung.<\/p>\n<p>Glen Nevis &#8211; Dieses Tal ist ein wundersch\u00f6nes Naturschutzgebiet mit spektakul\u00e4ren Landschaften und vielen Wanderwegen. Es ist auch der Ort, an dem viele Szenen des Films &#8220;Braveheart&#8221; gedreht wurden.<\/p>\n<p>Neptuns-Treppe &#8211; Diese Schleusentreppe am Caledonian Canal ist ein technisches Meisterwerk und ein beeindruckendes Beispiel f\u00fcr die Ingenieurskunst des 19. Jahrhunderts.<\/p>\n<p>West Highland Museum &#8211; Dieses Museum bietet einen Einblick in die Geschichte der Region und zeigt Exponate aus der Geschichte von Fort William und der Umgebung.<\/p>\n<p>Steall Falls &#8211; Diese spektakul\u00e4ren Wasserf\u00e4lle sind ein beliebtes Ziel f\u00fcr Wanderer und bieten eine beeindruckende Kulisse f\u00fcr Fotos und Erinnerungen.<\/p>\n<p>Fort William ist auch ein guter Ausgangspunkt f\u00fcr Touren durch die schottischen Highlands und Inseln. Die Stadt hat eine reiche Kultur und Geschichte, die man durch den Besuch von Museen und Galerien erkunden kann.<\/p>\n<h1>Unser Rundreisenservice in Schottland<\/h1>\n<p>Weshalb \u00fcber uns buchen?<\/p>\n<p>Firmensitz in Cornwall und ein Team Deutsch sprechender Reisespezialisten.<\/p>\n<p>Wir haben eine Leidenschaft f\u00fcrs Reisen und gestalten den perfekten Urlaub.<\/p>\n<p>Ortskenntnisse und Insidertipps f\u00fcr unsere Kunden.<\/p>\n<p>Sonderangebote und Preisnachl\u00e4sse<\/p>\n<p>S\u00e4mtliche unserer Rundreisen sind durch einen voll versicherten deutschen Reiseveranstalter gesichert.<\/p>\n<p style=\"text-align: center;\"><a class=\"tidycta\" href=\"https:\/\/www.urlaubcornwall.de\/blog\/rundreisen-schottland\/\"> Mehr Info<\/a><\/p>\n<div class=\"snippet\"> <a class=\"featured-item\" href=\" https:\/\/www.urlaubcornwall.de\/ferienhaeuser\/schottland.php\"> <span class=\"image-holder\" style=\"background-image: url('https:\/\/www.urlaubcornwall.de\/blog\/wp-content\/uploads\/2019\/01\/urlaub-schottland-highlands-1.jpg ');\"><\/span> <span class=\"featured-content\"> \n<h2 class=\"featured-title\">Bei uns finden Sie Ferienh\u00e4user in Schottland zum Verlieben!<\/h2>\n<p class=\"featured-body\">Untenstehend finden Sie eine Auswahl an Ferienh\u00e4usern in Schottland. Hier finden Sie pers\u00f6nlich inspizierte Cottages entlang der schottischen K\u00fcste, in den schottischen Highlands und auf den Inseln&#8230;..<\/p>\n<\/span> <span class=\"featured-link-holder\"> <span class=\"featured-extra-info\"> \n<p>F\u00fcr Paare, Familien &#038; Gruppen<\/p>\n<\/span> \n<p class=\"featured-link\">DETAILS<\/p>\n<\/span> <\/a><\/div>\n","protected":false},"excerpt":{"rendered":"<p>Fort William ist eine Stadt im schottischen Hochland und ist bekannt f\u00fcr ihre spektakul\u00e4re Landschaft und die vielen Outdoor-Aktivit\u00e4ten, die man hier machen kann. Hier sind einige Orte, die Sie besuchen sollten und was sie besonders macht: Ben Nevis &#8211; Dieser Berg ist der h\u00f6chste in Gro\u00dfbritannien und ein beliebtes Ziel f\u00fcr Wanderer und Bergsteiger. [&hellip;]<\/p>\n","protected":false},"author":1,"featured_media":0,"parent":0,"menu_order":0,"comment_status":"closed","ping_status":"closed","template":"single-four.php","meta":[],"acf":[],"yoast_head":"<!-- This site is optimized with the Yoast SEO plugin v19.4 - https:\/\/yoast.com\/wordpress\/plugins\/seo\/ -->\n<title>Was ist besonders an Fort William? - Urlaub &amp; Reisen<\/title>\n<meta name=\"description\" content=\"Fort William ist eine Stadt im schottischen Hochland und ist bekannt f\u00fcr ihre spektakul\u00e4re Landschaft und die vielen Outdoor-Aktivit\u00e4ten\" \/>\n<meta name=\"robots\" content=\"index, follow, max-snippet:-1, max-image-preview:large, max-video-preview:-1\" \/>\n<link rel=\"canonical\" href=\"https:\/\/www.urlaubcornwall.de\/blog\/was-ist-besonders-an-fort-william\/\" \/>\n<meta property=\"og:locale\" content=\"en_US\" \/>\n<meta property=\"og:type\" content=\"article\" \/>\n<meta property=\"og:title\" content=\"Was ist besonders an Fort William? - Urlaub &amp; Reisen\" \/>\n<meta property=\"og:description\" content=\"Fort William ist eine Stadt im schottischen Hochland und ist bekannt f\u00fcr ihre spektakul\u00e4re Landschaft und die vielen Outdoor-Aktivit\u00e4ten\" \/>\n<meta property=\"og:url\" content=\"https:\/\/www.urlaubcornwall.de\/blog\/was-ist-besonders-an-fort-william\/\" \/>\n<meta property=\"og:site_name\" content=\"Urlaub &amp; Reisen\" \/>\n<meta property=\"article:modified_time\" content=\"2024-05-28T11:55:12+00:00\" \/>\n<meta property=\"og:image\" content=\"https:\/\/www.urlaubcornwall.de\/blog\/wp-content\/uploads\/2024\/03\/ferienhaus-fuer-gruppen-fort-william.jpg\" \/>\n<meta name=\"twitter:card\" content=\"summary\" \/>\n<meta name=\"twitter:label1\" content=\"Est. reading time\" \/>\n\t<meta name=\"twitter:data1\" content=\"2 minutes\" \/>\n<script type=\"application\/ld+json\" class=\"yoast-schema-graph\">{\"@context\":\"https:\/\/schema.org\",\"@graph\":[{\"@type\":\"WebSite\",\"@id\":\"https:\/\/www.urlaubcornwall.de\/blog\/#website\",\"url\":\"https:\/\/www.urlaubcornwall.de\/blog\/\",\"name\":\"Urlaub &amp; Reisen\",\"description\":\"Urlaub, Reisen, Cornwall und S\u00fcdengland: eine perfekte Kombination\",\"potentialAction\":[{\"@type\":\"SearchAction\",\"target\":{\"@type\":\"EntryPoint\",\"urlTemplate\":\"https:\/\/www.urlaubcornwall.de\/blog\/?s={search_term_string}\"},\"query-input\":\"required name=search_term_string\"}],\"inLanguage\":\"en-US\"},{\"@type\":\"WebPage\",\"@id\":\"https:\/\/www.urlaubcornwall.de\/blog\/was-ist-besonders-an-fort-william\/\",\"url\":\"https:\/\/www.urlaubcornwall.de\/blog\/was-ist-besonders-an-fort-william\/\",\"name\":\"Was ist besonders an Fort William? - Urlaub &amp; Reisen\",\"isPartOf\":{\"@id\":\"https:\/\/www.urlaubcornwall.de\/blog\/#website\"},\"datePublished\":\"2023-05-02T08:03:05+00:00\",\"dateModified\":\"2024-05-28T11:55:12+00:00\",\"description\":\"Fort William ist eine Stadt im schottischen Hochland und ist bekannt f\u00fcr ihre spektakul\u00e4re Landschaft und die vielen Outdoor-Aktivit\u00e4ten\",\"breadcrumb\":{\"@id\":\"https:\/\/www.urlaubcornwall.de\/blog\/was-ist-besonders-an-fort-william\/#breadcrumb\"},\"inLanguage\":\"en-US\",\"potentialAction\":[{\"@type\":\"ReadAction\",\"target\":[\"https:\/\/www.urlaubcornwall.de\/blog\/was-ist-besonders-an-fort-william\/\"]}]},{\"@type\":\"BreadcrumbList\",\"@id\":\"https:\/\/www.urlaubcornwall.de\/blog\/was-ist-besonders-an-fort-william\/#breadcrumb\",\"itemListElement\":[{\"@type\":\"ListItem\",\"position\":1,\"name\":\"Home\",\"item\":\"https:\/\/www.urlaubcornwall.de\/blog\/\"},{\"@type\":\"ListItem\",\"position\":2,\"name\":\"Was ist besonders an Fort William?\"}]}]}<\/script>\n<!-- \/ Yoast SEO plugin. -->","yoast_head_json":{"title":"Was ist besonders an Fort William? - Urlaub &amp; Reisen","description":"Fort William ist eine Stadt im schottischen Hochland und ist bekannt f\u00fcr ihre spektakul\u00e4re Landschaft und die vielen Outdoor-Aktivit\u00e4ten","robots":{"index":"index","follow":"follow","max-snippet":"max-snippet:-1","max-image-preview":"max-image-preview:large","max-video-preview":"max-video-preview:-1"},"canonical":"https:\/\/www.urlaubcornwall.de\/blog\/was-ist-besonders-an-fort-william\/","og_locale":"en_US","og_type":"article","og_title":"Was ist besonders an Fort William? - Urlaub &amp; Reisen","og_description":"Fort William ist eine Stadt im schottischen Hochland und ist bekannt f\u00fcr ihre spektakul\u00e4re Landschaft und die vielen Outdoor-Aktivit\u00e4ten","og_url":"https:\/\/www.urlaubcornwall.de\/blog\/was-ist-besonders-an-fort-william\/","og_site_name":"Urlaub &amp; Reisen","article_modified_time":"2024-05-28T11:55:12+00:00","og_image":[{"url":"https:\/\/www.urlaubcornwall.de\/blog\/wp-content\/uploads\/2024\/03\/ferienhaus-fuer-gruppen-fort-william.jpg"}],"twitter_card":"summary","twitter_misc":{"Est. reading time":"2 minutes"},"schema":{"@context":"https:\/\/schema.org","@graph":[{"@type":"WebSite","@id":"https:\/\/www.urlaubcornwall.de\/blog\/#website","url":"https:\/\/www.urlaubcornwall.de\/blog\/","name":"Urlaub &amp; Reisen","description":"Urlaub, Reisen, Cornwall und S\u00fcdengland: eine perfekte Kombination","potentialAction":[{"@type":"SearchAction","target":{"@type":"EntryPoint","urlTemplate":"https:\/\/www.urlaubcornwall.de\/blog\/?s={search_term_string}"},"query-input":"required name=search_term_string"}],"inLanguage":"en-US"},{"@type":"WebPage","@id":"https:\/\/www.urlaubcornwall.de\/blog\/was-ist-besonders-an-fort-william\/","url":"https:\/\/www.urlaubcornwall.de\/blog\/was-ist-besonders-an-fort-william\/","name":"Was ist besonders an Fort William? - Urlaub &amp; Reisen","isPartOf":{"@id":"https:\/\/www.urlaubcornwall.de\/blog\/#website"},"datePublished":"2023-05-02T08:03:05+00:00","dateModified":"2024-05-28T11:55:12+00:00","description":"Fort William ist eine Stadt im schottischen Hochland und ist bekannt f\u00fcr ihre spektakul\u00e4re Landschaft und die vielen Outdoor-Aktivit\u00e4ten","breadcrumb":{"@id":"https:\/\/www.urlaubcornwall.de\/blog\/was-ist-besonders-an-fort-william\/#breadcrumb"},"inLanguage":"en-US","potentialAction":[{"@type":"ReadAction","target":["https:\/\/www.urlaubcornwall.de\/blog\/was-ist-besonders-an-fort-william\/"]}]},{"@type":"BreadcrumbList","@id":"https:\/\/www.urlaubcornwall.de\/blog\/was-ist-besonders-an-fort-william\/#breadcrumb","itemListElement":[{"@type":"ListItem","position":1,"name":"Home","item":"https:\/\/www.urlaubcornwall.de\/blog\/"},{"@type":"ListItem","position":2,"name":"Was ist besonders an Fort William?"}]}]}},"_links":{"self":[{"href":"https:\/\/www.urlaubcornwall.de\/blog\/wp-json\/wp\/v2\/pages\/46501"}],"collection":[{"href":"https:\/\/www.urlaubcornwall.de\/blog\/wp-json\/wp\/v2\/pages"}],"about":[{"href":"https:\/\/www.urlaubcornwall.de\/blog\/wp-json\/wp\/v2\/types\/page"}],"author":[{"embeddable":true,"href":"https:\/\/www.urlaubcornwall.de\/blog\/wp-json\/wp\/v2\/users\/1"}],"replies":[{"embeddable":true,"href":"https:\/\/www.urlaubcornwall.de\/blog\/wp-json\/wp\/v2\/comments?post=46501"}],"version-history":[{"count":3,"href":"https:\/\/www.urlaubcornwall.de\/blog\/wp-json\/wp\/v2\/pages\/46501\/revisions"}],"predecessor-version":[{"id":50372,"href":"https:\/\/www.urlaubcornwall.de\/blog\/wp-json\/wp\/v2\/pages\/46501\/revisions\/50372"}],"wp:attachment":[{"href":"https:\/\/www.urlaubcornwall.de\/blog\/wp-json\/wp\/v2\/media?parent=46501"}],"curies":[{"name":"wp","href":"https:\/\/api.w.org\/{rel}","templated":true}]}}