{"id":46494,"date":"2023-05-02T08:29:26","date_gmt":"2023-05-02T08:29:26","guid":{"rendered":"https:\/\/www.urlaubcornwall.de\/blog\/?page_id=46494"},"modified":"2024-02-28T03:06:07","modified_gmt":"2024-02-28T03:06:07","slug":"was-ist-schoener-schottland-oder-suedengland","status":"publish","type":"page","link":"https:\/\/www.urlaubcornwall.de\/blog\/was-ist-schoener-schottland-oder-suedengland\/","title":{"rendered":"Was ist sch\u00f6ner Schottland oder S\u00fcdengland?"},"content":{"rendered":"<p>Schottland und S\u00fcdengland haben beide einzigartige Merkmale, die sie attraktiv machen.<\/p>\n<p><img loading=\"lazy\" class=\"aligncenter size-full wp-image-46325\" src=\"https:\/\/www.urlaubcornwall.de\/blog\/wp-content\/uploads\/2023\/04\/schottland-highlands.jpg\" alt=\"schottland highlands\" width=\"750\" height=\"563\" srcset=\"https:\/\/www.urlaubcornwall.de\/blog\/wp-content\/uploads\/2023\/04\/schottland-highlands.jpg 750w, https:\/\/www.urlaubcornwall.de\/blog\/wp-content\/uploads\/2023\/04\/schottland-highlands-300x225.jpg 300w\" sizes=\"(max-width: 750px) 100vw, 750px\" \/><\/p>\n<p><a href=\"https:\/\/www.urlaubcornwall.de\/reiseziel\/schottland.php\">Schottland hat atemberaubende Landschaften wie die Highlands<\/a>, Seen und Inseln, sowie eine reiche Kultur und Geschichte, die sich in der Architektur, der Musik und dem Essen widerspiegelt. Die St\u00e4dte Edinburgh und Glasgow bieten auch eine pulsierende Kunstszene und eine F\u00fclle von kulturellen Aktivit\u00e4ten.<\/p>\n<p><a href=\"https:\/\/www.urlaubcornwall.de\/blog\/wp-content\/uploads\/2018\/07\/mottisfont-abbey-garten-rose.jpg\"><img loading=\"lazy\" src=\"https:\/\/www.urlaubcornwall.de\/blog\/wp-content\/uploads\/2018\/07\/mottisfont-abbey-garten-rose.jpg\" alt=\"mottisfont abbey garten rose\" width=\"747\" height=\"395\" class=\"alignnone size-full wp-image-34026\" srcset=\"https:\/\/www.urlaubcornwall.de\/blog\/wp-content\/uploads\/2018\/07\/mottisfont-abbey-garten-rose.jpg 747w, https:\/\/www.urlaubcornwall.de\/blog\/wp-content\/uploads\/2018\/07\/mottisfont-abbey-garten-rose-300x159.jpg 300w\" sizes=\"(max-width: 747px) 100vw, 747px\" \/><\/a><\/p>\n<p><a href=\"https:\/\/www.urlaubcornwall.de\/reiseziel\/suedengland.php\">S\u00fcdengland hat auch eine faszinierende Geschichte und Kultur<\/a> mit vielen historischen St\u00e4dten und Denkm\u00e4lern wie Stonehenge, Bath und Canterbury. Die Landschaften in S\u00fcdengland sind von \u00fcppigen gr\u00fcnen H\u00fcgeln und malerischen K\u00fcsten gepr\u00e4gt, die in den Cotswolds und der Jurassic Coast zu finden sind. Es gibt auch viele charmante D\u00f6rfer und St\u00e4dte wie Oxford und Stratford-upon-Avon.<\/p>\n<p>Letztendlich h\u00e4ngt es von Ihren Vorlieben ab, ob Sie die majest\u00e4tischen Landschaften und kulturellen Reicht\u00fcmer Schottlands bevorzugen oder die reiche Geschichte und malerische Landschaft S\u00fcdenglands bevorzugen.<\/p>\n<h1>Unser Rundreisenservice f\u00fcr Schottland oder S\u00fcdengland<\/h1>\n<p>Weshalb \u00fcber uns buchen?<\/p>\n<p>Firmensitz in Cornwall und ein Team Deutsch sprechender Reisespezialisten.<\/p>\n<p>Wir haben eine Leidenschaft f\u00fcrs Reisen und gestalten den perfekten Urlaub.<\/p>\n<p>Ortskenntnisse und Insidertipps f\u00fcr unsere Kunden.<\/p>\n<p>Sonderangebote und Preisnachl\u00e4sse<\/p>\n<p>S\u00e4mtliche unserer Rundreisen sind durch einen voll versicherten deutschen Reiseveranstalter gesichert.<\/p>\n<p style=\"text-align: center;\"><a class=\"tidycta\" href=\"https:\/\/www.urlaubcornwall.de\/rundreisenservice.php\"> Mehr Info<\/a><\/p>\n","protected":false},"excerpt":{"rendered":"<p>Schottland und S\u00fcdengland haben beide einzigartige Merkmale, die sie attraktiv machen. Schottland hat atemberaubende Landschaften wie die Highlands, Seen und Inseln, sowie eine reiche Kultur und Geschichte, die sich in der Architektur, der Musik und dem Essen widerspiegelt. Die St\u00e4dte Edinburgh und Glasgow bieten auch eine pulsierende Kunstszene und eine F\u00fclle von kulturellen Aktivit\u00e4ten. S\u00fcdengland [&hellip;]<\/p>\n","protected":false},"author":1,"featured_media":0,"parent":0,"menu_order":0,"comment_status":"closed","ping_status":"closed","template":"single-four.php","meta":[],"acf":[],"yoast_head":"<!-- This site is optimized with the Yoast SEO plugin v19.4 - https:\/\/yoast.com\/wordpress\/plugins\/seo\/ -->\n<title>Was ist sch\u00f6ner Schottland oder S\u00fcdengland? - Urlaub &amp; Reisen<\/title>\n<meta name=\"description\" content=\"Schottland hat atemberaubende Landschaften wie die Highlands, Seen und Inseln, sowie eine reiche Kultur und Geschichte, die sich in der\" \/>\n<meta name=\"robots\" content=\"index, follow, max-snippet:-1, max-image-preview:large, max-video-preview:-1\" \/>\n<link rel=\"canonical\" href=\"https:\/\/www.urlaubcornwall.de\/blog\/was-ist-schoener-schottland-oder-suedengland\/\" \/>\n<meta property=\"og:locale\" content=\"en_US\" \/>\n<meta property=\"og:type\" content=\"article\" \/>\n<meta property=\"og:title\" content=\"Was ist sch\u00f6ner Schottland oder S\u00fcdengland? - Urlaub &amp; Reisen\" \/>\n<meta property=\"og:description\" content=\"Schottland hat atemberaubende Landschaften wie die Highlands, Seen und Inseln, sowie eine reiche Kultur und Geschichte, die sich in der\" \/>\n<meta property=\"og:url\" content=\"https:\/\/www.urlaubcornwall.de\/blog\/was-ist-schoener-schottland-oder-suedengland\/\" \/>\n<meta property=\"og:site_name\" content=\"Urlaub &amp; Reisen\" \/>\n<meta property=\"article:modified_time\" content=\"2024-02-28T03:06:07+00:00\" \/>\n<meta property=\"og:image\" content=\"https:\/\/www.urlaubcornwall.de\/blog\/wp-content\/uploads\/2023\/04\/schottland-highlands.jpg\" \/>\n<meta name=\"twitter:card\" content=\"summary\" \/>\n<meta name=\"twitter:label1\" content=\"Est. reading time\" \/>\n\t<meta name=\"twitter:data1\" content=\"2 minutes\" \/>\n<script type=\"application\/ld+json\" class=\"yoast-schema-graph\">{\"@context\":\"https:\/\/schema.org\",\"@graph\":[{\"@type\":\"WebSite\",\"@id\":\"https:\/\/www.urlaubcornwall.de\/blog\/#website\",\"url\":\"https:\/\/www.urlaubcornwall.de\/blog\/\",\"name\":\"Urlaub &amp; Reisen\",\"description\":\"Urlaub, Reisen, Cornwall und S\u00fcdengland: eine perfekte Kombination\",\"potentialAction\":[{\"@type\":\"SearchAction\",\"target\":{\"@type\":\"EntryPoint\",\"urlTemplate\":\"https:\/\/www.urlaubcornwall.de\/blog\/?s={search_term_string}\"},\"query-input\":\"required name=search_term_string\"}],\"inLanguage\":\"en-US\"},{\"@type\":\"WebPage\",\"@id\":\"https:\/\/www.urlaubcornwall.de\/blog\/was-ist-schoener-schottland-oder-suedengland\/\",\"url\":\"https:\/\/www.urlaubcornwall.de\/blog\/was-ist-schoener-schottland-oder-suedengland\/\",\"name\":\"Was ist sch\u00f6ner Schottland oder S\u00fcdengland? - Urlaub &amp; Reisen\",\"isPartOf\":{\"@id\":\"https:\/\/www.urlaubcornwall.de\/blog\/#website\"},\"datePublished\":\"2023-05-02T08:29:26+00:00\",\"dateModified\":\"2024-02-28T03:06:07+00:00\",\"description\":\"Schottland hat atemberaubende Landschaften wie die Highlands, Seen und Inseln, sowie eine reiche Kultur und Geschichte, die sich in der\",\"breadcrumb\":{\"@id\":\"https:\/\/www.urlaubcornwall.de\/blog\/was-ist-schoener-schottland-oder-suedengland\/#breadcrumb\"},\"inLanguage\":\"en-US\",\"potentialAction\":[{\"@type\":\"ReadAction\",\"target\":[\"https:\/\/www.urlaubcornwall.de\/blog\/was-ist-schoener-schottland-oder-suedengland\/\"]}]},{\"@type\":\"BreadcrumbList\",\"@id\":\"https:\/\/www.urlaubcornwall.de\/blog\/was-ist-schoener-schottland-oder-suedengland\/#breadcrumb\",\"itemListElement\":[{\"@type\":\"ListItem\",\"position\":1,\"name\":\"Home\",\"item\":\"https:\/\/www.urlaubcornwall.de\/blog\/\"},{\"@type\":\"ListItem\",\"position\":2,\"name\":\"Was ist sch\u00f6ner Schottland oder S\u00fcdengland?\"}]}]}<\/script>\n<!-- \/ Yoast SEO plugin. -->","yoast_head_json":{"title":"Was ist sch\u00f6ner Schottland oder S\u00fcdengland? - Urlaub &amp; Reisen","description":"Schottland hat atemberaubende Landschaften wie die Highlands, Seen und Inseln, sowie eine reiche Kultur und Geschichte, die sich in der","robots":{"index":"index","follow":"follow","max-snippet":"max-snippet:-1","max-image-preview":"max-image-preview:large","max-video-preview":"max-video-preview:-1"},"canonical":"https:\/\/www.urlaubcornwall.de\/blog\/was-ist-schoener-schottland-oder-suedengland\/","og_locale":"en_US","og_type":"article","og_title":"Was ist sch\u00f6ner Schottland oder S\u00fcdengland? - Urlaub &amp; Reisen","og_description":"Schottland hat atemberaubende Landschaften wie die Highlands, Seen und Inseln, sowie eine reiche Kultur und Geschichte, die sich in der","og_url":"https:\/\/www.urlaubcornwall.de\/blog\/was-ist-schoener-schottland-oder-suedengland\/","og_site_name":"Urlaub &amp; Reisen","article_modified_time":"2024-02-28T03:06:07+00:00","og_image":[{"url":"https:\/\/www.urlaubcornwall.de\/blog\/wp-content\/uploads\/2023\/04\/schottland-highlands.jpg"}],"twitter_card":"summary","twitter_misc":{"Est. reading time":"2 minutes"},"schema":{"@context":"https:\/\/schema.org","@graph":[{"@type":"WebSite","@id":"https:\/\/www.urlaubcornwall.de\/blog\/#website","url":"https:\/\/www.urlaubcornwall.de\/blog\/","name":"Urlaub &amp; Reisen","description":"Urlaub, Reisen, Cornwall und S\u00fcdengland: eine perfekte Kombination","potentialAction":[{"@type":"SearchAction","target":{"@type":"EntryPoint","urlTemplate":"https:\/\/www.urlaubcornwall.de\/blog\/?s={search_term_string}"},"query-input":"required name=search_term_string"}],"inLanguage":"en-US"},{"@type":"WebPage","@id":"https:\/\/www.urlaubcornwall.de\/blog\/was-ist-schoener-schottland-oder-suedengland\/","url":"https:\/\/www.urlaubcornwall.de\/blog\/was-ist-schoener-schottland-oder-suedengland\/","name":"Was ist sch\u00f6ner Schottland oder S\u00fcdengland? - Urlaub &amp; Reisen","isPartOf":{"@id":"https:\/\/www.urlaubcornwall.de\/blog\/#website"},"datePublished":"2023-05-02T08:29:26+00:00","dateModified":"2024-02-28T03:06:07+00:00","description":"Schottland hat atemberaubende Landschaften wie die Highlands, Seen und Inseln, sowie eine reiche Kultur und Geschichte, die sich in der","breadcrumb":{"@id":"https:\/\/www.urlaubcornwall.de\/blog\/was-ist-schoener-schottland-oder-suedengland\/#breadcrumb"},"inLanguage":"en-US","potentialAction":[{"@type":"ReadAction","target":["https:\/\/www.urlaubcornwall.de\/blog\/was-ist-schoener-schottland-oder-suedengland\/"]}]},{"@type":"BreadcrumbList","@id":"https:\/\/www.urlaubcornwall.de\/blog\/was-ist-schoener-schottland-oder-suedengland\/#breadcrumb","itemListElement":[{"@type":"ListItem","position":1,"name":"Home","item":"https:\/\/www.urlaubcornwall.de\/blog\/"},{"@type":"ListItem","position":2,"name":"Was ist sch\u00f6ner Schottland oder S\u00fcdengland?"}]}]}},"_links":{"self":[{"href":"https:\/\/www.urlaubcornwall.de\/blog\/wp-json\/wp\/v2\/pages\/46494"}],"collection":[{"href":"https:\/\/www.urlaubcornwall.de\/blog\/wp-json\/wp\/v2\/pages"}],"about":[{"href":"https:\/\/www.urlaubcornwall.de\/blog\/wp-json\/wp\/v2\/types\/page"}],"author":[{"embeddable":true,"href":"https:\/\/www.urlaubcornwall.de\/blog\/wp-json\/wp\/v2\/users\/1"}],"replies":[{"embeddable":true,"href":"https:\/\/www.urlaubcornwall.de\/blog\/wp-json\/wp\/v2\/comments?post=46494"}],"version-history":[{"count":3,"href":"https:\/\/www.urlaubcornwall.de\/blog\/wp-json\/wp\/v2\/pages\/46494\/revisions"}],"predecessor-version":[{"id":47676,"href":"https:\/\/www.urlaubcornwall.de\/blog\/wp-json\/wp\/v2\/pages\/46494\/revisions\/47676"}],"wp:attachment":[{"href":"https:\/\/www.urlaubcornwall.de\/blog\/wp-json\/wp\/v2\/media?parent=46494"}],"curies":[{"name":"wp","href":"https:\/\/api.w.org\/{rel}","templated":true}]}}