{"id":46492,"date":"2023-05-02T08:42:02","date_gmt":"2023-05-02T08:42:02","guid":{"rendered":"https:\/\/www.urlaubcornwall.de\/blog\/?page_id=46492"},"modified":"2024-04-15T15:33:58","modified_gmt":"2024-04-15T15:33:58","slug":"national-trust-herrenhaeuser-schloesser-suedostengland","status":"publish","type":"page","link":"https:\/\/www.urlaubcornwall.de\/blog\/national-trust-herrenhaeuser-schloesser-suedostengland\/","title":{"rendered":"Besten National Trust Herrenh\u00e4user &#038; Schl\u00f6sser in S\u00fcdostengland"},"content":{"rendered":"<p>Der National Trust ist eine Wohlt\u00e4tigkeitsorganisation in Gro\u00dfbritannien, die sich der Erhaltung historischer Geb\u00e4ude, Orte und Landschaften widmet. S\u00fcdostengland ist eine Region, die reich an historischen Geb\u00e4uden ist, die vom National Trust gepflegt werden. In diesem Artikel werden wir einige der besten National Trust Properties in <a href=\"https:\/\/www.urlaubcornwall.de\/ferienhaeuser\/suedengland.php\">S\u00fcdostengland<\/a> erkunden und ihre Geschichte und Architektur genauer betrachten.<\/p>\n<p><img loading=\"lazy\" class=\"aligncenter size-full wp-image-49408\" src=\"https:\/\/www.urlaubcornwall.de\/blog\/wp-content\/uploads\/2024\/04\/chartwell.jpg\" alt=\"chartwell\" width=\"750\" height=\"563\" srcset=\"https:\/\/www.urlaubcornwall.de\/blog\/wp-content\/uploads\/2024\/04\/chartwell.jpg 750w, https:\/\/www.urlaubcornwall.de\/blog\/wp-content\/uploads\/2024\/04\/chartwell-300x225.jpg 300w\" sizes=\"(max-width: 750px) 100vw, 750px\" \/><\/p>\n<p><a href=\"https:\/\/www.nationaltrust.org.uk\/visit\/kent\/chartwell\"rel=\"nofollow\">Chartwell<\/a> ist das ehemalige Zuhause des ehemaligen britischen Premierministers Sir Winston Churchill. Das Anwesen liegt in der N\u00e4he von Westerham in Kent und ist von einer wundersch\u00f6nen Landschaft umgeben. Das Haus wurde im 16. Jahrhundert erbaut und im 19. Jahrhundert umgebaut. Es hat einen markanten roten Backstein und eine Tudor-Fassade. In den Innenr\u00e4umen finden sich viele pers\u00f6nliche Gegenst\u00e4nde von Churchill, darunter seine B\u00fccher, Gem\u00e4lde und M\u00f6bel.<\/p>\n<p><a href=\"https:\/\/www.nationaltrust.org.uk\/visit\/kent\/knole\"rel=\"nofollow\">Knole<\/a> ist ein riesiges Anwesen in <a href=\"https:\/\/www.urlaubcornwall.de\/ferienhaeuser\/kent.php\">Kent<\/a> und hat eine lange Geschichte, die bis ins 15. Jahrhundert zur\u00fcckreicht. Das Haus ist von einem riesigen Park und Wald umgeben und hat eine beeindruckende Tudor-Fassade. Die Innenr\u00e4ume sind mit einer beeindruckenden Sammlung von M\u00f6beln und Gem\u00e4lden ausgestattet, darunter Werke von Van Dyck und Gainsborough.<\/p>\n<p><a href=\"https:\/\/www.nationaltrust.org.uk\/visit\/surrey\/polesden-lacey\"rel=\"nofollow\">Polesden Lacey<\/a> ist ein herrschaftliches Landhaus in Surrey und war einst das Zuhause der bekannten Gastgeberin Margaret Greville. Das Haus wurde im 19. Jahrhundert erbaut und hat eine beeindruckende georgianische Fassade. Die Innenr\u00e4ume sind mit wundersch\u00f6nen M\u00f6beln, Kunstwerken und Silberbesteck ausgestattet, die von Greville gesammelt wurden.<\/p>\n<p><img loading=\"lazy\" class=\"aligncenter size-full wp-image-48103\" src=\"https:\/\/www.urlaubcornwall.de\/blog\/wp-content\/uploads\/2024\/03\/batemans-sussex-kipling.jpg\" alt=\"batemans sussex kipling\" width=\"750\" height=\"563\" srcset=\"https:\/\/www.urlaubcornwall.de\/blog\/wp-content\/uploads\/2024\/03\/batemans-sussex-kipling.jpg 750w, https:\/\/www.urlaubcornwall.de\/blog\/wp-content\/uploads\/2024\/03\/batemans-sussex-kipling-300x225.jpg 300w\" sizes=\"(max-width: 750px) 100vw, 750px\" \/><\/p>\n<p><a href=\"https:\/\/www.nationaltrust.org.uk\/visit\/sussex\/batemans\"rel=\"nofollow\">Bateman&#8217;s<\/a> ist ein wundersch\u00f6nes Landhaus in <a href=\"https:\/\/www.urlaubcornwall.de\/ferienhaeuser\/sussex.php\">East Sussex<\/a>, das einst das Zuhause des Schriftstellers Rudyard Kipling war. Das Haus stammt aus dem 17. Jahrhundert und wurde im Laufe der Jahre mehrfach umgebaut. Es hat eine traditionelle Tudor-Fassade mit einem Strohdach und wundersch\u00f6nen G\u00e4rten. Die Innenr\u00e4ume sind mit Kiplings B\u00fcchern und Artefakten gef\u00fcllt, einschlie\u00dflich des Schreibtischs, an dem er seine Werke schrieb.<\/p>\n<p><a href=\"https:\/\/www.nationaltrust.org.uk\/visit\/kent\/scotney-castle\"rel=\"nofollow\">Scotney Castle<\/a> ist ein atemberaubendes Schloss in Kent, das im 14. Jahrhundert erbaut wurde. Das Schloss wurde sp\u00e4ter im 19. Jahrhundert umgebaut und hat eine wundersch\u00f6ne Tudor-Fassade. Das Anwesen ist von einem herrlichen Garten umgeben, der von einem See durchzogen wird. Die Innenr\u00e4ume sind mit antiken M\u00f6beln und Kunstwerken ausgestattet, die die Geschichte des Schlosses widerspiegeln.<\/p>\n<p style=\"text-align: center;\"><a class=\"tidycta\" href=\"https:\/\/www.urlaubcornwall.de\/ferienhaeuser\/suedengland.php\">Suche Ferienh\u00e4user in Sussex<\/a><\/p>\n<div class=\"snippet\"> <a class=\"featured-item\" href=\"https:\/\/www.urlaubcornwall.de\/ferienhaeuser\/suedengland.php\"> <span class=\"image-holder\" style=\"background-image: url('https:\/\/www.urlaubcornwall.de\/blog\/wp-content\/uploads\/2018\/12\/ferienhaus-cornwall-mit-hund.jpg');\"><\/span> <span class=\"featured-content\"> \n<h2 class=\"featured-title\">Ferienh\u00e4user in S\u00fcdengland<\/h2>\n<p class=\"featured-body\">Bei uns finden Sie Ferienh\u00e4user zum Verlieben &#8211; so einfach ist das! Dank seiner langen Geschichte, der reizvollen Landschaften und seinen vielen Attraktionen ist S\u00fcdengland ein wahres Mekka f\u00fcr Urlauber&#8230;..<\/p><\/span> <span class=\"featured-link-holder\"> <span class=\"featured-extra-info\"> \n<p>Pers\u00f6nlich inspizierter Ferienh\u00e4user<\/p>\n<\/span> \n<p class=\"featured-link\">DETAILS<\/p>\n<\/span> <\/a><\/div>\n","protected":false},"excerpt":{"rendered":"<p>Der National Trust ist eine Wohlt\u00e4tigkeitsorganisation in Gro\u00dfbritannien, die sich der Erhaltung historischer Geb\u00e4ude, Orte und Landschaften widmet. S\u00fcdostengland ist eine Region, die reich an historischen Geb\u00e4uden ist, die vom National Trust gepflegt werden. In diesem Artikel werden wir einige der besten National Trust Properties in S\u00fcdostengland erkunden und ihre Geschichte und Architektur genauer betrachten. [&hellip;]<\/p>\n","protected":false},"author":1,"featured_media":0,"parent":0,"menu_order":0,"comment_status":"closed","ping_status":"closed","template":"single-four.php","meta":[],"acf":[],"yoast_head":"<!-- This site is optimized with the Yoast SEO plugin v19.4 - https:\/\/yoast.com\/wordpress\/plugins\/seo\/ -->\n<title>Besten National Trust Herrenh\u00e4user &amp; Schl\u00f6sser in S\u00fcdostengland - Urlaub &amp; Reisen<\/title>\n<meta name=\"description\" content=\"\u00fcdostengland ist eine Region, die reich an historischen Geb\u00e4uden ist, die vom National Trust gepflegt werden\" \/>\n<meta name=\"robots\" content=\"index, follow, max-snippet:-1, max-image-preview:large, max-video-preview:-1\" \/>\n<link rel=\"canonical\" href=\"https:\/\/www.urlaubcornwall.de\/blog\/national-trust-herrenhaeuser-schloesser-suedostengland\/\" \/>\n<meta property=\"og:locale\" content=\"en_US\" \/>\n<meta property=\"og:type\" content=\"article\" \/>\n<meta property=\"og:title\" content=\"Besten National Trust Herrenh\u00e4user &amp; Schl\u00f6sser in S\u00fcdostengland - Urlaub &amp; Reisen\" \/>\n<meta property=\"og:description\" content=\"\u00fcdostengland ist eine Region, die reich an historischen Geb\u00e4uden ist, die vom National Trust gepflegt werden\" \/>\n<meta property=\"og:url\" content=\"https:\/\/www.urlaubcornwall.de\/blog\/national-trust-herrenhaeuser-schloesser-suedostengland\/\" \/>\n<meta property=\"og:site_name\" content=\"Urlaub &amp; Reisen\" \/>\n<meta property=\"article:modified_time\" content=\"2024-04-15T15:33:58+00:00\" \/>\n<meta property=\"og:image\" content=\"https:\/\/www.urlaubcornwall.de\/blog\/wp-content\/uploads\/2024\/04\/chartwell.jpg\" \/>\n<meta name=\"twitter:card\" content=\"summary\" \/>\n<meta name=\"twitter:label1\" content=\"Est. reading time\" \/>\n\t<meta name=\"twitter:data1\" content=\"3 minutes\" \/>\n<script type=\"application\/ld+json\" class=\"yoast-schema-graph\">{\"@context\":\"https:\/\/schema.org\",\"@graph\":[{\"@type\":\"WebSite\",\"@id\":\"https:\/\/www.urlaubcornwall.de\/blog\/#website\",\"url\":\"https:\/\/www.urlaubcornwall.de\/blog\/\",\"name\":\"Urlaub &amp; Reisen\",\"description\":\"Urlaub, Reisen, Cornwall und S\u00fcdengland: eine perfekte Kombination\",\"potentialAction\":[{\"@type\":\"SearchAction\",\"target\":{\"@type\":\"EntryPoint\",\"urlTemplate\":\"https:\/\/www.urlaubcornwall.de\/blog\/?s={search_term_string}\"},\"query-input\":\"required name=search_term_string\"}],\"inLanguage\":\"en-US\"},{\"@type\":\"WebPage\",\"@id\":\"https:\/\/www.urlaubcornwall.de\/blog\/national-trust-herrenhaeuser-schloesser-suedostengland\/\",\"url\":\"https:\/\/www.urlaubcornwall.de\/blog\/national-trust-herrenhaeuser-schloesser-suedostengland\/\",\"name\":\"Besten National Trust Herrenh\u00e4user & Schl\u00f6sser in S\u00fcdostengland - Urlaub &amp; Reisen\",\"isPartOf\":{\"@id\":\"https:\/\/www.urlaubcornwall.de\/blog\/#website\"},\"datePublished\":\"2023-05-02T08:42:02+00:00\",\"dateModified\":\"2024-04-15T15:33:58+00:00\",\"description\":\"\u00fcdostengland ist eine Region, die reich an historischen Geb\u00e4uden ist, die vom National Trust gepflegt werden\",\"breadcrumb\":{\"@id\":\"https:\/\/www.urlaubcornwall.de\/blog\/national-trust-herrenhaeuser-schloesser-suedostengland\/#breadcrumb\"},\"inLanguage\":\"en-US\",\"potentialAction\":[{\"@type\":\"ReadAction\",\"target\":[\"https:\/\/www.urlaubcornwall.de\/blog\/national-trust-herrenhaeuser-schloesser-suedostengland\/\"]}]},{\"@type\":\"BreadcrumbList\",\"@id\":\"https:\/\/www.urlaubcornwall.de\/blog\/national-trust-herrenhaeuser-schloesser-suedostengland\/#breadcrumb\",\"itemListElement\":[{\"@type\":\"ListItem\",\"position\":1,\"name\":\"Home\",\"item\":\"https:\/\/www.urlaubcornwall.de\/blog\/\"},{\"@type\":\"ListItem\",\"position\":2,\"name\":\"Besten National Trust Herrenh\u00e4user &#038; Schl\u00f6sser in S\u00fcdostengland\"}]}]}<\/script>\n<!-- \/ Yoast SEO plugin. -->","yoast_head_json":{"title":"Besten National Trust Herrenh\u00e4user & Schl\u00f6sser in S\u00fcdostengland - Urlaub &amp; Reisen","description":"\u00fcdostengland ist eine Region, die reich an historischen Geb\u00e4uden ist, die vom National Trust gepflegt werden","robots":{"index":"index","follow":"follow","max-snippet":"max-snippet:-1","max-image-preview":"max-image-preview:large","max-video-preview":"max-video-preview:-1"},"canonical":"https:\/\/www.urlaubcornwall.de\/blog\/national-trust-herrenhaeuser-schloesser-suedostengland\/","og_locale":"en_US","og_type":"article","og_title":"Besten National Trust Herrenh\u00e4user & Schl\u00f6sser in S\u00fcdostengland - Urlaub &amp; Reisen","og_description":"\u00fcdostengland ist eine Region, die reich an historischen Geb\u00e4uden ist, die vom National Trust gepflegt werden","og_url":"https:\/\/www.urlaubcornwall.de\/blog\/national-trust-herrenhaeuser-schloesser-suedostengland\/","og_site_name":"Urlaub &amp; Reisen","article_modified_time":"2024-04-15T15:33:58+00:00","og_image":[{"url":"https:\/\/www.urlaubcornwall.de\/blog\/wp-content\/uploads\/2024\/04\/chartwell.jpg"}],"twitter_card":"summary","twitter_misc":{"Est. reading time":"3 minutes"},"schema":{"@context":"https:\/\/schema.org","@graph":[{"@type":"WebSite","@id":"https:\/\/www.urlaubcornwall.de\/blog\/#website","url":"https:\/\/www.urlaubcornwall.de\/blog\/","name":"Urlaub &amp; Reisen","description":"Urlaub, Reisen, Cornwall und S\u00fcdengland: eine perfekte Kombination","potentialAction":[{"@type":"SearchAction","target":{"@type":"EntryPoint","urlTemplate":"https:\/\/www.urlaubcornwall.de\/blog\/?s={search_term_string}"},"query-input":"required name=search_term_string"}],"inLanguage":"en-US"},{"@type":"WebPage","@id":"https:\/\/www.urlaubcornwall.de\/blog\/national-trust-herrenhaeuser-schloesser-suedostengland\/","url":"https:\/\/www.urlaubcornwall.de\/blog\/national-trust-herrenhaeuser-schloesser-suedostengland\/","name":"Besten National Trust Herrenh\u00e4user & Schl\u00f6sser in S\u00fcdostengland - Urlaub &amp; Reisen","isPartOf":{"@id":"https:\/\/www.urlaubcornwall.de\/blog\/#website"},"datePublished":"2023-05-02T08:42:02+00:00","dateModified":"2024-04-15T15:33:58+00:00","description":"\u00fcdostengland ist eine Region, die reich an historischen Geb\u00e4uden ist, die vom National Trust gepflegt werden","breadcrumb":{"@id":"https:\/\/www.urlaubcornwall.de\/blog\/national-trust-herrenhaeuser-schloesser-suedostengland\/#breadcrumb"},"inLanguage":"en-US","potentialAction":[{"@type":"ReadAction","target":["https:\/\/www.urlaubcornwall.de\/blog\/national-trust-herrenhaeuser-schloesser-suedostengland\/"]}]},{"@type":"BreadcrumbList","@id":"https:\/\/www.urlaubcornwall.de\/blog\/national-trust-herrenhaeuser-schloesser-suedostengland\/#breadcrumb","itemListElement":[{"@type":"ListItem","position":1,"name":"Home","item":"https:\/\/www.urlaubcornwall.de\/blog\/"},{"@type":"ListItem","position":2,"name":"Besten National Trust Herrenh\u00e4user &#038; Schl\u00f6sser in S\u00fcdostengland"}]}]}},"_links":{"self":[{"href":"https:\/\/www.urlaubcornwall.de\/blog\/wp-json\/wp\/v2\/pages\/46492"}],"collection":[{"href":"https:\/\/www.urlaubcornwall.de\/blog\/wp-json\/wp\/v2\/pages"}],"about":[{"href":"https:\/\/www.urlaubcornwall.de\/blog\/wp-json\/wp\/v2\/types\/page"}],"author":[{"embeddable":true,"href":"https:\/\/www.urlaubcornwall.de\/blog\/wp-json\/wp\/v2\/users\/1"}],"replies":[{"embeddable":true,"href":"https:\/\/www.urlaubcornwall.de\/blog\/wp-json\/wp\/v2\/comments?post=46492"}],"version-history":[{"count":8,"href":"https:\/\/www.urlaubcornwall.de\/blog\/wp-json\/wp\/v2\/pages\/46492\/revisions"}],"predecessor-version":[{"id":49689,"href":"https:\/\/www.urlaubcornwall.de\/blog\/wp-json\/wp\/v2\/pages\/46492\/revisions\/49689"}],"wp:attachment":[{"href":"https:\/\/www.urlaubcornwall.de\/blog\/wp-json\/wp\/v2\/media?parent=46492"}],"curies":[{"name":"wp","href":"https:\/\/api.w.org\/{rel}","templated":true}]}}