{"id":46449,"date":"2023-04-27T15:59:07","date_gmt":"2023-04-27T15:59:07","guid":{"rendered":"https:\/\/www.urlaubcornwall.de\/blog\/?page_id=46449"},"modified":"2024-05-31T11:52:12","modified_gmt":"2024-05-31T11:52:12","slug":"beliebte-orte-in-schottland-fuer-eine-rundreise","status":"publish","type":"page","link":"https:\/\/www.urlaubcornwall.de\/blog\/beliebte-orte-in-schottland-fuer-eine-rundreise\/","title":{"rendered":"Beliebte Orte in Schottland f\u00fcr eine Rundreise"},"content":{"rendered":"<p><a href=\"https:\/\/www.urlaubcornwall.de\/blog\/wp-content\/uploads\/2024\/03\/schottland-highlands-1.jpg\"><img loading=\"lazy\" src=\"https:\/\/www.urlaubcornwall.de\/blog\/wp-content\/uploads\/2024\/03\/schottland-highlands-1.jpg\" alt=\"schottland highlands\" width=\"750\" height=\"563\" class=\"alignnone size-full wp-image-48022\" srcset=\"https:\/\/www.urlaubcornwall.de\/blog\/wp-content\/uploads\/2024\/03\/schottland-highlands-1.jpg 750w, https:\/\/www.urlaubcornwall.de\/blog\/wp-content\/uploads\/2024\/03\/schottland-highlands-1-300x225.jpg 300w\" sizes=\"(max-width: 750px) 100vw, 750px\" \/><\/a><\/p>\n<p>1. Die <a href=\"https:\/\/www.urlaubcornwall.de\/blog\/urlaub-insel-skye-sehenswuerdigkeiten-geschichte-und-unterkunft\/\">Isle of Skye<\/a> &#8211; eine malerische Insel im Westen Schottlands, bekannt f\u00fcr ihre Berge, Wasserf\u00e4lle und atemberaubende Landschaft.<\/p>\n<p>2. <a href=\"https:\/\/www.urlaubcornwall.de\/blog\/urlaub-in-inverness-sehenswuerdigkeiten-geschichte-und-unterkunft\/\">Loch Ness<\/a> &#8211; ber\u00fchmt f\u00fcr das Loch Ness-Monster und die spektakul\u00e4re Landschaft rund um den See.<\/p>\n<p>3. <a href=\"https:\/\/www.urlaubcornwall.de\/blog\/reisetipps-fuer-edinburgh-unsere-top-10-sie-sie-sehen-und-erleben-sollten\/\">Edinburgh<\/a> &#8211; eine lebendige Stadt mit einer reichen Geschichte und einer beeindruckenden Architektur, einschlie\u00dflich des Edinburgh Castle und der Royal Mile.<\/p>\n<p>4. Die <a href=\"https:\/\/www.urlaubcornwall.de\/blog\/rundreise-north-coast-500-in-schottland\/\">North Coast 500<\/a> &#8211; eine spektakul\u00e4re Route entlang der Nordk\u00fcste Schottlands, die atemberaubende Landschaften, historische St\u00e4tten und charmante D\u00f6rfer umfasst.<\/p>\n<p>5. Die Isle of Arran &#8211; eine malerische Insel in der N\u00e4he von Glasgow mit Bergen, Str\u00e4nden und einem reichen kulturellen Erbe.<\/p>\n<p>6. <a href=\"https:\/\/www.urlaubcornwall.de\/blog\/urlaub-glencoe-unternehmungen-unterkuenfte\/\">Glencoe<\/a> &#8211; ein atemberaubendes Tal in den schottischen Highlands, bekannt f\u00fcr seine dramatische Landschaft und historischen St\u00e4tten.<\/p>\n<p>7. Die Orkney-Inseln &#8211; eine Gruppe von Inseln n\u00f6rdlich des schottischen Festlands, bekannt f\u00fcr ihre pr\u00e4historischen St\u00e4tten, Str\u00e4nde und Tierwelt.<\/p>\n<p>8. St. Andrews &#8211; bekannt als Geburtsort des Golfsports und Heimat der \u00e4ltesten Universit\u00e4t Schottlands.<\/p>\n<p>9. Die <a href=\"https:\/\/www.urlaubcornwall.de\/blog\/urlaub-in-aviemore-cairngorms-nationalpark-sehenswuerdigkeiten-unterkunft-und-geschichte\/\">Cairngorms<\/a> &#8211; ein Gebirgszug im Zentrum Schottlands mit Nationalparks, Seen und zahlreichen Wanderwegen.<\/p>\n<p>10. Die <a href=\"https:\/\/www.urlaubcornwall.de\/blog\/urlaub-oban-an-der-westkueste-schottlands-sehenswuerdigkeiten-geschichte-und-unterkunft\/\">West Highlands<\/a> &#8211; eine Region im <a href=\"https:\/\/www.urlaubcornwall.de\/reiseziel\/schottland.php\">Westen Schottlands<\/a> mit dramatischen K\u00fcstenlandschaften, Inseln und Bergen, einschlie\u00dflich des Ben Nevis, dem h\u00f6chsten Berg Gro\u00dfbritanniens.<\/p>\n<h1>Unser Rundreisenservice in Schottland<\/h1>\n<p>Weshalb \u00fcber uns buchen?<\/p>\n<p>Firmensitz in Cornwall und ein Team Deutsch sprechender Reisespezialisten.<\/p>\n<p>Wir haben eine Leidenschaft f\u00fcrs Reisen und gestalten den perfekten Urlaub.<\/p>\n<p>Ortskenntnisse und Insidertipps f\u00fcr unsere Kunden.<\/p>\n<p>Sonderangebote und Preisnachl\u00e4sse<\/p>\n<p>S\u00e4mtliche unserer Rundreisen sind durch einen voll versicherten deutschen Reiseveranstalter gesichert.<\/p>\n<p style=\"text-align: center;\"><a class=\"tidycta\" href=\"https:\/\/www.urlaubcornwall.de\/blog\/rundreisen-schottland\/\"> Mehr Info<\/a><\/p>\n<div class=\"snippet\"> <a class=\"featured-item\" href=\" https:\/\/www.urlaubcornwall.de\/ferienhaeuser\/schottland.php\"> <span class=\"image-holder\" style=\"background-image: url(' https:\/\/www.urlaubcornwall.de\/blog\/wp-content\/uploads\/2019\/01\/urlaub-schottland-highlands-1.jpg ');\"><\/span> <span class=\"featured-content\"> \n<h2 class=\"featured-title\">Bei uns finden Sie Ferienh\u00e4user in Schottland zum Verlieben!<\/h2>\n<p class=\"featured-body\">Untenstehend finden Sie eine Auswahl an Ferienh\u00e4usern in Schottland. Hier finden Sie pers\u00f6nlich inspizierte Cottages entlang der schottischen K\u00fcste, in den schottischen Highlands und auf den Inseln&#8230;..<\/p>\n<\/span> <span class=\"featured-link-holder\"> <span class=\"featured-extra-info\"> \n<p>F\u00fcr Paare, Familien &#038; Gruppen<\/p>\n<\/span> \n<p class=\"featured-link\">DETAILS<\/p>\n<\/span> <\/a><\/div>\n","protected":false},"excerpt":{"rendered":"<p>1. Die Isle of Skye &#8211; eine malerische Insel im Westen Schottlands, bekannt f\u00fcr ihre Berge, Wasserf\u00e4lle und atemberaubende Landschaft. 2. Loch Ness &#8211; ber\u00fchmt f\u00fcr das Loch Ness-Monster und die spektakul\u00e4re Landschaft rund um den See. 3. Edinburgh &#8211; eine lebendige Stadt mit einer reichen Geschichte und einer beeindruckenden Architektur, einschlie\u00dflich des Edinburgh Castle [&hellip;]<\/p>\n","protected":false},"author":1,"featured_media":0,"parent":0,"menu_order":0,"comment_status":"closed","ping_status":"closed","template":"single-four.php","meta":[],"acf":[],"yoast_head":"<!-- This site is optimized with the Yoast SEO plugin v19.4 - https:\/\/yoast.com\/wordpress\/plugins\/seo\/ -->\n<title>Beliebte Orte in Schottland f\u00fcr eine Rundreise - Urlaub &amp; Reisen<\/title>\n<meta name=\"description\" content=\"Die Isle of Skye - eine malerische Insel im Westen Schottlands, bekannt f\u00fcr ihre Berge, Wasserf\u00e4lle und atemberaubende Landschaft\" \/>\n<meta name=\"robots\" content=\"index, follow, max-snippet:-1, max-image-preview:large, max-video-preview:-1\" \/>\n<link rel=\"canonical\" href=\"https:\/\/www.urlaubcornwall.de\/blog\/beliebte-orte-in-schottland-fuer-eine-rundreise\/\" \/>\n<meta property=\"og:locale\" content=\"en_US\" \/>\n<meta property=\"og:type\" content=\"article\" \/>\n<meta property=\"og:title\" content=\"Beliebte Orte in Schottland f\u00fcr eine Rundreise - Urlaub &amp; Reisen\" \/>\n<meta property=\"og:description\" content=\"Die Isle of Skye - eine malerische Insel im Westen Schottlands, bekannt f\u00fcr ihre Berge, Wasserf\u00e4lle und atemberaubende Landschaft\" \/>\n<meta property=\"og:url\" content=\"https:\/\/www.urlaubcornwall.de\/blog\/beliebte-orte-in-schottland-fuer-eine-rundreise\/\" \/>\n<meta property=\"og:site_name\" content=\"Urlaub &amp; Reisen\" \/>\n<meta property=\"article:modified_time\" content=\"2024-05-31T11:52:12+00:00\" \/>\n<meta property=\"og:image\" content=\"https:\/\/www.urlaubcornwall.de\/blog\/wp-content\/uploads\/2024\/03\/schottland-highlands-1.jpg\" \/>\n<meta name=\"twitter:card\" content=\"summary\" \/>\n<meta name=\"twitter:label1\" content=\"Est. reading time\" \/>\n\t<meta name=\"twitter:data1\" content=\"2 minutes\" \/>\n<script type=\"application\/ld+json\" class=\"yoast-schema-graph\">{\"@context\":\"https:\/\/schema.org\",\"@graph\":[{\"@type\":\"WebSite\",\"@id\":\"https:\/\/www.urlaubcornwall.de\/blog\/#website\",\"url\":\"https:\/\/www.urlaubcornwall.de\/blog\/\",\"name\":\"Urlaub &amp; Reisen\",\"description\":\"Urlaub, Reisen, Cornwall und S\u00fcdengland: eine perfekte Kombination\",\"potentialAction\":[{\"@type\":\"SearchAction\",\"target\":{\"@type\":\"EntryPoint\",\"urlTemplate\":\"https:\/\/www.urlaubcornwall.de\/blog\/?s={search_term_string}\"},\"query-input\":\"required name=search_term_string\"}],\"inLanguage\":\"en-US\"},{\"@type\":\"WebPage\",\"@id\":\"https:\/\/www.urlaubcornwall.de\/blog\/beliebte-orte-in-schottland-fuer-eine-rundreise\/\",\"url\":\"https:\/\/www.urlaubcornwall.de\/blog\/beliebte-orte-in-schottland-fuer-eine-rundreise\/\",\"name\":\"Beliebte Orte in Schottland f\u00fcr eine Rundreise - Urlaub &amp; Reisen\",\"isPartOf\":{\"@id\":\"https:\/\/www.urlaubcornwall.de\/blog\/#website\"},\"datePublished\":\"2023-04-27T15:59:07+00:00\",\"dateModified\":\"2024-05-31T11:52:12+00:00\",\"description\":\"Die Isle of Skye - eine malerische Insel im Westen Schottlands, bekannt f\u00fcr ihre Berge, Wasserf\u00e4lle und atemberaubende Landschaft\",\"breadcrumb\":{\"@id\":\"https:\/\/www.urlaubcornwall.de\/blog\/beliebte-orte-in-schottland-fuer-eine-rundreise\/#breadcrumb\"},\"inLanguage\":\"en-US\",\"potentialAction\":[{\"@type\":\"ReadAction\",\"target\":[\"https:\/\/www.urlaubcornwall.de\/blog\/beliebte-orte-in-schottland-fuer-eine-rundreise\/\"]}]},{\"@type\":\"BreadcrumbList\",\"@id\":\"https:\/\/www.urlaubcornwall.de\/blog\/beliebte-orte-in-schottland-fuer-eine-rundreise\/#breadcrumb\",\"itemListElement\":[{\"@type\":\"ListItem\",\"position\":1,\"name\":\"Home\",\"item\":\"https:\/\/www.urlaubcornwall.de\/blog\/\"},{\"@type\":\"ListItem\",\"position\":2,\"name\":\"Beliebte Orte in Schottland f\u00fcr eine Rundreise\"}]}]}<\/script>\n<!-- \/ Yoast SEO plugin. -->","yoast_head_json":{"title":"Beliebte Orte in Schottland f\u00fcr eine Rundreise - Urlaub &amp; Reisen","description":"Die Isle of Skye - eine malerische Insel im Westen Schottlands, bekannt f\u00fcr ihre Berge, Wasserf\u00e4lle und atemberaubende Landschaft","robots":{"index":"index","follow":"follow","max-snippet":"max-snippet:-1","max-image-preview":"max-image-preview:large","max-video-preview":"max-video-preview:-1"},"canonical":"https:\/\/www.urlaubcornwall.de\/blog\/beliebte-orte-in-schottland-fuer-eine-rundreise\/","og_locale":"en_US","og_type":"article","og_title":"Beliebte Orte in Schottland f\u00fcr eine Rundreise - Urlaub &amp; Reisen","og_description":"Die Isle of Skye - eine malerische Insel im Westen Schottlands, bekannt f\u00fcr ihre Berge, Wasserf\u00e4lle und atemberaubende Landschaft","og_url":"https:\/\/www.urlaubcornwall.de\/blog\/beliebte-orte-in-schottland-fuer-eine-rundreise\/","og_site_name":"Urlaub &amp; Reisen","article_modified_time":"2024-05-31T11:52:12+00:00","og_image":[{"url":"https:\/\/www.urlaubcornwall.de\/blog\/wp-content\/uploads\/2024\/03\/schottland-highlands-1.jpg"}],"twitter_card":"summary","twitter_misc":{"Est. reading time":"2 minutes"},"schema":{"@context":"https:\/\/schema.org","@graph":[{"@type":"WebSite","@id":"https:\/\/www.urlaubcornwall.de\/blog\/#website","url":"https:\/\/www.urlaubcornwall.de\/blog\/","name":"Urlaub &amp; Reisen","description":"Urlaub, Reisen, Cornwall und S\u00fcdengland: eine perfekte Kombination","potentialAction":[{"@type":"SearchAction","target":{"@type":"EntryPoint","urlTemplate":"https:\/\/www.urlaubcornwall.de\/blog\/?s={search_term_string}"},"query-input":"required name=search_term_string"}],"inLanguage":"en-US"},{"@type":"WebPage","@id":"https:\/\/www.urlaubcornwall.de\/blog\/beliebte-orte-in-schottland-fuer-eine-rundreise\/","url":"https:\/\/www.urlaubcornwall.de\/blog\/beliebte-orte-in-schottland-fuer-eine-rundreise\/","name":"Beliebte Orte in Schottland f\u00fcr eine Rundreise - Urlaub &amp; Reisen","isPartOf":{"@id":"https:\/\/www.urlaubcornwall.de\/blog\/#website"},"datePublished":"2023-04-27T15:59:07+00:00","dateModified":"2024-05-31T11:52:12+00:00","description":"Die Isle of Skye - eine malerische Insel im Westen Schottlands, bekannt f\u00fcr ihre Berge, Wasserf\u00e4lle und atemberaubende Landschaft","breadcrumb":{"@id":"https:\/\/www.urlaubcornwall.de\/blog\/beliebte-orte-in-schottland-fuer-eine-rundreise\/#breadcrumb"},"inLanguage":"en-US","potentialAction":[{"@type":"ReadAction","target":["https:\/\/www.urlaubcornwall.de\/blog\/beliebte-orte-in-schottland-fuer-eine-rundreise\/"]}]},{"@type":"BreadcrumbList","@id":"https:\/\/www.urlaubcornwall.de\/blog\/beliebte-orte-in-schottland-fuer-eine-rundreise\/#breadcrumb","itemListElement":[{"@type":"ListItem","position":1,"name":"Home","item":"https:\/\/www.urlaubcornwall.de\/blog\/"},{"@type":"ListItem","position":2,"name":"Beliebte Orte in Schottland f\u00fcr eine Rundreise"}]}]}},"_links":{"self":[{"href":"https:\/\/www.urlaubcornwall.de\/blog\/wp-json\/wp\/v2\/pages\/46449"}],"collection":[{"href":"https:\/\/www.urlaubcornwall.de\/blog\/wp-json\/wp\/v2\/pages"}],"about":[{"href":"https:\/\/www.urlaubcornwall.de\/blog\/wp-json\/wp\/v2\/types\/page"}],"author":[{"embeddable":true,"href":"https:\/\/www.urlaubcornwall.de\/blog\/wp-json\/wp\/v2\/users\/1"}],"replies":[{"embeddable":true,"href":"https:\/\/www.urlaubcornwall.de\/blog\/wp-json\/wp\/v2\/comments?post=46449"}],"version-history":[{"count":5,"href":"https:\/\/www.urlaubcornwall.de\/blog\/wp-json\/wp\/v2\/pages\/46449\/revisions"}],"predecessor-version":[{"id":51338,"href":"https:\/\/www.urlaubcornwall.de\/blog\/wp-json\/wp\/v2\/pages\/46449\/revisions\/51338"}],"wp:attachment":[{"href":"https:\/\/www.urlaubcornwall.de\/blog\/wp-json\/wp\/v2\/media?parent=46449"}],"curies":[{"name":"wp","href":"https:\/\/api.w.org\/{rel}","templated":true}]}}