{"id":46394,"date":"2023-05-02T13:45:14","date_gmt":"2023-05-02T13:45:14","guid":{"rendered":"https:\/\/www.urlaubcornwall.de\/blog\/?page_id=46394"},"modified":"2024-05-29T09:47:55","modified_gmt":"2024-05-29T09:47:55","slug":"malerische-doerfer-in-lake-district-mit-lokale-kneipen","status":"publish","type":"page","link":"https:\/\/www.urlaubcornwall.de\/blog\/malerische-doerfer-in-lake-district-mit-lokale-kneipen\/","title":{"rendered":"Malerische D\u00f6rfer in Lake District mit lokale Kneipen"},"content":{"rendered":"<p><a href=\"https:\/\/www.urlaubcornwall.de\/blog\/wp-content\/uploads\/2024\/03\/lake-district.jpg\"><img loading=\"lazy\" src=\"https:\/\/www.urlaubcornwall.de\/blog\/wp-content\/uploads\/2024\/03\/lake-district.jpg\" alt=\"lake district\" width=\"750\" height=\"422\" class=\"alignnone size-full wp-image-47806\" srcset=\"https:\/\/www.urlaubcornwall.de\/blog\/wp-content\/uploads\/2024\/03\/lake-district.jpg 750w, https:\/\/www.urlaubcornwall.de\/blog\/wp-content\/uploads\/2024\/03\/lake-district-300x169.jpg 300w\" sizes=\"(max-width: 750px) 100vw, 750px\" \/><\/a><\/p>\n<p>Hier sind einige weniger bekannte und <a href=\"https:\/\/www.urlaubcornwall.de\/reiseziel\/lake-district-nationalpark.php\">malerische D\u00f6rfer im Lake District<\/a>, die einen Besuch wert sind und auch \u00fcber lokale Kneipen verf\u00fcgen:<\/p>\n<p><a href=\"https:\/\/www.urlaubcornwall.de\/ferienhaeuser-fewos\/eng\/lake-district\/hawkshead.html\">Hawkshead<\/a>: Ein malerisches Dorf im S\u00fcden des Lake District mit engen Gassen und historischen Geb\u00e4uden. Es gibt mehrere lokale Kneipen wie das The Queen&#8217;s Head, das f\u00fcr seine saisonalen Gerichte und seine historische Einrichtung bekannt ist.<\/p>\n<p><a href=\"https:\/\/www.urlaubcornwall.de\/blog\/grasmere-seen-im-lake-district\/\">Grasmere<\/a>: Ein kleines Dorf im Herzen des Lake District, das f\u00fcr seine Sch\u00f6nheit und seine Verbindung zum Dichter William Wordsworth bekannt ist. Es gibt mehrere lokale Kneipen wie das The Red Lion Inn, das f\u00fcr seine hausgemachten Kuchen und seine gro\u00dfe Auswahl an Real Ales bekannt ist.<\/p>\n<p><a href=\"https:\/\/www.urlaubcornwall.de\/blog\/buttermere-water-seen-im-lake-district\/\">Buttermere<\/a>: Ein ruhiges Dorf im Nordwesten des Lake District mit einem malerischen See und umgeben von hohen Bergen. Es gibt eine lokale Kneipe, das The Fish Inn, das f\u00fcr seine Fischgerichte und seine Aussicht auf den See bekannt ist.<\/p>\n<p><a href=\"https:\/\/www.urlaubcornwall.de\/ferienhaeuser-fewos\/eng\/lake-district\/ullswater.html\">Glenridding: Ein Dorf am Ufer des Ullswater<\/a> im \u00f6stlichen Lake District mit einer spektakul\u00e4ren Bergkulisse. Es gibt mehrere lokale Kneipen wie das The Traveller&#8217;s Rest, das f\u00fcr seine lokalen Biere und seine gem\u00fctliche Atmosph\u00e4re bekannt ist.<\/p>\n<p><a href=\"https:\/\/www.urlaubcornwall.de\/ferienhaeuser-fewos\/eng\/lake-district\/grange-over-sands.html\">Grange-over-Sands:<\/a> Ein malerisches K\u00fcstendorf auf der Halbinsel <a href=\"https:\/\/www.urlaubcornwall.de\/ferienhaeuser-fewos\/eng\/lake-district\/cartmel.html\">Cartmel<\/a> im S\u00fcden des Lake District. Es gibt mehrere lokale Kneipen wie das The Commodore Inn, das f\u00fcr seine Pub-Gerichte und seine Aussicht auf die Morecambe Bay bekannt ist.<\/p>\n<p>Diese malerischen D\u00f6rfer bieten eine entspannte und charmante Atmosph\u00e4re sowie eine Reihe von lokalen Kneipen, die leckere Gerichte und Getr\u00e4nke servieren. Sie sind der perfekte Ort, um ein Ferienhaus zu mieten und den Lake District abseits der ausgetretenen Pfade zu erkunden.<\/p>\n<p>Wir haben die beste Auswahl an <a href=\"https:\/\/www.urlaubcornwall.de\/ferienhaeuser-fewos\/eng\/lake-district\/lake-district.html\">pers\u00f6nlich inspizierten Ferienh\u00e4usern im Angebot<\/a>.<\/p>\n<h1>Unser Rundreisenservice f\u00fcr die Lake District<\/h1>\n<p>Weshalb \u00fcber uns buchen?<\/p>\n<p>Firmensitz in Cornwall und ein Team Deutsch sprechender Reisespezialisten.<\/p>\n<p>Wir haben eine Leidenschaft f\u00fcrs Reisen und gestalten den perfekten Urlaub.<\/p>\n<p>Ortskenntnisse und Insidertipps f\u00fcr unsere Kunden.<\/p>\n<p>Sonderangebote und Preisnachl\u00e4sse<\/p>\n<p>S\u00e4mtliche unserer Rundreisen sind durch einen voll versicherten deutschen Reiseveranstalter gesichert.<\/p>\n<p style=\"text-align: center;\"><a class=\"tidycta\" href=\"https:\/\/www.urlaubcornwall.de\/rundreisenservice.php\"> Mehr Info<\/a><\/p>\n<div class=\"snippet\"> <a class=\"featured-item\" href=\" https:\/\/www.urlaubcornwall.de\/ferienhaeuser-fewos\/eng\/lake-district\/lake-district.html\"> <span class=\"image-holder\" style=\"background-image: url(' https:\/\/www.urlaubcornwall.de\/blog\/wp-content\/uploads\/2019\/01\/urlaub-lake-distrikt.jpg');\"><\/span> <span class=\"featured-content\"> \n<h2 class=\"featured-title\">Ferienh\u00e4user im Lake Distrikt zum Verlieben!<\/h2>\n<p class=\"featured-body\">Enge Stra\u00dfen, hoch aufragende Berge, herabst\u00fcrzende Wasserf\u00e4lle und Seen jeglichen Umfangs und jeglicher Form schaffen eine Landschaft&#8230;..<\/p>\n<\/span> <span class=\"featured-link-holder\"> <span class=\"featured-extra-info\"> \n<p>F\u00fcr Paare, Familien &#038; Gruppen<\/p>\n<\/span> \n<p class=\"featured-link\">DETAILS<\/p>\n<\/span> <\/a><\/div>\n","protected":false},"excerpt":{"rendered":"<p>Hier sind einige weniger bekannte und malerische D\u00f6rfer im Lake District, die einen Besuch wert sind und auch \u00fcber lokale Kneipen verf\u00fcgen: Hawkshead: Ein malerisches Dorf im S\u00fcden des Lake District mit engen Gassen und historischen Geb\u00e4uden. Es gibt mehrere lokale Kneipen wie das The Queen&#8217;s Head, das f\u00fcr seine saisonalen Gerichte und seine historische [&hellip;]<\/p>\n","protected":false},"author":1,"featured_media":0,"parent":0,"menu_order":0,"comment_status":"closed","ping_status":"closed","template":"single-four.php","meta":[],"acf":[],"yoast_head":"<!-- This site is optimized with the Yoast SEO plugin v19.4 - https:\/\/yoast.com\/wordpress\/plugins\/seo\/ -->\n<title>Malerische D\u00f6rfer in Lake District mit lokale Kneipen - Urlaub &amp; Reisen<\/title>\n<meta name=\"description\" content=\"Hier sind einige weniger bekannte und malerische D\u00f6rfer im Lake District, die einen Besuch wert sind und auch \u00fcber lokale Kneipen verf\u00fcgen\" \/>\n<meta name=\"robots\" content=\"index, follow, max-snippet:-1, max-image-preview:large, max-video-preview:-1\" \/>\n<link rel=\"canonical\" href=\"https:\/\/www.urlaubcornwall.de\/blog\/malerische-doerfer-in-lake-district-mit-lokale-kneipen\/\" \/>\n<meta property=\"og:locale\" content=\"en_US\" \/>\n<meta property=\"og:type\" content=\"article\" \/>\n<meta property=\"og:title\" content=\"Malerische D\u00f6rfer in Lake District mit lokale Kneipen - Urlaub &amp; Reisen\" \/>\n<meta property=\"og:description\" content=\"Hier sind einige weniger bekannte und malerische D\u00f6rfer im Lake District, die einen Besuch wert sind und auch \u00fcber lokale Kneipen verf\u00fcgen\" \/>\n<meta property=\"og:url\" content=\"https:\/\/www.urlaubcornwall.de\/blog\/malerische-doerfer-in-lake-district-mit-lokale-kneipen\/\" \/>\n<meta property=\"og:site_name\" content=\"Urlaub &amp; Reisen\" \/>\n<meta property=\"article:modified_time\" content=\"2024-05-29T09:47:55+00:00\" \/>\n<meta property=\"og:image\" content=\"https:\/\/www.urlaubcornwall.de\/blog\/wp-content\/uploads\/2024\/03\/lake-district.jpg\" \/>\n<meta name=\"twitter:card\" content=\"summary\" \/>\n<meta name=\"twitter:label1\" content=\"Est. reading time\" \/>\n\t<meta name=\"twitter:data1\" content=\"2 minutes\" \/>\n<script type=\"application\/ld+json\" class=\"yoast-schema-graph\">{\"@context\":\"https:\/\/schema.org\",\"@graph\":[{\"@type\":\"WebSite\",\"@id\":\"https:\/\/www.urlaubcornwall.de\/blog\/#website\",\"url\":\"https:\/\/www.urlaubcornwall.de\/blog\/\",\"name\":\"Urlaub &amp; Reisen\",\"description\":\"Urlaub, Reisen, Cornwall und S\u00fcdengland: eine perfekte Kombination\",\"potentialAction\":[{\"@type\":\"SearchAction\",\"target\":{\"@type\":\"EntryPoint\",\"urlTemplate\":\"https:\/\/www.urlaubcornwall.de\/blog\/?s={search_term_string}\"},\"query-input\":\"required name=search_term_string\"}],\"inLanguage\":\"en-US\"},{\"@type\":\"WebPage\",\"@id\":\"https:\/\/www.urlaubcornwall.de\/blog\/malerische-doerfer-in-lake-district-mit-lokale-kneipen\/\",\"url\":\"https:\/\/www.urlaubcornwall.de\/blog\/malerische-doerfer-in-lake-district-mit-lokale-kneipen\/\",\"name\":\"Malerische D\u00f6rfer in Lake District mit lokale Kneipen - Urlaub &amp; Reisen\",\"isPartOf\":{\"@id\":\"https:\/\/www.urlaubcornwall.de\/blog\/#website\"},\"datePublished\":\"2023-05-02T13:45:14+00:00\",\"dateModified\":\"2024-05-29T09:47:55+00:00\",\"description\":\"Hier sind einige weniger bekannte und malerische D\u00f6rfer im Lake District, die einen Besuch wert sind und auch \u00fcber lokale Kneipen verf\u00fcgen\",\"breadcrumb\":{\"@id\":\"https:\/\/www.urlaubcornwall.de\/blog\/malerische-doerfer-in-lake-district-mit-lokale-kneipen\/#breadcrumb\"},\"inLanguage\":\"en-US\",\"potentialAction\":[{\"@type\":\"ReadAction\",\"target\":[\"https:\/\/www.urlaubcornwall.de\/blog\/malerische-doerfer-in-lake-district-mit-lokale-kneipen\/\"]}]},{\"@type\":\"BreadcrumbList\",\"@id\":\"https:\/\/www.urlaubcornwall.de\/blog\/malerische-doerfer-in-lake-district-mit-lokale-kneipen\/#breadcrumb\",\"itemListElement\":[{\"@type\":\"ListItem\",\"position\":1,\"name\":\"Home\",\"item\":\"https:\/\/www.urlaubcornwall.de\/blog\/\"},{\"@type\":\"ListItem\",\"position\":2,\"name\":\"Malerische D\u00f6rfer in Lake District mit lokale Kneipen\"}]}]}<\/script>\n<!-- \/ Yoast SEO plugin. -->","yoast_head_json":{"title":"Malerische D\u00f6rfer in Lake District mit lokale Kneipen - Urlaub &amp; Reisen","description":"Hier sind einige weniger bekannte und malerische D\u00f6rfer im Lake District, die einen Besuch wert sind und auch \u00fcber lokale Kneipen verf\u00fcgen","robots":{"index":"index","follow":"follow","max-snippet":"max-snippet:-1","max-image-preview":"max-image-preview:large","max-video-preview":"max-video-preview:-1"},"canonical":"https:\/\/www.urlaubcornwall.de\/blog\/malerische-doerfer-in-lake-district-mit-lokale-kneipen\/","og_locale":"en_US","og_type":"article","og_title":"Malerische D\u00f6rfer in Lake District mit lokale Kneipen - Urlaub &amp; Reisen","og_description":"Hier sind einige weniger bekannte und malerische D\u00f6rfer im Lake District, die einen Besuch wert sind und auch \u00fcber lokale Kneipen verf\u00fcgen","og_url":"https:\/\/www.urlaubcornwall.de\/blog\/malerische-doerfer-in-lake-district-mit-lokale-kneipen\/","og_site_name":"Urlaub &amp; Reisen","article_modified_time":"2024-05-29T09:47:55+00:00","og_image":[{"url":"https:\/\/www.urlaubcornwall.de\/blog\/wp-content\/uploads\/2024\/03\/lake-district.jpg"}],"twitter_card":"summary","twitter_misc":{"Est. reading time":"2 minutes"},"schema":{"@context":"https:\/\/schema.org","@graph":[{"@type":"WebSite","@id":"https:\/\/www.urlaubcornwall.de\/blog\/#website","url":"https:\/\/www.urlaubcornwall.de\/blog\/","name":"Urlaub &amp; Reisen","description":"Urlaub, Reisen, Cornwall und S\u00fcdengland: eine perfekte Kombination","potentialAction":[{"@type":"SearchAction","target":{"@type":"EntryPoint","urlTemplate":"https:\/\/www.urlaubcornwall.de\/blog\/?s={search_term_string}"},"query-input":"required name=search_term_string"}],"inLanguage":"en-US"},{"@type":"WebPage","@id":"https:\/\/www.urlaubcornwall.de\/blog\/malerische-doerfer-in-lake-district-mit-lokale-kneipen\/","url":"https:\/\/www.urlaubcornwall.de\/blog\/malerische-doerfer-in-lake-district-mit-lokale-kneipen\/","name":"Malerische D\u00f6rfer in Lake District mit lokale Kneipen - Urlaub &amp; Reisen","isPartOf":{"@id":"https:\/\/www.urlaubcornwall.de\/blog\/#website"},"datePublished":"2023-05-02T13:45:14+00:00","dateModified":"2024-05-29T09:47:55+00:00","description":"Hier sind einige weniger bekannte und malerische D\u00f6rfer im Lake District, die einen Besuch wert sind und auch \u00fcber lokale Kneipen verf\u00fcgen","breadcrumb":{"@id":"https:\/\/www.urlaubcornwall.de\/blog\/malerische-doerfer-in-lake-district-mit-lokale-kneipen\/#breadcrumb"},"inLanguage":"en-US","potentialAction":[{"@type":"ReadAction","target":["https:\/\/www.urlaubcornwall.de\/blog\/malerische-doerfer-in-lake-district-mit-lokale-kneipen\/"]}]},{"@type":"BreadcrumbList","@id":"https:\/\/www.urlaubcornwall.de\/blog\/malerische-doerfer-in-lake-district-mit-lokale-kneipen\/#breadcrumb","itemListElement":[{"@type":"ListItem","position":1,"name":"Home","item":"https:\/\/www.urlaubcornwall.de\/blog\/"},{"@type":"ListItem","position":2,"name":"Malerische D\u00f6rfer in Lake District mit lokale Kneipen"}]}]}},"_links":{"self":[{"href":"https:\/\/www.urlaubcornwall.de\/blog\/wp-json\/wp\/v2\/pages\/46394"}],"collection":[{"href":"https:\/\/www.urlaubcornwall.de\/blog\/wp-json\/wp\/v2\/pages"}],"about":[{"href":"https:\/\/www.urlaubcornwall.de\/blog\/wp-json\/wp\/v2\/types\/page"}],"author":[{"embeddable":true,"href":"https:\/\/www.urlaubcornwall.de\/blog\/wp-json\/wp\/v2\/users\/1"}],"replies":[{"embeddable":true,"href":"https:\/\/www.urlaubcornwall.de\/blog\/wp-json\/wp\/v2\/comments?post=46394"}],"version-history":[{"count":5,"href":"https:\/\/www.urlaubcornwall.de\/blog\/wp-json\/wp\/v2\/pages\/46394\/revisions"}],"predecessor-version":[{"id":50563,"href":"https:\/\/www.urlaubcornwall.de\/blog\/wp-json\/wp\/v2\/pages\/46394\/revisions\/50563"}],"wp:attachment":[{"href":"https:\/\/www.urlaubcornwall.de\/blog\/wp-json\/wp\/v2\/media?parent=46394"}],"curies":[{"name":"wp","href":"https:\/\/api.w.org\/{rel}","templated":true}]}}