{"id":46388,"date":"2023-04-27T09:25:29","date_gmt":"2023-04-27T09:25:29","guid":{"rendered":"https:\/\/www.urlaubcornwall.de\/blog\/?page_id=46388"},"modified":"2024-05-31T12:00:25","modified_gmt":"2024-05-31T12:00:25","slug":"was-ist-schoener-lake-district-oder-schottland-highlands","status":"publish","type":"page","link":"https:\/\/www.urlaubcornwall.de\/blog\/was-ist-schoener-lake-district-oder-schottland-highlands\/","title":{"rendered":"Was ist sch\u00f6ner Lake District oder Schottland Highlands?"},"content":{"rendered":"<p><a href=\"https:\/\/www.urlaubcornwall.de\/blog\/wp-content\/uploads\/2024\/03\/lake-district.jpg\"><img loading=\"lazy\" src=\"https:\/\/www.urlaubcornwall.de\/blog\/wp-content\/uploads\/2024\/03\/lake-district.jpg\" alt=\"lake district\" width=\"750\" height=\"422\" class=\"alignnone size-full wp-image-47806\" srcset=\"https:\/\/www.urlaubcornwall.de\/blog\/wp-content\/uploads\/2024\/03\/lake-district.jpg 750w, https:\/\/www.urlaubcornwall.de\/blog\/wp-content\/uploads\/2024\/03\/lake-district-300x169.jpg 300w\" sizes=\"(max-width: 750px) 100vw, 750px\" \/><\/a><br \/>\nDer Lake District und die Scottish Highlands sind beide wundersch\u00f6ne und spektakul\u00e4re Landschaften, die eine Vielzahl von nat\u00fcrlichen Sch\u00f6nheiten und Aktivit\u00e4ten bieten. Es ist schwer zu sagen, welche von ihnen sch\u00f6ner ist, da es von den individuellen Vorlieben abh\u00e4ngt.<\/p>\n<p>Der <a href=\"https:\/\/www.urlaubcornwall.de\/reiseziel\/lake-district-nationalpark.php\">Lake District ist bekannt f\u00fcr seine malerischen Seen<\/a>, sanften H\u00fcgel und atemberaubenden Berglandschaften, die von Dichtern und K\u00fcnstlern inspiriert wurden. Es gibt viele Wander- und Radwege, malerische D\u00f6rfer und historische St\u00e4tten zu erkunden. Der Lake District ist auch bekannt f\u00fcr seine kulinarischen K\u00f6stlichkeiten wie Cumberland-W\u00fcrstchen und Kendal-Mint-Kuchen.<\/p>\n<p><a href=\"https:\/\/www.urlaubcornwall.de\/blog\/wp-content\/uploads\/2024\/03\/schottland-highlands-1.jpg\"><img loading=\"lazy\" src=\"https:\/\/www.urlaubcornwall.de\/blog\/wp-content\/uploads\/2024\/03\/schottland-highlands-1.jpg\" alt=\"schottland highlands\" width=\"750\" height=\"563\" class=\"alignnone size-full wp-image-48022\" srcset=\"https:\/\/www.urlaubcornwall.de\/blog\/wp-content\/uploads\/2024\/03\/schottland-highlands-1.jpg 750w, https:\/\/www.urlaubcornwall.de\/blog\/wp-content\/uploads\/2024\/03\/schottland-highlands-1-300x225.jpg 300w\" sizes=\"(max-width: 750px) 100vw, 750px\" \/><\/a><\/p>\n<p>Die <a href=\"https:\/\/www.urlaubcornwall.de\/reiseziel\/schottland.php\">Scottish Highlands<\/a> hingegen sind ber\u00fchmt f\u00fcr ihre raue und dramatische Landschaft, einschlie\u00dflich Bergketten, T\u00e4lern, Seen und Wasserf\u00e4llen. Die Highlands bieten auch eine F\u00fclle von Wildtieren, darunter Rothirsche und Adler. Die Region hat eine reiche Kultur und Geschichte, einschlie\u00dflich der ber\u00fchmten schottischen Clans und Burgen. Die Highlands sind auch bekannt f\u00fcr ihre Whisky-Destillerien und die schottische Gastronomie, einschlie\u00dflich Haggis und Fischgerichten.<\/p>\n<p>Es h\u00e4ngt also von den pers\u00f6nlichen Vorlieben ab, ob man lieber eine sanftere, <a href=\"https:\/\/www.urlaubcornwall.de\/ferienhaeuser-fewos\/eng\/lake-district\/lake-district.html\">idyllische Landschaft im Lake District<\/a> genie\u00dfen m\u00f6chte oder eine wilde und <a href=\"https:\/\/www.urlaubcornwall.de\/ferienhaeuser-fewos\/sco\/schottland.html\">dramatische Landschaft in den Scottish Highlands<\/a>.<\/p>\n","protected":false},"excerpt":{"rendered":"<p>Der Lake District und die Scottish Highlands sind beide wundersch\u00f6ne und spektakul\u00e4re Landschaften, die eine Vielzahl von nat\u00fcrlichen Sch\u00f6nheiten und Aktivit\u00e4ten bieten. Es ist schwer zu sagen, welche von ihnen sch\u00f6ner ist, da es von den individuellen Vorlieben abh\u00e4ngt. Der Lake District ist bekannt f\u00fcr seine malerischen Seen, sanften H\u00fcgel und atemberaubenden Berglandschaften, die von [&hellip;]<\/p>\n","protected":false},"author":1,"featured_media":0,"parent":0,"menu_order":0,"comment_status":"closed","ping_status":"closed","template":"single-four.php","meta":[],"acf":[],"yoast_head":"<!-- This site is optimized with the Yoast SEO plugin v19.4 - https:\/\/yoast.com\/wordpress\/plugins\/seo\/ -->\n<title>Was ist sch\u00f6ner Lake District oder Schottland Highlands? - Urlaub &amp; Reisen<\/title>\n<meta name=\"description\" content=\"Der Lake District und die Scottish Highlands sind beide wundersch\u00f6ne und spektakul\u00e4re Landschaften, die eine Vielzahl\" \/>\n<meta name=\"robots\" content=\"index, follow, max-snippet:-1, max-image-preview:large, max-video-preview:-1\" \/>\n<link rel=\"canonical\" href=\"https:\/\/www.urlaubcornwall.de\/blog\/was-ist-schoener-lake-district-oder-schottland-highlands\/\" \/>\n<meta property=\"og:locale\" content=\"en_US\" \/>\n<meta property=\"og:type\" content=\"article\" \/>\n<meta property=\"og:title\" content=\"Was ist sch\u00f6ner Lake District oder Schottland Highlands? - Urlaub &amp; Reisen\" \/>\n<meta property=\"og:description\" content=\"Der Lake District und die Scottish Highlands sind beide wundersch\u00f6ne und spektakul\u00e4re Landschaften, die eine Vielzahl\" \/>\n<meta property=\"og:url\" content=\"https:\/\/www.urlaubcornwall.de\/blog\/was-ist-schoener-lake-district-oder-schottland-highlands\/\" \/>\n<meta property=\"og:site_name\" content=\"Urlaub &amp; Reisen\" \/>\n<meta property=\"article:modified_time\" content=\"2024-05-31T12:00:25+00:00\" \/>\n<meta property=\"og:image\" content=\"https:\/\/www.urlaubcornwall.de\/blog\/wp-content\/uploads\/2024\/03\/lake-district.jpg\" \/>\n<meta name=\"twitter:card\" content=\"summary\" \/>\n<meta name=\"twitter:label1\" content=\"Est. reading time\" \/>\n\t<meta name=\"twitter:data1\" content=\"1 minute\" \/>\n<script type=\"application\/ld+json\" class=\"yoast-schema-graph\">{\"@context\":\"https:\/\/schema.org\",\"@graph\":[{\"@type\":\"WebSite\",\"@id\":\"https:\/\/www.urlaubcornwall.de\/blog\/#website\",\"url\":\"https:\/\/www.urlaubcornwall.de\/blog\/\",\"name\":\"Urlaub &amp; Reisen\",\"description\":\"Urlaub, Reisen, Cornwall und S\u00fcdengland: eine perfekte Kombination\",\"potentialAction\":[{\"@type\":\"SearchAction\",\"target\":{\"@type\":\"EntryPoint\",\"urlTemplate\":\"https:\/\/www.urlaubcornwall.de\/blog\/?s={search_term_string}\"},\"query-input\":\"required name=search_term_string\"}],\"inLanguage\":\"en-US\"},{\"@type\":\"WebPage\",\"@id\":\"https:\/\/www.urlaubcornwall.de\/blog\/was-ist-schoener-lake-district-oder-schottland-highlands\/\",\"url\":\"https:\/\/www.urlaubcornwall.de\/blog\/was-ist-schoener-lake-district-oder-schottland-highlands\/\",\"name\":\"Was ist sch\u00f6ner Lake District oder Schottland Highlands? - Urlaub &amp; Reisen\",\"isPartOf\":{\"@id\":\"https:\/\/www.urlaubcornwall.de\/blog\/#website\"},\"datePublished\":\"2023-04-27T09:25:29+00:00\",\"dateModified\":\"2024-05-31T12:00:25+00:00\",\"description\":\"Der Lake District und die Scottish Highlands sind beide wundersch\u00f6ne und spektakul\u00e4re Landschaften, die eine Vielzahl\",\"breadcrumb\":{\"@id\":\"https:\/\/www.urlaubcornwall.de\/blog\/was-ist-schoener-lake-district-oder-schottland-highlands\/#breadcrumb\"},\"inLanguage\":\"en-US\",\"potentialAction\":[{\"@type\":\"ReadAction\",\"target\":[\"https:\/\/www.urlaubcornwall.de\/blog\/was-ist-schoener-lake-district-oder-schottland-highlands\/\"]}]},{\"@type\":\"BreadcrumbList\",\"@id\":\"https:\/\/www.urlaubcornwall.de\/blog\/was-ist-schoener-lake-district-oder-schottland-highlands\/#breadcrumb\",\"itemListElement\":[{\"@type\":\"ListItem\",\"position\":1,\"name\":\"Home\",\"item\":\"https:\/\/www.urlaubcornwall.de\/blog\/\"},{\"@type\":\"ListItem\",\"position\":2,\"name\":\"Was ist sch\u00f6ner Lake District oder Schottland Highlands?\"}]}]}<\/script>\n<!-- \/ Yoast SEO plugin. -->","yoast_head_json":{"title":"Was ist sch\u00f6ner Lake District oder Schottland Highlands? - Urlaub &amp; Reisen","description":"Der Lake District und die Scottish Highlands sind beide wundersch\u00f6ne und spektakul\u00e4re Landschaften, die eine Vielzahl","robots":{"index":"index","follow":"follow","max-snippet":"max-snippet:-1","max-image-preview":"max-image-preview:large","max-video-preview":"max-video-preview:-1"},"canonical":"https:\/\/www.urlaubcornwall.de\/blog\/was-ist-schoener-lake-district-oder-schottland-highlands\/","og_locale":"en_US","og_type":"article","og_title":"Was ist sch\u00f6ner Lake District oder Schottland Highlands? - Urlaub &amp; Reisen","og_description":"Der Lake District und die Scottish Highlands sind beide wundersch\u00f6ne und spektakul\u00e4re Landschaften, die eine Vielzahl","og_url":"https:\/\/www.urlaubcornwall.de\/blog\/was-ist-schoener-lake-district-oder-schottland-highlands\/","og_site_name":"Urlaub &amp; Reisen","article_modified_time":"2024-05-31T12:00:25+00:00","og_image":[{"url":"https:\/\/www.urlaubcornwall.de\/blog\/wp-content\/uploads\/2024\/03\/lake-district.jpg"}],"twitter_card":"summary","twitter_misc":{"Est. reading time":"1 minute"},"schema":{"@context":"https:\/\/schema.org","@graph":[{"@type":"WebSite","@id":"https:\/\/www.urlaubcornwall.de\/blog\/#website","url":"https:\/\/www.urlaubcornwall.de\/blog\/","name":"Urlaub &amp; Reisen","description":"Urlaub, Reisen, Cornwall und S\u00fcdengland: eine perfekte Kombination","potentialAction":[{"@type":"SearchAction","target":{"@type":"EntryPoint","urlTemplate":"https:\/\/www.urlaubcornwall.de\/blog\/?s={search_term_string}"},"query-input":"required name=search_term_string"}],"inLanguage":"en-US"},{"@type":"WebPage","@id":"https:\/\/www.urlaubcornwall.de\/blog\/was-ist-schoener-lake-district-oder-schottland-highlands\/","url":"https:\/\/www.urlaubcornwall.de\/blog\/was-ist-schoener-lake-district-oder-schottland-highlands\/","name":"Was ist sch\u00f6ner Lake District oder Schottland Highlands? - Urlaub &amp; Reisen","isPartOf":{"@id":"https:\/\/www.urlaubcornwall.de\/blog\/#website"},"datePublished":"2023-04-27T09:25:29+00:00","dateModified":"2024-05-31T12:00:25+00:00","description":"Der Lake District und die Scottish Highlands sind beide wundersch\u00f6ne und spektakul\u00e4re Landschaften, die eine Vielzahl","breadcrumb":{"@id":"https:\/\/www.urlaubcornwall.de\/blog\/was-ist-schoener-lake-district-oder-schottland-highlands\/#breadcrumb"},"inLanguage":"en-US","potentialAction":[{"@type":"ReadAction","target":["https:\/\/www.urlaubcornwall.de\/blog\/was-ist-schoener-lake-district-oder-schottland-highlands\/"]}]},{"@type":"BreadcrumbList","@id":"https:\/\/www.urlaubcornwall.de\/blog\/was-ist-schoener-lake-district-oder-schottland-highlands\/#breadcrumb","itemListElement":[{"@type":"ListItem","position":1,"name":"Home","item":"https:\/\/www.urlaubcornwall.de\/blog\/"},{"@type":"ListItem","position":2,"name":"Was ist sch\u00f6ner Lake District oder Schottland Highlands?"}]}]}},"_links":{"self":[{"href":"https:\/\/www.urlaubcornwall.de\/blog\/wp-json\/wp\/v2\/pages\/46388"}],"collection":[{"href":"https:\/\/www.urlaubcornwall.de\/blog\/wp-json\/wp\/v2\/pages"}],"about":[{"href":"https:\/\/www.urlaubcornwall.de\/blog\/wp-json\/wp\/v2\/types\/page"}],"author":[{"embeddable":true,"href":"https:\/\/www.urlaubcornwall.de\/blog\/wp-json\/wp\/v2\/users\/1"}],"replies":[{"embeddable":true,"href":"https:\/\/www.urlaubcornwall.de\/blog\/wp-json\/wp\/v2\/comments?post=46388"}],"version-history":[{"count":5,"href":"https:\/\/www.urlaubcornwall.de\/blog\/wp-json\/wp\/v2\/pages\/46388\/revisions"}],"predecessor-version":[{"id":51347,"href":"https:\/\/www.urlaubcornwall.de\/blog\/wp-json\/wp\/v2\/pages\/46388\/revisions\/51347"}],"wp:attachment":[{"href":"https:\/\/www.urlaubcornwall.de\/blog\/wp-json\/wp\/v2\/media?parent=46388"}],"curies":[{"name":"wp","href":"https:\/\/api.w.org\/{rel}","templated":true}]}}