{"id":46372,"date":"2023-04-27T10:06:01","date_gmt":"2023-04-27T10:06:01","guid":{"rendered":"https:\/\/www.urlaubcornwall.de\/blog\/?page_id=46372"},"modified":"2023-04-27T10:12:38","modified_gmt":"2023-04-27T10:12:38","slug":"was-ist-die-geschichte-der-kanalinseln","status":"publish","type":"page","link":"https:\/\/www.urlaubcornwall.de\/blog\/was-ist-die-geschichte-der-kanalinseln\/","title":{"rendered":"Was ist die Geschichte der Kanalinseln?"},"content":{"rendered":"<p><img loading=\"lazy\" class=\"aligncenter size-full wp-image-36714\" src=\"https:\/\/www.urlaubcornwall.de\/blog\/wp-content\/uploads\/2019\/02\/gruppenreisen-jersey-kanalinseln.jpg\" alt=\"Mont Orgueil Castle\" width=\"750\" height=\"441\"\/><\/p>\n<p><a href=\"https:\/\/www.urlaubcornwall.de\/reiseziel\/kanalinseln\/\">Die Kanalinseln sind eine Gruppe von Inseln im \u00c4rmelkanal<\/a>, die zwischen Frankreich und Gro\u00dfbritannien gelegen sind. Hier sind einige wichtige Ereignisse und Entwicklungen in der Geschichte der Kanalinseln:<\/p>\n<p>Fr\u00fchgeschichte: Arch\u00e4ologische Funde deuten darauf hin, dass die Kanalinseln bereits in der Steinzeit und Bronzezeit besiedelt waren. W\u00e4hrend der R\u00f6merzeit waren die Inseln Teil der Provinz Britannia, wurden aber sp\u00e4ter von den Franken erobert.<\/p>\n<p>Mittelalter: Im Mittelalter waren die Kanalinseln Teil des Herzogtums Normandie und wurden 1066 von Wilhelm dem Eroberer erobert. W\u00e4hrend des Hundertj\u00e4hrigen Krieges zwischen England und Frankreich wechselten die Inseln mehrmals den Besitzer, bevor sie schlie\u00dflich 1461 unter englische Kontrolle gerieten.<\/p>\n<p>Neuzeit: W\u00e4hrend des Zweiten Weltkriegs waren die Kanalinseln von den Deutschen besetzt, die sie als Festung ausbauten und die Inseln zu einem Teil des Atlantikwalls machten. Die Inseln wurden erst im Mai 1945, einige Wochen nach Kriegsende, von den Alliierten befreit.<\/p>\n<p>Heute sind die Kanalinseln Kronbesitztum des Vereinigten K\u00f6nigreichs und haben eine eigene Regierung sowie eigene Gesetze und Steuersysteme. Die Inseln sind bekannt f\u00fcr ihre sch\u00f6nen Landschaften und Str\u00e4nde sowie f\u00fcr ihre einzigartige Kultur und Geschichte. Die Kanalinseln sind auch ein wichtiger Finanzplatz und ein beliebtes Reiseziel f\u00fcr Touristen aus aller Welt.<\/p>\n<h1><a href=\"https:\/\/www.urlaubcornwall.de\/blog\/spezialist-reisen-kanalinseln\/\">Ihr Spezialist f\u00fcr Reisen auf die Kanalinseln! Entdecken Sie das einzigartige Paradies im Atlantik<\/a><\/h1>\n<p><strong>Ein komplettes Urlaub mit Inklusive Flug<\/strong><\/p>\n<p>In der Tat gibt es zu viele malerische Fleckchen, um sie alle in einen Urlaub zu zw\u00e4ngen. Was also tun als Sch\u00f6nheitssuchender? Planen Sie Ihren Urlaub, gef\u00fcllt mit lediglich den sch\u00f6nsten Orten!<\/p>\n<p>Hier sind einige Ideen, die sicherstellen, dass Ihre n\u00e4chste <a href=\"https:\/\/www.urlaubcornwall.de\/reiseziel\/kanalinseln\/\">Reise nach Kanalinseln<\/a> die Instagram-Reise schlechthin darstellt.<\/p>\n","protected":false},"excerpt":{"rendered":"<p>Die Kanalinseln sind eine Gruppe von Inseln im \u00c4rmelkanal, die zwischen Frankreich und Gro\u00dfbritannien gelegen sind. Hier sind einige wichtige Ereignisse und Entwicklungen in der Geschichte der Kanalinseln: Fr\u00fchgeschichte: Arch\u00e4ologische Funde deuten darauf hin, dass die Kanalinseln bereits in der Steinzeit und Bronzezeit besiedelt waren. W\u00e4hrend der R\u00f6merzeit waren die Inseln Teil der Provinz Britannia, [&hellip;]<\/p>\n","protected":false},"author":1,"featured_media":0,"parent":0,"menu_order":0,"comment_status":"closed","ping_status":"closed","template":"single-four.php","meta":[],"acf":[],"yoast_head":"<!-- This site is optimized with the Yoast SEO plugin v19.4 - https:\/\/yoast.com\/wordpress\/plugins\/seo\/ -->\n<title>Was ist die Geschichte der Kanalinseln? - Urlaub &amp; Reisen<\/title>\n<meta name=\"description\" content=\"Die Kanalinseln sind eine Gruppe von Inseln im \u00c4rmelkanal, die zwischen Frankreich und Gro\u00dfbritannien gelegen sind. Hier sind einige wichtige\" \/>\n<meta name=\"robots\" content=\"index, follow, max-snippet:-1, max-image-preview:large, max-video-preview:-1\" \/>\n<link rel=\"canonical\" href=\"https:\/\/www.urlaubcornwall.de\/blog\/was-ist-die-geschichte-der-kanalinseln\/\" \/>\n<meta property=\"og:locale\" content=\"en_US\" \/>\n<meta property=\"og:type\" content=\"article\" \/>\n<meta property=\"og:title\" content=\"Was ist die Geschichte der Kanalinseln? - Urlaub &amp; Reisen\" \/>\n<meta property=\"og:description\" content=\"Die Kanalinseln sind eine Gruppe von Inseln im \u00c4rmelkanal, die zwischen Frankreich und Gro\u00dfbritannien gelegen sind. Hier sind einige wichtige\" \/>\n<meta property=\"og:url\" content=\"https:\/\/www.urlaubcornwall.de\/blog\/was-ist-die-geschichte-der-kanalinseln\/\" \/>\n<meta property=\"og:site_name\" content=\"Urlaub &amp; Reisen\" \/>\n<meta property=\"article:modified_time\" content=\"2023-04-27T10:12:38+00:00\" \/>\n<meta property=\"og:image\" content=\"https:\/\/www.urlaubcornwall.de\/blog\/wp-content\/uploads\/2019\/02\/gruppenreisen-jersey-kanalinseln.jpg\" \/>\n<meta name=\"twitter:card\" content=\"summary\" \/>\n<meta name=\"twitter:label1\" content=\"Est. reading time\" \/>\n\t<meta name=\"twitter:data1\" content=\"2 minutes\" \/>\n<script type=\"application\/ld+json\" class=\"yoast-schema-graph\">{\"@context\":\"https:\/\/schema.org\",\"@graph\":[{\"@type\":\"WebSite\",\"@id\":\"https:\/\/www.urlaubcornwall.de\/blog\/#website\",\"url\":\"https:\/\/www.urlaubcornwall.de\/blog\/\",\"name\":\"Urlaub &amp; Reisen\",\"description\":\"Urlaub, Reisen, Cornwall und S\u00fcdengland: eine perfekte Kombination\",\"potentialAction\":[{\"@type\":\"SearchAction\",\"target\":{\"@type\":\"EntryPoint\",\"urlTemplate\":\"https:\/\/www.urlaubcornwall.de\/blog\/?s={search_term_string}\"},\"query-input\":\"required name=search_term_string\"}],\"inLanguage\":\"en-US\"},{\"@type\":\"WebPage\",\"@id\":\"https:\/\/www.urlaubcornwall.de\/blog\/was-ist-die-geschichte-der-kanalinseln\/\",\"url\":\"https:\/\/www.urlaubcornwall.de\/blog\/was-ist-die-geschichte-der-kanalinseln\/\",\"name\":\"Was ist die Geschichte der Kanalinseln? - Urlaub &amp; Reisen\",\"isPartOf\":{\"@id\":\"https:\/\/www.urlaubcornwall.de\/blog\/#website\"},\"datePublished\":\"2023-04-27T10:06:01+00:00\",\"dateModified\":\"2023-04-27T10:12:38+00:00\",\"description\":\"Die Kanalinseln sind eine Gruppe von Inseln im \u00c4rmelkanal, die zwischen Frankreich und Gro\u00dfbritannien gelegen sind. Hier sind einige wichtige\",\"breadcrumb\":{\"@id\":\"https:\/\/www.urlaubcornwall.de\/blog\/was-ist-die-geschichte-der-kanalinseln\/#breadcrumb\"},\"inLanguage\":\"en-US\",\"potentialAction\":[{\"@type\":\"ReadAction\",\"target\":[\"https:\/\/www.urlaubcornwall.de\/blog\/was-ist-die-geschichte-der-kanalinseln\/\"]}]},{\"@type\":\"BreadcrumbList\",\"@id\":\"https:\/\/www.urlaubcornwall.de\/blog\/was-ist-die-geschichte-der-kanalinseln\/#breadcrumb\",\"itemListElement\":[{\"@type\":\"ListItem\",\"position\":1,\"name\":\"Home\",\"item\":\"https:\/\/www.urlaubcornwall.de\/blog\/\"},{\"@type\":\"ListItem\",\"position\":2,\"name\":\"Was ist die Geschichte der Kanalinseln?\"}]}]}<\/script>\n<!-- \/ Yoast SEO plugin. -->","yoast_head_json":{"title":"Was ist die Geschichte der Kanalinseln? - Urlaub &amp; Reisen","description":"Die Kanalinseln sind eine Gruppe von Inseln im \u00c4rmelkanal, die zwischen Frankreich und Gro\u00dfbritannien gelegen sind. Hier sind einige wichtige","robots":{"index":"index","follow":"follow","max-snippet":"max-snippet:-1","max-image-preview":"max-image-preview:large","max-video-preview":"max-video-preview:-1"},"canonical":"https:\/\/www.urlaubcornwall.de\/blog\/was-ist-die-geschichte-der-kanalinseln\/","og_locale":"en_US","og_type":"article","og_title":"Was ist die Geschichte der Kanalinseln? - Urlaub &amp; Reisen","og_description":"Die Kanalinseln sind eine Gruppe von Inseln im \u00c4rmelkanal, die zwischen Frankreich und Gro\u00dfbritannien gelegen sind. Hier sind einige wichtige","og_url":"https:\/\/www.urlaubcornwall.de\/blog\/was-ist-die-geschichte-der-kanalinseln\/","og_site_name":"Urlaub &amp; Reisen","article_modified_time":"2023-04-27T10:12:38+00:00","og_image":[{"url":"https:\/\/www.urlaubcornwall.de\/blog\/wp-content\/uploads\/2019\/02\/gruppenreisen-jersey-kanalinseln.jpg"}],"twitter_card":"summary","twitter_misc":{"Est. reading time":"2 minutes"},"schema":{"@context":"https:\/\/schema.org","@graph":[{"@type":"WebSite","@id":"https:\/\/www.urlaubcornwall.de\/blog\/#website","url":"https:\/\/www.urlaubcornwall.de\/blog\/","name":"Urlaub &amp; Reisen","description":"Urlaub, Reisen, Cornwall und S\u00fcdengland: eine perfekte Kombination","potentialAction":[{"@type":"SearchAction","target":{"@type":"EntryPoint","urlTemplate":"https:\/\/www.urlaubcornwall.de\/blog\/?s={search_term_string}"},"query-input":"required name=search_term_string"}],"inLanguage":"en-US"},{"@type":"WebPage","@id":"https:\/\/www.urlaubcornwall.de\/blog\/was-ist-die-geschichte-der-kanalinseln\/","url":"https:\/\/www.urlaubcornwall.de\/blog\/was-ist-die-geschichte-der-kanalinseln\/","name":"Was ist die Geschichte der Kanalinseln? - Urlaub &amp; Reisen","isPartOf":{"@id":"https:\/\/www.urlaubcornwall.de\/blog\/#website"},"datePublished":"2023-04-27T10:06:01+00:00","dateModified":"2023-04-27T10:12:38+00:00","description":"Die Kanalinseln sind eine Gruppe von Inseln im \u00c4rmelkanal, die zwischen Frankreich und Gro\u00dfbritannien gelegen sind. Hier sind einige wichtige","breadcrumb":{"@id":"https:\/\/www.urlaubcornwall.de\/blog\/was-ist-die-geschichte-der-kanalinseln\/#breadcrumb"},"inLanguage":"en-US","potentialAction":[{"@type":"ReadAction","target":["https:\/\/www.urlaubcornwall.de\/blog\/was-ist-die-geschichte-der-kanalinseln\/"]}]},{"@type":"BreadcrumbList","@id":"https:\/\/www.urlaubcornwall.de\/blog\/was-ist-die-geschichte-der-kanalinseln\/#breadcrumb","itemListElement":[{"@type":"ListItem","position":1,"name":"Home","item":"https:\/\/www.urlaubcornwall.de\/blog\/"},{"@type":"ListItem","position":2,"name":"Was ist die Geschichte der Kanalinseln?"}]}]}},"_links":{"self":[{"href":"https:\/\/www.urlaubcornwall.de\/blog\/wp-json\/wp\/v2\/pages\/46372"}],"collection":[{"href":"https:\/\/www.urlaubcornwall.de\/blog\/wp-json\/wp\/v2\/pages"}],"about":[{"href":"https:\/\/www.urlaubcornwall.de\/blog\/wp-json\/wp\/v2\/types\/page"}],"author":[{"embeddable":true,"href":"https:\/\/www.urlaubcornwall.de\/blog\/wp-json\/wp\/v2\/users\/1"}],"replies":[{"embeddable":true,"href":"https:\/\/www.urlaubcornwall.de\/blog\/wp-json\/wp\/v2\/comments?post=46372"}],"version-history":[{"count":3,"href":"https:\/\/www.urlaubcornwall.de\/blog\/wp-json\/wp\/v2\/pages\/46372\/revisions"}],"predecessor-version":[{"id":46432,"href":"https:\/\/www.urlaubcornwall.de\/blog\/wp-json\/wp\/v2\/pages\/46372\/revisions\/46432"}],"wp:attachment":[{"href":"https:\/\/www.urlaubcornwall.de\/blog\/wp-json\/wp\/v2\/media?parent=46372"}],"curies":[{"name":"wp","href":"https:\/\/api.w.org\/{rel}","templated":true}]}}