{"id":46360,"date":"2023-05-16T13:22:22","date_gmt":"2023-05-16T13:22:22","guid":{"rendered":"https:\/\/www.urlaubcornwall.de\/blog\/?page_id=46360"},"modified":"2024-04-30T15:24:04","modified_gmt":"2024-04-30T15:24:04","slug":"wie-macht-man-das-beste-aus-einem-besuch-in-bath","status":"publish","type":"page","link":"https:\/\/www.urlaubcornwall.de\/blog\/wie-macht-man-das-beste-aus-einem-besuch-in-bath\/","title":{"rendered":"Wie macht man das Beste aus einem Besuch in Bath?"},"content":{"rendered":"<p><img loading=\"lazy\" class=\"aligncenter size-full wp-image-20068\" src=\"https:\/\/www.urlaubcornwall.de\/blog\/wp-content\/uploads\/2013\/03\/Bath1.jpg\" alt=\"Bath Somerset\" width=\"750\" height=\"393\"\/><\/p>\n<p><a href=\"https:\/\/www.urlaubcornwall.de\/ferienhaeuser-fewos\/eng\/somerset\/bath.html\">Bath ist eine wundersch\u00f6ne Stadt in Somerset<\/a>, bekannt f\u00fcr ihre r\u00f6mischen B\u00e4der und ihren beeindruckenden georgianischen Architekturstil. Hier sind einige Tipps, um das Beste aus Ihrem Besuch in Bath zu machen:<\/p>\n<p>Besuchen Sie die r\u00f6mischen B\u00e4der: Die r\u00f6mischen B\u00e4der sind eine der bekanntesten Sehensw\u00fcrdigkeiten in Bath und sollten auf jeden Fall auf Ihrer Liste stehen. Sie k\u00f6nnen hier die \u00dcberreste eines r\u00f6mischen Badehauses besichtigen, in den hei\u00dfen Quellen baden und die Geschichte der Stadt hautnah erleben.<\/p>\n<p>Spazieren Sie durch die georgianischen Stra\u00dfen: Bath ist ber\u00fchmt f\u00fcr seinen georgianischen Architekturstil, und Sie sollten unbedingt durch die gepflasterten Stra\u00dfen und Alleen schlendern, um diese herrlichen Geb\u00e4ude zu bewundern. Der Royal Crescent und The Circus sind zwei der bekanntesten Beispiele.<\/p>\n<p>Besuchen Sie das Jane Austen Centre: Die Schriftstellerin Jane Austen verbrachte einige Zeit in Bath und beschrieb die Stadt in einigen ihrer B\u00fccher. Im Jane Austen Centre k\u00f6nnen Sie mehr \u00fcber ihr Leben und ihre Arbeit erfahren und sogar in die Rolle eines Charakters aus ihren B\u00fcchern schl\u00fcpfen.<\/p>\n<p><img loading=\"lazy\" class=\"aligncenter size-full wp-image-46644\" src=\"https:\/\/www.urlaubcornwall.de\/blog\/wp-content\/uploads\/2023\/05\/Kennet-and-Avon-canal_2.jpg\" alt=\"Kennet and Avon canal\" width=\"750\" height=\"562\" srcset=\"https:\/\/www.urlaubcornwall.de\/blog\/wp-content\/uploads\/2023\/05\/Kennet-and-Avon-canal_2.jpg 750w, https:\/\/www.urlaubcornwall.de\/blog\/wp-content\/uploads\/2023\/05\/Kennet-and-Avon-canal_2-300x225.jpg 300w\" sizes=\"(max-width: 750px) 100vw, 750px\" \/><\/p>\n<p>Machen Sie einen Spaziergang entlang des Flusses Avon: Der Fluss Avon schl\u00e4ngelt sich durch Bath und bietet eine malerische Kulisse f\u00fcr einen Spaziergang oder eine Bootsfahrt. Sie k\u00f6nnen auch eine Wanderung entlang des Kennet and Avon Canal unternehmen, das sich durch die Stadt schl\u00e4ngelt.<\/p>\n<p>Besuchen Sie den Botanischen Garten von Bath: Der Botanische Garten von Bath ist ein wundersch\u00f6ner Ort mit einer beeindruckenden Sammlung von Pflanzen aus der ganzen Welt. Hier k\u00f6nnen Sie eine Pause vom Trubel der Stadt einlegen und die Natur genie\u00dfen.<\/p>\n<p>Probieren Sie lokale Spezialit\u00e4ten: Bath hat eine Reihe von traditionellen Gerichten, die Sie unbedingt probieren sollten, wie zum Beispiel  den Sally Lunn Bun (ein s\u00fc\u00dfes Br\u00f6tchen).<\/p>\n<p>Besuchen Sie das Holburne Museum: Das Holburne Museum befindet sich in einem pr\u00e4chtigen georgianischen Geb\u00e4ude und beherbergt eine Sammlung von Kunstwerken aus dem 18. Jahrhundert sowie wechselnde Ausstellungen zeitgen\u00f6ssischer Kunst.<\/p>\n<p>Entspannen Sie in einem der Thermalb\u00e4der: Bath ist bekannt f\u00fcr seine hei\u00dfen Quellen, und es gibt eine Reihe von Thermalb\u00e4dern, die Sie besuchen k\u00f6nnen, um sich zu entspannen und zu erholen.<\/p>\n<h1>Unser Rundreisenservice in S\u00fcdengland<\/h1>\n<p>Weshalb \u00fcber uns buchen?<\/p>\n<p>Firmensitz in Cornwall und ein Team Deutsch sprechender Reisespezialisten.<\/p>\n<p>Wir haben eine Leidenschaft f\u00fcrs Reisen und gestalten den perfekten Urlaub.<\/p>\n<p>Ortskenntnisse und Insidertipps f\u00fcr unsere Kunden.<\/p>\n<p>Sonderangebote und Preisnachl\u00e4sse<\/p>\n<p>S\u00e4mtliche unserer Rundreisen sind durch einen voll versicherten deutschen Reiseveranstalter gesichert.<\/p>\n<p style=\"text-align: center;\"><a class=\"tidycta\" href=\"https:\/\/www.urlaubcornwall.de\/rundreisen\/cornwall-suedengland.php\"> Mehr Info<\/a><\/p>\n<div class=\"snippet\"> <a class=\"featured-item\" href=\"https:\/\/www.urlaubcornwall.de\/ferienhaeuser\/suedengland.php\"> <span class=\"image-holder\" style=\"background-image: url('https:\/\/www.urlaubcornwall.de\/blog\/wp-content\/uploads\/2024\/03\/ferienhaus-england-cornwall.jpg');\"><\/span> <span class=\"featured-content\"> \n<h2 class=\"featured-title\">Ferienh\u00e4user in S\u00fcdengland<\/h2>\n<p class=\"featured-body\">Bei uns finden Sie Ferienh\u00e4user zum Verlieben &#8211; so einfach ist das! Dank seiner langen Geschichte, der reizvollen Landschaften und seinen vielen Attraktionen ist S\u00fcdengland ein wahres Mekka f\u00fcr Urlauber&#8230;..<\/p><\/span> <span class=\"featured-link-holder\"> <span class=\"featured-extra-info\"> \n<p>Pers\u00f6nlich inspizierter Ferienh\u00e4user<\/p>\n<\/span> \n<p class=\"featured-link\">DETAILS<\/p>\n<\/span> <\/a><\/div>\n","protected":false},"excerpt":{"rendered":"<p>Bath ist eine wundersch\u00f6ne Stadt in Somerset, bekannt f\u00fcr ihre r\u00f6mischen B\u00e4der und ihren beeindruckenden georgianischen Architekturstil. Hier sind einige Tipps, um das Beste aus Ihrem Besuch in Bath zu machen: Besuchen Sie die r\u00f6mischen B\u00e4der: Die r\u00f6mischen B\u00e4der sind eine der bekanntesten Sehensw\u00fcrdigkeiten in Bath und sollten auf jeden Fall auf Ihrer Liste stehen. [&hellip;]<\/p>\n","protected":false},"author":1,"featured_media":0,"parent":0,"menu_order":0,"comment_status":"closed","ping_status":"closed","template":"single-four.php","meta":[],"acf":[],"yoast_head":"<!-- This site is optimized with the Yoast SEO plugin v19.4 - https:\/\/yoast.com\/wordpress\/plugins\/seo\/ -->\n<title>Wie macht man das Beste aus einem Besuch in Bath? - Urlaub &amp; Reisen<\/title>\n<meta name=\"description\" content=\"Bath ist eine wundersch\u00f6ne Stadt in Somerset, bekannt f\u00fcr ihre r\u00f6mischen B\u00e4der und ihren beeindruckenden georgianischen Architekturstil\" \/>\n<meta name=\"robots\" content=\"index, follow, max-snippet:-1, max-image-preview:large, max-video-preview:-1\" \/>\n<link rel=\"canonical\" href=\"https:\/\/www.urlaubcornwall.de\/blog\/wie-macht-man-das-beste-aus-einem-besuch-in-bath\/\" \/>\n<meta property=\"og:locale\" content=\"en_US\" \/>\n<meta property=\"og:type\" content=\"article\" \/>\n<meta property=\"og:title\" content=\"Wie macht man das Beste aus einem Besuch in Bath? - Urlaub &amp; Reisen\" \/>\n<meta property=\"og:description\" content=\"Bath ist eine wundersch\u00f6ne Stadt in Somerset, bekannt f\u00fcr ihre r\u00f6mischen B\u00e4der und ihren beeindruckenden georgianischen Architekturstil\" \/>\n<meta property=\"og:url\" content=\"https:\/\/www.urlaubcornwall.de\/blog\/wie-macht-man-das-beste-aus-einem-besuch-in-bath\/\" \/>\n<meta property=\"og:site_name\" content=\"Urlaub &amp; Reisen\" \/>\n<meta property=\"article:modified_time\" content=\"2024-04-30T15:24:04+00:00\" \/>\n<meta property=\"og:image\" content=\"https:\/\/www.urlaubcornwall.de\/blog\/wp-content\/uploads\/2013\/03\/Bath1.jpg\" \/>\n<meta name=\"twitter:card\" content=\"summary\" \/>\n<meta name=\"twitter:label1\" content=\"Est. reading time\" \/>\n\t<meta name=\"twitter:data1\" content=\"3 minutes\" \/>\n<script type=\"application\/ld+json\" class=\"yoast-schema-graph\">{\"@context\":\"https:\/\/schema.org\",\"@graph\":[{\"@type\":\"WebSite\",\"@id\":\"https:\/\/www.urlaubcornwall.de\/blog\/#website\",\"url\":\"https:\/\/www.urlaubcornwall.de\/blog\/\",\"name\":\"Urlaub &amp; Reisen\",\"description\":\"Urlaub, Reisen, Cornwall und S\u00fcdengland: eine perfekte Kombination\",\"potentialAction\":[{\"@type\":\"SearchAction\",\"target\":{\"@type\":\"EntryPoint\",\"urlTemplate\":\"https:\/\/www.urlaubcornwall.de\/blog\/?s={search_term_string}\"},\"query-input\":\"required name=search_term_string\"}],\"inLanguage\":\"en-US\"},{\"@type\":\"WebPage\",\"@id\":\"https:\/\/www.urlaubcornwall.de\/blog\/wie-macht-man-das-beste-aus-einem-besuch-in-bath\/\",\"url\":\"https:\/\/www.urlaubcornwall.de\/blog\/wie-macht-man-das-beste-aus-einem-besuch-in-bath\/\",\"name\":\"Wie macht man das Beste aus einem Besuch in Bath? - Urlaub &amp; Reisen\",\"isPartOf\":{\"@id\":\"https:\/\/www.urlaubcornwall.de\/blog\/#website\"},\"datePublished\":\"2023-05-16T13:22:22+00:00\",\"dateModified\":\"2024-04-30T15:24:04+00:00\",\"description\":\"Bath ist eine wundersch\u00f6ne Stadt in Somerset, bekannt f\u00fcr ihre r\u00f6mischen B\u00e4der und ihren beeindruckenden georgianischen Architekturstil\",\"breadcrumb\":{\"@id\":\"https:\/\/www.urlaubcornwall.de\/blog\/wie-macht-man-das-beste-aus-einem-besuch-in-bath\/#breadcrumb\"},\"inLanguage\":\"en-US\",\"potentialAction\":[{\"@type\":\"ReadAction\",\"target\":[\"https:\/\/www.urlaubcornwall.de\/blog\/wie-macht-man-das-beste-aus-einem-besuch-in-bath\/\"]}]},{\"@type\":\"BreadcrumbList\",\"@id\":\"https:\/\/www.urlaubcornwall.de\/blog\/wie-macht-man-das-beste-aus-einem-besuch-in-bath\/#breadcrumb\",\"itemListElement\":[{\"@type\":\"ListItem\",\"position\":1,\"name\":\"Home\",\"item\":\"https:\/\/www.urlaubcornwall.de\/blog\/\"},{\"@type\":\"ListItem\",\"position\":2,\"name\":\"Wie macht man das Beste aus einem Besuch in Bath?\"}]}]}<\/script>\n<!-- \/ Yoast SEO plugin. -->","yoast_head_json":{"title":"Wie macht man das Beste aus einem Besuch in Bath? - Urlaub &amp; Reisen","description":"Bath ist eine wundersch\u00f6ne Stadt in Somerset, bekannt f\u00fcr ihre r\u00f6mischen B\u00e4der und ihren beeindruckenden georgianischen Architekturstil","robots":{"index":"index","follow":"follow","max-snippet":"max-snippet:-1","max-image-preview":"max-image-preview:large","max-video-preview":"max-video-preview:-1"},"canonical":"https:\/\/www.urlaubcornwall.de\/blog\/wie-macht-man-das-beste-aus-einem-besuch-in-bath\/","og_locale":"en_US","og_type":"article","og_title":"Wie macht man das Beste aus einem Besuch in Bath? - Urlaub &amp; Reisen","og_description":"Bath ist eine wundersch\u00f6ne Stadt in Somerset, bekannt f\u00fcr ihre r\u00f6mischen B\u00e4der und ihren beeindruckenden georgianischen Architekturstil","og_url":"https:\/\/www.urlaubcornwall.de\/blog\/wie-macht-man-das-beste-aus-einem-besuch-in-bath\/","og_site_name":"Urlaub &amp; Reisen","article_modified_time":"2024-04-30T15:24:04+00:00","og_image":[{"url":"https:\/\/www.urlaubcornwall.de\/blog\/wp-content\/uploads\/2013\/03\/Bath1.jpg"}],"twitter_card":"summary","twitter_misc":{"Est. reading time":"3 minutes"},"schema":{"@context":"https:\/\/schema.org","@graph":[{"@type":"WebSite","@id":"https:\/\/www.urlaubcornwall.de\/blog\/#website","url":"https:\/\/www.urlaubcornwall.de\/blog\/","name":"Urlaub &amp; Reisen","description":"Urlaub, Reisen, Cornwall und S\u00fcdengland: eine perfekte Kombination","potentialAction":[{"@type":"SearchAction","target":{"@type":"EntryPoint","urlTemplate":"https:\/\/www.urlaubcornwall.de\/blog\/?s={search_term_string}"},"query-input":"required name=search_term_string"}],"inLanguage":"en-US"},{"@type":"WebPage","@id":"https:\/\/www.urlaubcornwall.de\/blog\/wie-macht-man-das-beste-aus-einem-besuch-in-bath\/","url":"https:\/\/www.urlaubcornwall.de\/blog\/wie-macht-man-das-beste-aus-einem-besuch-in-bath\/","name":"Wie macht man das Beste aus einem Besuch in Bath? - Urlaub &amp; Reisen","isPartOf":{"@id":"https:\/\/www.urlaubcornwall.de\/blog\/#website"},"datePublished":"2023-05-16T13:22:22+00:00","dateModified":"2024-04-30T15:24:04+00:00","description":"Bath ist eine wundersch\u00f6ne Stadt in Somerset, bekannt f\u00fcr ihre r\u00f6mischen B\u00e4der und ihren beeindruckenden georgianischen Architekturstil","breadcrumb":{"@id":"https:\/\/www.urlaubcornwall.de\/blog\/wie-macht-man-das-beste-aus-einem-besuch-in-bath\/#breadcrumb"},"inLanguage":"en-US","potentialAction":[{"@type":"ReadAction","target":["https:\/\/www.urlaubcornwall.de\/blog\/wie-macht-man-das-beste-aus-einem-besuch-in-bath\/"]}]},{"@type":"BreadcrumbList","@id":"https:\/\/www.urlaubcornwall.de\/blog\/wie-macht-man-das-beste-aus-einem-besuch-in-bath\/#breadcrumb","itemListElement":[{"@type":"ListItem","position":1,"name":"Home","item":"https:\/\/www.urlaubcornwall.de\/blog\/"},{"@type":"ListItem","position":2,"name":"Wie macht man das Beste aus einem Besuch in Bath?"}]}]}},"_links":{"self":[{"href":"https:\/\/www.urlaubcornwall.de\/blog\/wp-json\/wp\/v2\/pages\/46360"}],"collection":[{"href":"https:\/\/www.urlaubcornwall.de\/blog\/wp-json\/wp\/v2\/pages"}],"about":[{"href":"https:\/\/www.urlaubcornwall.de\/blog\/wp-json\/wp\/v2\/types\/page"}],"author":[{"embeddable":true,"href":"https:\/\/www.urlaubcornwall.de\/blog\/wp-json\/wp\/v2\/users\/1"}],"replies":[{"embeddable":true,"href":"https:\/\/www.urlaubcornwall.de\/blog\/wp-json\/wp\/v2\/comments?post=46360"}],"version-history":[{"count":5,"href":"https:\/\/www.urlaubcornwall.de\/blog\/wp-json\/wp\/v2\/pages\/46360\/revisions"}],"predecessor-version":[{"id":49962,"href":"https:\/\/www.urlaubcornwall.de\/blog\/wp-json\/wp\/v2\/pages\/46360\/revisions\/49962"}],"wp:attachment":[{"href":"https:\/\/www.urlaubcornwall.de\/blog\/wp-json\/wp\/v2\/media?parent=46360"}],"curies":[{"name":"wp","href":"https:\/\/api.w.org\/{rel}","templated":true}]}}