{"id":46358,"date":"2023-04-19T13:57:34","date_gmt":"2023-04-19T13:57:34","guid":{"rendered":"https:\/\/www.urlaubcornwall.de\/blog\/?page_id=46358"},"modified":"2024-03-21T11:07:27","modified_gmt":"2024-03-21T11:07:27","slug":"was-ist-schoener-cornwall-oder-schottland","status":"publish","type":"page","link":"https:\/\/www.urlaubcornwall.de\/blog\/was-ist-schoener-cornwall-oder-schottland\/","title":{"rendered":"Was ist sch\u00f6ner Cornwall oder Schottland?"},"content":{"rendered":"<p>Beide <a href=\"https:\/\/www.urlaubcornwall.de\/rundreisen\/cornwall-suedengland.php\">Cornwall<\/a> und <a href=\"https:\/\/www.urlaubcornwall.de\/blog\/rundreisen-schottland\/\">Schottland<\/a> sind wundersch\u00f6ne Orte mit unterschiedlichen landschaftlichen und kulturellen Angeboten. Hier sind einige Gr\u00fcnde und Beispiele, was jeder Ort zu bieten hat:<\/p>\n<p><a href=\"https:\/\/www.urlaubcornwall.de\/reiseziel\/cornwall.php\">Cornwall:<\/a><\/p>\n<p><img loading=\"lazy\" class=\"aligncenter size-full wp-image-43330\" src=\"https:\/\/www.urlaubcornwall.de\/blog\/wp-content\/uploads\/2021\/10\/port_isaac_2.jpg\" alt=\"port_isaac_doc_martin_urlaub\" width=\"750\" height=\"502\" srcset=\"https:\/\/www.urlaubcornwall.de\/blog\/wp-content\/uploads\/2021\/10\/port_isaac_2.jpg 750w, https:\/\/www.urlaubcornwall.de\/blog\/wp-content\/uploads\/2021\/10\/port_isaac_2-300x201.jpg 300w\" sizes=\"(max-width: 750px) 100vw, 750px\" \/><\/p>\n<p>Str\u00e4nde: <a href=\"https:\/\/www.urlaubcornwall.de\/blog\/schoensten-straende-in-cornwall\/\">Cornwall hat einige der sch\u00f6nsten Str\u00e4nde Gro\u00dfbritanniens<\/a> zu bieten, wie <a href=\"https:\/\/www.urlaubcornwall.de\/ferienhaeuser-fewos\/porthcurno.html\">Porthcurno<\/a>, Fistral Beach und <a href=\"https:\/\/www.urlaubcornwall.de\/blog\/st-ives-geschichte-sehenswuerdigkeiten-und-unterkunft\/\">St. Ives<\/a>.<\/p>\n<p>Kulinarische K\u00f6stlichkeiten: Cornwall ist ber\u00fchmt f\u00fcr seine k\u00f6stlichen Meeresfr\u00fcchte und andere <a href=\"https:\/\/www.urlaubcornwall.de\/blog\/cornwalls-kulinarische-spezialitaeten-essen-und-trinken\/\">lokale Spezialit\u00e4ten<\/a>, wie Cornish Pasties und Cream Teas.<\/p>\n<p>Geschichte und Kultur: Cornwall hat eine reiche Geschichte und Kultur, von den keltischen Urspr\u00fcngen bis hin zur Bergbauvergangenheit und der Legende von K\u00f6nig Artus.<\/p>\n<p><a href=\"https:\/\/www.urlaubcornwall.de\/reiseziel\/schottland.php\">Schottland:<\/a><\/p>\n<p><img loading=\"lazy\" class=\"aligncenter size-full wp-image-46247\" src=\"https:\/\/www.urlaubcornwall.de\/blog\/wp-content\/uploads\/2023\/04\/urlaub-highlands-schottland.jpg\" alt=\"urlaub highlands schottland\" width=\"750\" height=\"498\" srcset=\"https:\/\/www.urlaubcornwall.de\/blog\/wp-content\/uploads\/2023\/04\/urlaub-highlands-schottland.jpg 750w, https:\/\/www.urlaubcornwall.de\/blog\/wp-content\/uploads\/2023\/04\/urlaub-highlands-schottland-300x199.jpg 300w\" sizes=\"(max-width: 750px) 100vw, 750px\" \/><\/p>\n<p>Dramatische Landschaften: Schottland ist ber\u00fchmt f\u00fcr seine dramatischen Landschaften, von <a href=\"https:\/\/www.urlaubcornwall.de\/ferienhaeuser-fewos\/sco\/nordschottland\/nordschottland.html\">den majest\u00e4tischen Highlands<\/a> und Seen bis hin zu den rauen K\u00fcsten des Nordens und Westens.<\/p>\n<p>Geschichte und Kultur: Schottland hat eine faszinierende Geschichte und Kultur zu bieten, von den schottischen Clans \u00fcber die historischen St\u00e4dte <a href=\"https:\/\/www.urlaubcornwall.de\/blog\/reisetipps-fuer-edinburgh-unsere-top-10-sie-sie-sehen-und-erleben-sollten\/\">Edinburgh<\/a> und <a href=\"https:\/\/www.urlaubcornwall.de\/blog\/urlaub-in-glasgow-sehenswuerdigkeiten-geschichte-und-unterkunft\/\">Glasgow<\/a> bis hin zu den kulturellen Festivals wie dem Edinburgh Fringe.<\/p>\n<p>Aktivit\u00e4ten im Freien: Schottland bietet eine Vielzahl von Outdoor-Aktivit\u00e4ten wie Wandern, Bergsteigen, Angeln und Golfen.<\/p>\n<p>Letztendlich h\u00e4ngt es von Ihren pers\u00f6nlichen Vorlieben ab, welcher Ort f\u00fcr Sie sch\u00f6ner ist. Wenn Sie sich f\u00fcr Str\u00e4nde, Kulinarik und Geschichte interessieren, k\u00f6nnte Cornwall f\u00fcr Sie passen. Wenn Sie jedoch dramatische Landschaften, Geschichte und Kultur sowie Aktivit\u00e4ten im Freien.<\/p>\n<h1><a href=\"https:\/\/www.urlaubcornwall.de\/rundreisenservice.php\">Unser Rundreisenservice in Cornwall &#038; Schottland<\/a><\/h1>\n<p>Weshalb \u00fcber uns buchen?<\/p>\n<p>Firmensitz in Cornwall und ein Team Deutsch sprechender Reisespezialisten.<\/p>\n<p>Wir haben eine Leidenschaft f\u00fcrs Reisen und gestalten den perfekten Urlaub.<\/p>\n<p>Ortskenntnisse und Insidertipps f\u00fcr unsere Kunden.<\/p>\n<p>Sonderangebote und Preisnachl\u00e4sse<\/p>\n<p>S\u00e4mtliche unserer Rundreisen sind durch einen voll versicherten deutschen Reiseveranstalter gesichert.<\/p>\n<p style=\"text-align: center;\"><a class=\"tidycta\" href=\"https:\/\/www.urlaubcornwall.de\/rundreisenservice.php\"> Mehr Info<\/a><\/p>\n","protected":false},"excerpt":{"rendered":"<p>Beide Cornwall und Schottland sind wundersch\u00f6ne Orte mit unterschiedlichen landschaftlichen und kulturellen Angeboten. Hier sind einige Gr\u00fcnde und Beispiele, was jeder Ort zu bieten hat: Cornwall: Str\u00e4nde: Cornwall hat einige der sch\u00f6nsten Str\u00e4nde Gro\u00dfbritanniens zu bieten, wie Porthcurno, Fistral Beach und St. Ives. Kulinarische K\u00f6stlichkeiten: Cornwall ist ber\u00fchmt f\u00fcr seine k\u00f6stlichen Meeresfr\u00fcchte und andere lokale [&hellip;]<\/p>\n","protected":false},"author":1,"featured_media":0,"parent":0,"menu_order":0,"comment_status":"closed","ping_status":"closed","template":"single-four.php","meta":[],"acf":[],"yoast_head":"<!-- This site is optimized with the Yoast SEO plugin v19.4 - https:\/\/yoast.com\/wordpress\/plugins\/seo\/ -->\n<title>Was ist sch\u00f6ner Cornwall oder Schottland? - Urlaub &amp; Reisen<\/title>\n<meta name=\"description\" content=\"Beide Cornwall und Schottland sind wundersch\u00f6ne Orte mit unterschiedlichen landschaftlichen und kulturellen Angeboten\" \/>\n<meta name=\"robots\" content=\"index, follow, max-snippet:-1, max-image-preview:large, max-video-preview:-1\" \/>\n<link rel=\"canonical\" href=\"https:\/\/www.urlaubcornwall.de\/blog\/was-ist-schoener-cornwall-oder-schottland\/\" \/>\n<meta property=\"og:locale\" content=\"en_US\" \/>\n<meta property=\"og:type\" content=\"article\" \/>\n<meta property=\"og:title\" content=\"Was ist sch\u00f6ner Cornwall oder Schottland? - Urlaub &amp; Reisen\" \/>\n<meta property=\"og:description\" content=\"Beide Cornwall und Schottland sind wundersch\u00f6ne Orte mit unterschiedlichen landschaftlichen und kulturellen Angeboten\" \/>\n<meta property=\"og:url\" content=\"https:\/\/www.urlaubcornwall.de\/blog\/was-ist-schoener-cornwall-oder-schottland\/\" \/>\n<meta property=\"og:site_name\" content=\"Urlaub &amp; Reisen\" \/>\n<meta property=\"article:modified_time\" content=\"2024-03-21T11:07:27+00:00\" \/>\n<meta property=\"og:image\" content=\"https:\/\/www.urlaubcornwall.de\/blog\/wp-content\/uploads\/2021\/10\/port_isaac_2.jpg\" \/>\n<meta name=\"twitter:card\" content=\"summary\" \/>\n<meta name=\"twitter:label1\" content=\"Est. reading time\" \/>\n\t<meta name=\"twitter:data1\" content=\"2 minutes\" \/>\n<script type=\"application\/ld+json\" class=\"yoast-schema-graph\">{\"@context\":\"https:\/\/schema.org\",\"@graph\":[{\"@type\":\"WebSite\",\"@id\":\"https:\/\/www.urlaubcornwall.de\/blog\/#website\",\"url\":\"https:\/\/www.urlaubcornwall.de\/blog\/\",\"name\":\"Urlaub &amp; Reisen\",\"description\":\"Urlaub, Reisen, Cornwall und S\u00fcdengland: eine perfekte Kombination\",\"potentialAction\":[{\"@type\":\"SearchAction\",\"target\":{\"@type\":\"EntryPoint\",\"urlTemplate\":\"https:\/\/www.urlaubcornwall.de\/blog\/?s={search_term_string}\"},\"query-input\":\"required name=search_term_string\"}],\"inLanguage\":\"en-US\"},{\"@type\":\"WebPage\",\"@id\":\"https:\/\/www.urlaubcornwall.de\/blog\/was-ist-schoener-cornwall-oder-schottland\/\",\"url\":\"https:\/\/www.urlaubcornwall.de\/blog\/was-ist-schoener-cornwall-oder-schottland\/\",\"name\":\"Was ist sch\u00f6ner Cornwall oder Schottland? - Urlaub &amp; Reisen\",\"isPartOf\":{\"@id\":\"https:\/\/www.urlaubcornwall.de\/blog\/#website\"},\"datePublished\":\"2023-04-19T13:57:34+00:00\",\"dateModified\":\"2024-03-21T11:07:27+00:00\",\"description\":\"Beide Cornwall und Schottland sind wundersch\u00f6ne Orte mit unterschiedlichen landschaftlichen und kulturellen Angeboten\",\"breadcrumb\":{\"@id\":\"https:\/\/www.urlaubcornwall.de\/blog\/was-ist-schoener-cornwall-oder-schottland\/#breadcrumb\"},\"inLanguage\":\"en-US\",\"potentialAction\":[{\"@type\":\"ReadAction\",\"target\":[\"https:\/\/www.urlaubcornwall.de\/blog\/was-ist-schoener-cornwall-oder-schottland\/\"]}]},{\"@type\":\"BreadcrumbList\",\"@id\":\"https:\/\/www.urlaubcornwall.de\/blog\/was-ist-schoener-cornwall-oder-schottland\/#breadcrumb\",\"itemListElement\":[{\"@type\":\"ListItem\",\"position\":1,\"name\":\"Home\",\"item\":\"https:\/\/www.urlaubcornwall.de\/blog\/\"},{\"@type\":\"ListItem\",\"position\":2,\"name\":\"Was ist sch\u00f6ner Cornwall oder Schottland?\"}]}]}<\/script>\n<!-- \/ Yoast SEO plugin. -->","yoast_head_json":{"title":"Was ist sch\u00f6ner Cornwall oder Schottland? - Urlaub &amp; Reisen","description":"Beide Cornwall und Schottland sind wundersch\u00f6ne Orte mit unterschiedlichen landschaftlichen und kulturellen Angeboten","robots":{"index":"index","follow":"follow","max-snippet":"max-snippet:-1","max-image-preview":"max-image-preview:large","max-video-preview":"max-video-preview:-1"},"canonical":"https:\/\/www.urlaubcornwall.de\/blog\/was-ist-schoener-cornwall-oder-schottland\/","og_locale":"en_US","og_type":"article","og_title":"Was ist sch\u00f6ner Cornwall oder Schottland? - Urlaub &amp; Reisen","og_description":"Beide Cornwall und Schottland sind wundersch\u00f6ne Orte mit unterschiedlichen landschaftlichen und kulturellen Angeboten","og_url":"https:\/\/www.urlaubcornwall.de\/blog\/was-ist-schoener-cornwall-oder-schottland\/","og_site_name":"Urlaub &amp; Reisen","article_modified_time":"2024-03-21T11:07:27+00:00","og_image":[{"url":"https:\/\/www.urlaubcornwall.de\/blog\/wp-content\/uploads\/2021\/10\/port_isaac_2.jpg"}],"twitter_card":"summary","twitter_misc":{"Est. reading time":"2 minutes"},"schema":{"@context":"https:\/\/schema.org","@graph":[{"@type":"WebSite","@id":"https:\/\/www.urlaubcornwall.de\/blog\/#website","url":"https:\/\/www.urlaubcornwall.de\/blog\/","name":"Urlaub &amp; Reisen","description":"Urlaub, Reisen, Cornwall und S\u00fcdengland: eine perfekte Kombination","potentialAction":[{"@type":"SearchAction","target":{"@type":"EntryPoint","urlTemplate":"https:\/\/www.urlaubcornwall.de\/blog\/?s={search_term_string}"},"query-input":"required name=search_term_string"}],"inLanguage":"en-US"},{"@type":"WebPage","@id":"https:\/\/www.urlaubcornwall.de\/blog\/was-ist-schoener-cornwall-oder-schottland\/","url":"https:\/\/www.urlaubcornwall.de\/blog\/was-ist-schoener-cornwall-oder-schottland\/","name":"Was ist sch\u00f6ner Cornwall oder Schottland? - Urlaub &amp; Reisen","isPartOf":{"@id":"https:\/\/www.urlaubcornwall.de\/blog\/#website"},"datePublished":"2023-04-19T13:57:34+00:00","dateModified":"2024-03-21T11:07:27+00:00","description":"Beide Cornwall und Schottland sind wundersch\u00f6ne Orte mit unterschiedlichen landschaftlichen und kulturellen Angeboten","breadcrumb":{"@id":"https:\/\/www.urlaubcornwall.de\/blog\/was-ist-schoener-cornwall-oder-schottland\/#breadcrumb"},"inLanguage":"en-US","potentialAction":[{"@type":"ReadAction","target":["https:\/\/www.urlaubcornwall.de\/blog\/was-ist-schoener-cornwall-oder-schottland\/"]}]},{"@type":"BreadcrumbList","@id":"https:\/\/www.urlaubcornwall.de\/blog\/was-ist-schoener-cornwall-oder-schottland\/#breadcrumb","itemListElement":[{"@type":"ListItem","position":1,"name":"Home","item":"https:\/\/www.urlaubcornwall.de\/blog\/"},{"@type":"ListItem","position":2,"name":"Was ist sch\u00f6ner Cornwall oder Schottland?"}]}]}},"_links":{"self":[{"href":"https:\/\/www.urlaubcornwall.de\/blog\/wp-json\/wp\/v2\/pages\/46358"}],"collection":[{"href":"https:\/\/www.urlaubcornwall.de\/blog\/wp-json\/wp\/v2\/pages"}],"about":[{"href":"https:\/\/www.urlaubcornwall.de\/blog\/wp-json\/wp\/v2\/types\/page"}],"author":[{"embeddable":true,"href":"https:\/\/www.urlaubcornwall.de\/blog\/wp-json\/wp\/v2\/users\/1"}],"replies":[{"embeddable":true,"href":"https:\/\/www.urlaubcornwall.de\/blog\/wp-json\/wp\/v2\/comments?post=46358"}],"version-history":[{"count":2,"href":"https:\/\/www.urlaubcornwall.de\/blog\/wp-json\/wp\/v2\/pages\/46358\/revisions"}],"predecessor-version":[{"id":48439,"href":"https:\/\/www.urlaubcornwall.de\/blog\/wp-json\/wp\/v2\/pages\/46358\/revisions\/48439"}],"wp:attachment":[{"href":"https:\/\/www.urlaubcornwall.de\/blog\/wp-json\/wp\/v2\/media?parent=46358"}],"curies":[{"name":"wp","href":"https:\/\/api.w.org\/{rel}","templated":true}]}}