{"id":46321,"date":"2023-04-18T15:35:56","date_gmt":"2023-04-18T15:35:56","guid":{"rendered":"https:\/\/www.urlaubcornwall.de\/blog\/?page_id=46321"},"modified":"2024-04-15T15:34:13","modified_gmt":"2024-04-15T15:34:13","slug":"bester-ort-fuer-erkundungstour-cornwall","status":"publish","type":"page","link":"https:\/\/www.urlaubcornwall.de\/blog\/bester-ort-fuer-erkundungstour-cornwall\/","title":{"rendered":"Bester Ort f\u00fcr Erkundungstour Cornwall?"},"content":{"rendered":"<p><img loading=\"lazy\" class=\"aligncenter size-full wp-image-48084\" src=\"https:\/\/www.urlaubcornwall.de\/blog\/wp-content\/uploads\/2024\/03\/st-ives-mmer.jpg\" alt=\"st ives meer\" width=\"750\" height=\"486\" srcset=\"https:\/\/www.urlaubcornwall.de\/blog\/wp-content\/uploads\/2024\/03\/st-ives-mmer.jpg 750w, https:\/\/www.urlaubcornwall.de\/blog\/wp-content\/uploads\/2024\/03\/st-ives-mmer-300x194.jpg 300w\" sizes=\"(max-width: 750px) 100vw, 750px\" \/><\/p>\n<p>Cornwall bietet eine F\u00fclle von Sehensw\u00fcrdigkeiten und Aktivit\u00e4ten, die es zu erkunden gilt. Hier sind einige der besten Orte f\u00fcr eine <a href=\"https:\/\/www.urlaubcornwall.de\/reiseziel\/cornwall.php\">Erkundungstour in Cornwall<\/a>:<\/p>\n<p><a href=\"https:\/\/www.urlaubcornwall.de\/ferienhaeuser-fewos\/st-ives.html\">St. Ives:<\/a> Diese malerische Stadt ist bekannt f\u00fcr ihre Str\u00e4nde, Kunstgalerien und das Barbara Hepworth Museum.<\/p>\n<p><a href=\"https:\/\/www.urlaubcornwall.de\/ferienhaeuser-fewos\/lands-end.html\">Land&#8217;s End:<\/a> Der westlichste Punkt Englands bietet atemberaubende Aussichten auf das Meer und die Klippen.<\/p>\n<p><a href=\"https:\/\/www.urlaubcornwall.de\/ferienhaeuser-fewos\/tintagel.html\">Tintagel:<\/a> Die Ruinen der Burg von K\u00f6nig Artus und die atemberaubende Aussicht auf die Klippen machen Tintagel zu einem beliebten Reiseziel.<\/p>\n<p><a href=\"https:\/\/www.urlaubcornwall.de\/blog\/all-das-was-sie-schon-immer-ueber-das-eden-project-wissen-wollten\/\">Diee Eden Project:<\/a> Dieser beeindruckende botanische Garten ist ein Muss f\u00fcr jeden Natur- und Pflanzenliebhaber.<\/p>\n<p><a href=\"https:\/\/www.urlaubcornwall.de\/ferienhaeuser-fewos\/marazion.html\">St. Michael&#8217;s Mount:<\/a> Diese Burg auf einer Insel ist ein faszinierendes historisches Wahrzeichen, das man nicht verpassen sollte.<\/p>\n<p><a href=\"https:\/\/www.urlaubcornwall.de\/ferienhaeuser-fewos\/newquay.html\">Newquay:<\/a> Dieses lebhafte K\u00fcstenst\u00e4dtchen ist ein beliebtes Surferparadies und bietet auch eine reiche Auswahl an Restaurants und Bars.<\/p>\n<p><a href=\"https:\/\/www.urlaubcornwall.de\/ferienhaeuser-fewos\/falmouth.html\">Falmouth:<\/a> Diese K\u00fcstenstadt bietet eine F\u00fclle an Museen, Kunstgalerien und historischen Geb\u00e4uden.<\/p>\n<p><a href=\"https:\/\/www.urlaubcornwall.de\/ferienhaeuser-fewos\/lizard-halbinsel.html\">The Lizard:<\/a> Dieses Naturschutzgebiet ist bekannt f\u00fcr seine atemberaubende K\u00fcstenlandschaft und seine reiche Tierwelt.<\/p>\n<p><a href=\"https:\/\/www.urlaubcornwall.de\/ferienhaeuser-fewos\/padstow.html\">Padstow:<\/a> Diese malerische Stadt an der Nordk\u00fcste Cornwalls ist bekannt f\u00fcr ihre exzellenten Fischrestaurants und ihren Hafen.<\/p>\n<p>Es gibt viele weitere Orte in Cornwall, die einen Besuch wert sind, aber diese sollten auf jeden Fall in Ihre Reiseroute aufgenommen werden.<\/p>\n<h1><a href=\"https:\/\/www.urlaubcornwall.de\/rundreisen\/cornwall-suedengland.php\">Unser Rundreisenservice in Cornwall &#038; Devon >><\/a><\/h1>\n<p>Weshalb \u00fcber uns buchen?<\/p>\n<p>Firmensitz in Cornwall und ein Team Deutsch sprechender Reisespezialisten.<\/p>\n<p>Wir haben eine Leidenschaft f\u00fcrs Reisen und gestalten den perfekten Urlaub.<\/p>\n<p>Ortskenntnisse und Insidertipps f\u00fcr unsere Kunden.<\/p>\n<p>Sonderangebote und Preisnachl\u00e4sse<\/p>\n<p>S\u00e4mtliche unserer Rundreisen sind durch einen voll versicherten deutschen Reiseveranstalter gesichert.<\/p>\n<p style=\"text-align: center;\"><a class=\"tidycta\" href=\"https:\/\/www.urlaubcornwall.de\/rundreisen\/cornwall-suedengland.php\"> Mehr Info<\/a><\/p>\n<div class=\"snippet\"> <a class=\"featured-item\" href=\"https:\/\/www.urlaubcornwall.de\/ferienhaeuser\/suedengland.php\"> <span class=\"image-holder\" style=\"background-image: url('https:\/\/www.urlaubcornwall.de\/blog\/wp-content\/uploads\/2018\/12\/ferienhaus-cornwall-mit-hund.jpg');\"><\/span> <span class=\"featured-content\"> \n<h2 class=\"featured-title\">Ferienh\u00e4user in Cornwall &#038; S\u00fcdengland<\/h2>\n<p class=\"featured-body\">Bei uns finden Sie Ferienh\u00e4user zum Verlieben &#8211; so einfach ist das! Dank seiner langen Geschichte, der reizvollen Landschaften und seinen vielen Attraktionen ist S\u00fcdengland ein wahres Mekka f\u00fcr Urlauber&#8230;..<\/p><\/span> <span class=\"featured-link-holder\"> <span class=\"featured-extra-info\"> \n<p>Pers\u00f6nlich inspizierter Ferienh\u00e4user<\/p>\n<\/span> \n<p class=\"featured-link\">DETAILS<\/p>\n<\/span> <\/a><\/div>\n","protected":false},"excerpt":{"rendered":"<p>Cornwall bietet eine F\u00fclle von Sehensw\u00fcrdigkeiten und Aktivit\u00e4ten, die es zu erkunden gilt. Hier sind einige der besten Orte f\u00fcr eine Erkundungstour in Cornwall: St. Ives: Diese malerische Stadt ist bekannt f\u00fcr ihre Str\u00e4nde, Kunstgalerien und das Barbara Hepworth Museum. Land&#8217;s End: Der westlichste Punkt Englands bietet atemberaubende Aussichten auf das Meer und die Klippen. [&hellip;]<\/p>\n","protected":false},"author":1,"featured_media":0,"parent":0,"menu_order":0,"comment_status":"closed","ping_status":"closed","template":"single-four.php","meta":[],"acf":[],"yoast_head":"<!-- This site is optimized with the Yoast SEO plugin v19.4 - https:\/\/yoast.com\/wordpress\/plugins\/seo\/ -->\n<title>Bester Ort f\u00fcr Erkundungstour Cornwall? - Urlaub &amp; Reisen<\/title>\n<meta name=\"description\" content=\"Cornwall bietet eine F\u00fclle von Sehensw\u00fcrdigkeiten und Aktivit\u00e4ten, die es zu erkunden gilt. Hier sind einige der besten Orte f\u00fcr eine\" \/>\n<meta name=\"robots\" content=\"index, follow, max-snippet:-1, max-image-preview:large, max-video-preview:-1\" \/>\n<link rel=\"canonical\" href=\"https:\/\/www.urlaubcornwall.de\/blog\/bester-ort-fuer-erkundungstour-cornwall\/\" \/>\n<meta property=\"og:locale\" content=\"en_US\" \/>\n<meta property=\"og:type\" content=\"article\" \/>\n<meta property=\"og:title\" content=\"Bester Ort f\u00fcr Erkundungstour Cornwall? - Urlaub &amp; Reisen\" \/>\n<meta property=\"og:description\" content=\"Cornwall bietet eine F\u00fclle von Sehensw\u00fcrdigkeiten und Aktivit\u00e4ten, die es zu erkunden gilt. Hier sind einige der besten Orte f\u00fcr eine\" \/>\n<meta property=\"og:url\" content=\"https:\/\/www.urlaubcornwall.de\/blog\/bester-ort-fuer-erkundungstour-cornwall\/\" \/>\n<meta property=\"og:site_name\" content=\"Urlaub &amp; Reisen\" \/>\n<meta property=\"article:modified_time\" content=\"2024-04-15T15:34:13+00:00\" \/>\n<meta property=\"og:image\" content=\"https:\/\/www.urlaubcornwall.de\/blog\/wp-content\/uploads\/2024\/03\/st-ives-mmer.jpg\" \/>\n<meta name=\"twitter:card\" content=\"summary\" \/>\n<meta name=\"twitter:label1\" content=\"Est. reading time\" \/>\n\t<meta name=\"twitter:data1\" content=\"2 minutes\" \/>\n<script type=\"application\/ld+json\" class=\"yoast-schema-graph\">{\"@context\":\"https:\/\/schema.org\",\"@graph\":[{\"@type\":\"WebSite\",\"@id\":\"https:\/\/www.urlaubcornwall.de\/blog\/#website\",\"url\":\"https:\/\/www.urlaubcornwall.de\/blog\/\",\"name\":\"Urlaub &amp; Reisen\",\"description\":\"Urlaub, Reisen, Cornwall und S\u00fcdengland: eine perfekte Kombination\",\"potentialAction\":[{\"@type\":\"SearchAction\",\"target\":{\"@type\":\"EntryPoint\",\"urlTemplate\":\"https:\/\/www.urlaubcornwall.de\/blog\/?s={search_term_string}\"},\"query-input\":\"required name=search_term_string\"}],\"inLanguage\":\"en-US\"},{\"@type\":\"WebPage\",\"@id\":\"https:\/\/www.urlaubcornwall.de\/blog\/bester-ort-fuer-erkundungstour-cornwall\/\",\"url\":\"https:\/\/www.urlaubcornwall.de\/blog\/bester-ort-fuer-erkundungstour-cornwall\/\",\"name\":\"Bester Ort f\u00fcr Erkundungstour Cornwall? - Urlaub &amp; Reisen\",\"isPartOf\":{\"@id\":\"https:\/\/www.urlaubcornwall.de\/blog\/#website\"},\"datePublished\":\"2023-04-18T15:35:56+00:00\",\"dateModified\":\"2024-04-15T15:34:13+00:00\",\"description\":\"Cornwall bietet eine F\u00fclle von Sehensw\u00fcrdigkeiten und Aktivit\u00e4ten, die es zu erkunden gilt. Hier sind einige der besten Orte f\u00fcr eine\",\"breadcrumb\":{\"@id\":\"https:\/\/www.urlaubcornwall.de\/blog\/bester-ort-fuer-erkundungstour-cornwall\/#breadcrumb\"},\"inLanguage\":\"en-US\",\"potentialAction\":[{\"@type\":\"ReadAction\",\"target\":[\"https:\/\/www.urlaubcornwall.de\/blog\/bester-ort-fuer-erkundungstour-cornwall\/\"]}]},{\"@type\":\"BreadcrumbList\",\"@id\":\"https:\/\/www.urlaubcornwall.de\/blog\/bester-ort-fuer-erkundungstour-cornwall\/#breadcrumb\",\"itemListElement\":[{\"@type\":\"ListItem\",\"position\":1,\"name\":\"Home\",\"item\":\"https:\/\/www.urlaubcornwall.de\/blog\/\"},{\"@type\":\"ListItem\",\"position\":2,\"name\":\"Bester Ort f\u00fcr Erkundungstour Cornwall?\"}]}]}<\/script>\n<!-- \/ Yoast SEO plugin. -->","yoast_head_json":{"title":"Bester Ort f\u00fcr Erkundungstour Cornwall? - Urlaub &amp; Reisen","description":"Cornwall bietet eine F\u00fclle von Sehensw\u00fcrdigkeiten und Aktivit\u00e4ten, die es zu erkunden gilt. Hier sind einige der besten Orte f\u00fcr eine","robots":{"index":"index","follow":"follow","max-snippet":"max-snippet:-1","max-image-preview":"max-image-preview:large","max-video-preview":"max-video-preview:-1"},"canonical":"https:\/\/www.urlaubcornwall.de\/blog\/bester-ort-fuer-erkundungstour-cornwall\/","og_locale":"en_US","og_type":"article","og_title":"Bester Ort f\u00fcr Erkundungstour Cornwall? - Urlaub &amp; Reisen","og_description":"Cornwall bietet eine F\u00fclle von Sehensw\u00fcrdigkeiten und Aktivit\u00e4ten, die es zu erkunden gilt. Hier sind einige der besten Orte f\u00fcr eine","og_url":"https:\/\/www.urlaubcornwall.de\/blog\/bester-ort-fuer-erkundungstour-cornwall\/","og_site_name":"Urlaub &amp; Reisen","article_modified_time":"2024-04-15T15:34:13+00:00","og_image":[{"url":"https:\/\/www.urlaubcornwall.de\/blog\/wp-content\/uploads\/2024\/03\/st-ives-mmer.jpg"}],"twitter_card":"summary","twitter_misc":{"Est. reading time":"2 minutes"},"schema":{"@context":"https:\/\/schema.org","@graph":[{"@type":"WebSite","@id":"https:\/\/www.urlaubcornwall.de\/blog\/#website","url":"https:\/\/www.urlaubcornwall.de\/blog\/","name":"Urlaub &amp; Reisen","description":"Urlaub, Reisen, Cornwall und S\u00fcdengland: eine perfekte Kombination","potentialAction":[{"@type":"SearchAction","target":{"@type":"EntryPoint","urlTemplate":"https:\/\/www.urlaubcornwall.de\/blog\/?s={search_term_string}"},"query-input":"required name=search_term_string"}],"inLanguage":"en-US"},{"@type":"WebPage","@id":"https:\/\/www.urlaubcornwall.de\/blog\/bester-ort-fuer-erkundungstour-cornwall\/","url":"https:\/\/www.urlaubcornwall.de\/blog\/bester-ort-fuer-erkundungstour-cornwall\/","name":"Bester Ort f\u00fcr Erkundungstour Cornwall? - Urlaub &amp; Reisen","isPartOf":{"@id":"https:\/\/www.urlaubcornwall.de\/blog\/#website"},"datePublished":"2023-04-18T15:35:56+00:00","dateModified":"2024-04-15T15:34:13+00:00","description":"Cornwall bietet eine F\u00fclle von Sehensw\u00fcrdigkeiten und Aktivit\u00e4ten, die es zu erkunden gilt. Hier sind einige der besten Orte f\u00fcr eine","breadcrumb":{"@id":"https:\/\/www.urlaubcornwall.de\/blog\/bester-ort-fuer-erkundungstour-cornwall\/#breadcrumb"},"inLanguage":"en-US","potentialAction":[{"@type":"ReadAction","target":["https:\/\/www.urlaubcornwall.de\/blog\/bester-ort-fuer-erkundungstour-cornwall\/"]}]},{"@type":"BreadcrumbList","@id":"https:\/\/www.urlaubcornwall.de\/blog\/bester-ort-fuer-erkundungstour-cornwall\/#breadcrumb","itemListElement":[{"@type":"ListItem","position":1,"name":"Home","item":"https:\/\/www.urlaubcornwall.de\/blog\/"},{"@type":"ListItem","position":2,"name":"Bester Ort f\u00fcr Erkundungstour Cornwall?"}]}]}},"_links":{"self":[{"href":"https:\/\/www.urlaubcornwall.de\/blog\/wp-json\/wp\/v2\/pages\/46321"}],"collection":[{"href":"https:\/\/www.urlaubcornwall.de\/blog\/wp-json\/wp\/v2\/pages"}],"about":[{"href":"https:\/\/www.urlaubcornwall.de\/blog\/wp-json\/wp\/v2\/types\/page"}],"author":[{"embeddable":true,"href":"https:\/\/www.urlaubcornwall.de\/blog\/wp-json\/wp\/v2\/users\/1"}],"replies":[{"embeddable":true,"href":"https:\/\/www.urlaubcornwall.de\/blog\/wp-json\/wp\/v2\/comments?post=46321"}],"version-history":[{"count":5,"href":"https:\/\/www.urlaubcornwall.de\/blog\/wp-json\/wp\/v2\/pages\/46321\/revisions"}],"predecessor-version":[{"id":49690,"href":"https:\/\/www.urlaubcornwall.de\/blog\/wp-json\/wp\/v2\/pages\/46321\/revisions\/49690"}],"wp:attachment":[{"href":"https:\/\/www.urlaubcornwall.de\/blog\/wp-json\/wp\/v2\/media?parent=46321"}],"curies":[{"name":"wp","href":"https:\/\/api.w.org\/{rel}","templated":true}]}}