{"id":46308,"date":"2023-04-18T10:46:21","date_gmt":"2023-04-18T10:46:21","guid":{"rendered":"https:\/\/www.urlaubcornwall.de\/blog\/?page_id=46308"},"modified":"2024-04-30T15:29:56","modified_gmt":"2024-04-30T15:29:56","slug":"wie-viele-tage-fuer-dorset-rundreise","status":"publish","type":"page","link":"https:\/\/www.urlaubcornwall.de\/blog\/wie-viele-tage-fuer-dorset-rundreise\/","title":{"rendered":"Wie viele Tage f\u00fcr Dorset Rundreise?"},"content":{"rendered":"<p><img loading=\"lazy\" class=\"aligncenter size-full wp-image-41214\" src=\"https:\/\/www.urlaubcornwall.de\/blog\/wp-content\/uploads\/2020\/11\/jurasss-kueste-1.jpg\" alt=\"jurassic kueste dorset\" width=\"749\" height=\"566\" srcset=\"https:\/\/www.urlaubcornwall.de\/blog\/wp-content\/uploads\/2020\/11\/jurasss-kueste-1.jpg 749w, https:\/\/www.urlaubcornwall.de\/blog\/wp-content\/uploads\/2020\/11\/jurasss-kueste-1-300x227.jpg 300w\" sizes=\"(max-width: 749px) 100vw, 749px\" \/><\/p>\n<p>Wie viele Tage man f\u00fcr eine <a href=\"https:\/\/www.urlaubcornwall.de\/reiseziel\/dorset.php\">Rundreise durch Dorset<\/a> einplanen sollte, h\u00e4ngt von den eigenen Interessen und Vorlieben ab. Es gibt jedoch einige wichtige Sehensw\u00fcrdigkeiten und Aktivit\u00e4ten, die man ber\u00fccksichtigen sollte.<\/p>\n<p>Wenn man beabsichtigt, alle wichtigen Sehensw\u00fcrdigkeiten zu besuchen, eine ausgedehnte Wanderung auf dem South West Coast Path zu unternehmen und auch Zeit f\u00fcr Entspannung am Strand oder in den D\u00f6rfern einplanen m\u00f6chte, empfehle ich eine Dauer von mindestens f\u00fcnf bis sieben Tagen.<\/p>\n<p>Eine Woche gibt genug Zeit, um die wichtigsten Sehensw\u00fcrdigkeiten in Dorset zu besuchen, darunter die Jurassic Coast, die Sandstr\u00e4nde von Weymouth und Swanage, das charmante K\u00fcstenst\u00e4dtchen Lyme Regis, historische St\u00e4dte wie Dorchester und Sherborne, sowie malerische D\u00f6rfer wie Corfe Castle und Lulworth Cove.<\/p>\n<p>Wenn man mehr Zeit hat, kann man auch einen Besuch in der nahegelegenen Grafschaft Devon oder Cornwall einplanen, um noch mehr von der wundersch\u00f6nen S\u00fcdwestk\u00fcste Englands zu erkunden.<\/p>\n<h1>Unser Rundreisenservice in Dorset<\/h1>\n<p>Weshalb \u00fcber uns buchen?<\/p>\n<p>Firmensitz in Cornwall und ein Team Deutsch sprechender Reisespezialisten.<\/p>\n<p>Wir haben eine Leidenschaft f\u00fcrs Reisen und gestalten den perfekten Urlaub.<\/p>\n<p>Ortskenntnisse und Insidertipps f\u00fcr unsere Kunden.<\/p>\n<p>Sonderangebote und Preisnachl\u00e4sse<\/p>\n<p>S\u00e4mtliche unserer Rundreisen sind durch einen voll versicherten deutschen Reiseveranstalter gesichert.<\/p>\n<p style=\"text-align: center;\"><a class=\"tidycta\" href=\"https:\/\/www.urlaubcornwall.de\/rundreisen\/cornwall-suedengland.php\"> Mehr Info<\/a><\/p>\n<div class=\"snippet\"> <a class=\"featured-item\" href=\"https:\/\/www.urlaubcornwall.de\/ferienhaeuser\/suedengland.php\"> <span class=\"image-holder\" style=\"background-image: url('https:\/\/www.urlaubcornwall.de\/blog\/wp-content\/uploads\/2024\/03\/ferienhaus-england-cornwall.jpg');\"><\/span> <span class=\"featured-content\"> \n<h2 class=\"featured-title\">Ferienh\u00e4user in S\u00fcdengland<\/h2>\n<p class=\"featured-body\">Bei uns finden Sie Ferienh\u00e4user zum Verlieben &#8211; so einfach ist das! Dank seiner langen Geschichte, der reizvollen Landschaften und seinen vielen Attraktionen ist S\u00fcdengland ein wahres Mekka f\u00fcr Urlauber&#8230;..<\/p><\/span> <span class=\"featured-link-holder\"> <span class=\"featured-extra-info\"> \n<p>Pers\u00f6nlich inspizierter Ferienh\u00e4user<\/p>\n<\/span> \n<p class=\"featured-link\">DETAILS<\/p>\n<\/span> <\/a><\/div>\n","protected":false},"excerpt":{"rendered":"<p>Wie viele Tage man f\u00fcr eine Rundreise durch Dorset einplanen sollte, h\u00e4ngt von den eigenen Interessen und Vorlieben ab. Es gibt jedoch einige wichtige Sehensw\u00fcrdigkeiten und Aktivit\u00e4ten, die man ber\u00fccksichtigen sollte. Wenn man beabsichtigt, alle wichtigen Sehensw\u00fcrdigkeiten zu besuchen, eine ausgedehnte Wanderung auf dem South West Coast Path zu unternehmen und auch Zeit f\u00fcr Entspannung [&hellip;]<\/p>\n","protected":false},"author":1,"featured_media":0,"parent":0,"menu_order":0,"comment_status":"closed","ping_status":"closed","template":"single-four.php","meta":[],"acf":[],"yoast_head":"<!-- This site is optimized with the Yoast SEO plugin v19.4 - https:\/\/yoast.com\/wordpress\/plugins\/seo\/ -->\n<title>Wie viele Tage f\u00fcr Dorset Rundreise? - Urlaub &amp; Reisen<\/title>\n<meta name=\"description\" content=\"Wie viele Tage man f\u00fcr eine Rundreise durch Dorset einplanen sollte, h\u00e4ngt von den eigenen Interessen und Vorlieben ab. Es gibt jedoch einige\" \/>\n<meta name=\"robots\" content=\"index, follow, max-snippet:-1, max-image-preview:large, max-video-preview:-1\" \/>\n<link rel=\"canonical\" href=\"https:\/\/www.urlaubcornwall.de\/blog\/wie-viele-tage-fuer-dorset-rundreise\/\" \/>\n<meta property=\"og:locale\" content=\"en_US\" \/>\n<meta property=\"og:type\" content=\"article\" \/>\n<meta property=\"og:title\" content=\"Wie viele Tage f\u00fcr Dorset Rundreise? - Urlaub &amp; Reisen\" \/>\n<meta property=\"og:description\" content=\"Wie viele Tage man f\u00fcr eine Rundreise durch Dorset einplanen sollte, h\u00e4ngt von den eigenen Interessen und Vorlieben ab. Es gibt jedoch einige\" \/>\n<meta property=\"og:url\" content=\"https:\/\/www.urlaubcornwall.de\/blog\/wie-viele-tage-fuer-dorset-rundreise\/\" \/>\n<meta property=\"og:site_name\" content=\"Urlaub &amp; Reisen\" \/>\n<meta property=\"article:modified_time\" content=\"2024-04-30T15:29:56+00:00\" \/>\n<meta property=\"og:image\" content=\"https:\/\/www.urlaubcornwall.de\/blog\/wp-content\/uploads\/2020\/11\/jurasss-kueste-1.jpg\" \/>\n<meta name=\"twitter:card\" content=\"summary\" \/>\n<meta name=\"twitter:label1\" content=\"Est. reading time\" \/>\n\t<meta name=\"twitter:data1\" content=\"2 minutes\" \/>\n<script type=\"application\/ld+json\" class=\"yoast-schema-graph\">{\"@context\":\"https:\/\/schema.org\",\"@graph\":[{\"@type\":\"WebSite\",\"@id\":\"https:\/\/www.urlaubcornwall.de\/blog\/#website\",\"url\":\"https:\/\/www.urlaubcornwall.de\/blog\/\",\"name\":\"Urlaub &amp; Reisen\",\"description\":\"Urlaub, Reisen, Cornwall und S\u00fcdengland: eine perfekte Kombination\",\"potentialAction\":[{\"@type\":\"SearchAction\",\"target\":{\"@type\":\"EntryPoint\",\"urlTemplate\":\"https:\/\/www.urlaubcornwall.de\/blog\/?s={search_term_string}\"},\"query-input\":\"required name=search_term_string\"}],\"inLanguage\":\"en-US\"},{\"@type\":\"WebPage\",\"@id\":\"https:\/\/www.urlaubcornwall.de\/blog\/wie-viele-tage-fuer-dorset-rundreise\/\",\"url\":\"https:\/\/www.urlaubcornwall.de\/blog\/wie-viele-tage-fuer-dorset-rundreise\/\",\"name\":\"Wie viele Tage f\u00fcr Dorset Rundreise? - Urlaub &amp; Reisen\",\"isPartOf\":{\"@id\":\"https:\/\/www.urlaubcornwall.de\/blog\/#website\"},\"datePublished\":\"2023-04-18T10:46:21+00:00\",\"dateModified\":\"2024-04-30T15:29:56+00:00\",\"description\":\"Wie viele Tage man f\u00fcr eine Rundreise durch Dorset einplanen sollte, h\u00e4ngt von den eigenen Interessen und Vorlieben ab. Es gibt jedoch einige\",\"breadcrumb\":{\"@id\":\"https:\/\/www.urlaubcornwall.de\/blog\/wie-viele-tage-fuer-dorset-rundreise\/#breadcrumb\"},\"inLanguage\":\"en-US\",\"potentialAction\":[{\"@type\":\"ReadAction\",\"target\":[\"https:\/\/www.urlaubcornwall.de\/blog\/wie-viele-tage-fuer-dorset-rundreise\/\"]}]},{\"@type\":\"BreadcrumbList\",\"@id\":\"https:\/\/www.urlaubcornwall.de\/blog\/wie-viele-tage-fuer-dorset-rundreise\/#breadcrumb\",\"itemListElement\":[{\"@type\":\"ListItem\",\"position\":1,\"name\":\"Home\",\"item\":\"https:\/\/www.urlaubcornwall.de\/blog\/\"},{\"@type\":\"ListItem\",\"position\":2,\"name\":\"Wie viele Tage f\u00fcr Dorset Rundreise?\"}]}]}<\/script>\n<!-- \/ Yoast SEO plugin. -->","yoast_head_json":{"title":"Wie viele Tage f\u00fcr Dorset Rundreise? - Urlaub &amp; Reisen","description":"Wie viele Tage man f\u00fcr eine Rundreise durch Dorset einplanen sollte, h\u00e4ngt von den eigenen Interessen und Vorlieben ab. Es gibt jedoch einige","robots":{"index":"index","follow":"follow","max-snippet":"max-snippet:-1","max-image-preview":"max-image-preview:large","max-video-preview":"max-video-preview:-1"},"canonical":"https:\/\/www.urlaubcornwall.de\/blog\/wie-viele-tage-fuer-dorset-rundreise\/","og_locale":"en_US","og_type":"article","og_title":"Wie viele Tage f\u00fcr Dorset Rundreise? - Urlaub &amp; Reisen","og_description":"Wie viele Tage man f\u00fcr eine Rundreise durch Dorset einplanen sollte, h\u00e4ngt von den eigenen Interessen und Vorlieben ab. Es gibt jedoch einige","og_url":"https:\/\/www.urlaubcornwall.de\/blog\/wie-viele-tage-fuer-dorset-rundreise\/","og_site_name":"Urlaub &amp; Reisen","article_modified_time":"2024-04-30T15:29:56+00:00","og_image":[{"url":"https:\/\/www.urlaubcornwall.de\/blog\/wp-content\/uploads\/2020\/11\/jurasss-kueste-1.jpg"}],"twitter_card":"summary","twitter_misc":{"Est. reading time":"2 minutes"},"schema":{"@context":"https:\/\/schema.org","@graph":[{"@type":"WebSite","@id":"https:\/\/www.urlaubcornwall.de\/blog\/#website","url":"https:\/\/www.urlaubcornwall.de\/blog\/","name":"Urlaub &amp; Reisen","description":"Urlaub, Reisen, Cornwall und S\u00fcdengland: eine perfekte Kombination","potentialAction":[{"@type":"SearchAction","target":{"@type":"EntryPoint","urlTemplate":"https:\/\/www.urlaubcornwall.de\/blog\/?s={search_term_string}"},"query-input":"required name=search_term_string"}],"inLanguage":"en-US"},{"@type":"WebPage","@id":"https:\/\/www.urlaubcornwall.de\/blog\/wie-viele-tage-fuer-dorset-rundreise\/","url":"https:\/\/www.urlaubcornwall.de\/blog\/wie-viele-tage-fuer-dorset-rundreise\/","name":"Wie viele Tage f\u00fcr Dorset Rundreise? - Urlaub &amp; Reisen","isPartOf":{"@id":"https:\/\/www.urlaubcornwall.de\/blog\/#website"},"datePublished":"2023-04-18T10:46:21+00:00","dateModified":"2024-04-30T15:29:56+00:00","description":"Wie viele Tage man f\u00fcr eine Rundreise durch Dorset einplanen sollte, h\u00e4ngt von den eigenen Interessen und Vorlieben ab. Es gibt jedoch einige","breadcrumb":{"@id":"https:\/\/www.urlaubcornwall.de\/blog\/wie-viele-tage-fuer-dorset-rundreise\/#breadcrumb"},"inLanguage":"en-US","potentialAction":[{"@type":"ReadAction","target":["https:\/\/www.urlaubcornwall.de\/blog\/wie-viele-tage-fuer-dorset-rundreise\/"]}]},{"@type":"BreadcrumbList","@id":"https:\/\/www.urlaubcornwall.de\/blog\/wie-viele-tage-fuer-dorset-rundreise\/#breadcrumb","itemListElement":[{"@type":"ListItem","position":1,"name":"Home","item":"https:\/\/www.urlaubcornwall.de\/blog\/"},{"@type":"ListItem","position":2,"name":"Wie viele Tage f\u00fcr Dorset Rundreise?"}]}]}},"_links":{"self":[{"href":"https:\/\/www.urlaubcornwall.de\/blog\/wp-json\/wp\/v2\/pages\/46308"}],"collection":[{"href":"https:\/\/www.urlaubcornwall.de\/blog\/wp-json\/wp\/v2\/pages"}],"about":[{"href":"https:\/\/www.urlaubcornwall.de\/blog\/wp-json\/wp\/v2\/types\/page"}],"author":[{"embeddable":true,"href":"https:\/\/www.urlaubcornwall.de\/blog\/wp-json\/wp\/v2\/users\/1"}],"replies":[{"embeddable":true,"href":"https:\/\/www.urlaubcornwall.de\/blog\/wp-json\/wp\/v2\/comments?post=46308"}],"version-history":[{"count":3,"href":"https:\/\/www.urlaubcornwall.de\/blog\/wp-json\/wp\/v2\/pages\/46308\/revisions"}],"predecessor-version":[{"id":49983,"href":"https:\/\/www.urlaubcornwall.de\/blog\/wp-json\/wp\/v2\/pages\/46308\/revisions\/49983"}],"wp:attachment":[{"href":"https:\/\/www.urlaubcornwall.de\/blog\/wp-json\/wp\/v2\/media?parent=46308"}],"curies":[{"name":"wp","href":"https:\/\/api.w.org\/{rel}","templated":true}]}}