{"id":46303,"date":"2023-04-18T10:11:15","date_gmt":"2023-04-18T10:11:15","guid":{"rendered":"https:\/\/www.urlaubcornwall.de\/blog\/?page_id=46303"},"modified":"2024-02-27T14:26:22","modified_gmt":"2024-02-27T14:26:22","slug":"schoenheit-der-kuesten-der-laender-sued-suedwestenglands","status":"publish","type":"page","link":"https:\/\/www.urlaubcornwall.de\/blog\/schoenheit-der-kuesten-der-laender-sued-suedwestenglands\/","title":{"rendered":"Die Sch\u00f6nheit der K\u00fcsten der L\u00e4nder S\u00fcd- und S\u00fcdwestenglands"},"content":{"rendered":"<p>S\u00fcdengland und S\u00fcdwestengland haben beide wundersch\u00f6ne K\u00fcstenabschnitte, die ihre eigenen einzigartigen Merkmale aufweisen.<\/p>\n<p>Die <a href=\"https:\/\/www.urlaubcornwall.de\/ferienhaeuser\/suedengland.php\">K\u00fcste S\u00fcdenglands<\/a> erstreckt sich von <a href=\"https:\/\/www.urlaubcornwall.de\/ferienhaeuser\/kent.php\">Kent<\/a> bis <a href=\"https:\/\/www.urlaubcornwall.de\/ferienhaeuser-fewos\/eng\/dorset\/dorset.html\">Dorset<\/a> und umfasst einige der bekanntesten Badeorte und Str\u00e4nde des Landes. In Kent gibt es einige der sch\u00f6nsten Kreideklippen der Welt, wie zum Beispiel die White Cliffs of Dover. <a href=\"https:\/\/www.urlaubcornwall.de\/blog\/was-macht-die-sussex-so-besonders\/\">Sussex hat auch einige atemberaubende K\u00fcstenabschnitte<\/a> wie die Seven Sisters, die aus Kreideklippen bestehen und eine atemberaubende Aussicht bieten. <a href=\"https:\/\/www.urlaubcornwall.de\/ferienhaeuser-fewos\/eng\/hampshire\/hampshire.html\">Hampshire<\/a> und Dorset bieten eine F\u00fclle von malerischen Fischerd\u00f6rfern und Seeb\u00e4dern, darunter <a href=\"https:\/\/www.urlaubcornwall.de\/ferienhaeuser-fewos\/eng\/hampshire\/bournemouth.html\">Bournemouth<\/a>, <a href=\"https:\/\/www.urlaubcornwall.de\/ferienhaeuser-fewos\/eng\/dorset\/swanage.html\">Swanage<\/a> und <a href=\"https:\/\/www.urlaubcornwall.de\/ferienhaeuser-fewos\/eng\/dorset\/weymouth.html\">Weymouth<\/a>. <\/p>\n<p><img loading=\"lazy\" class=\"aligncenter size-full wp-image-46285\" src=\"https:\/\/www.urlaubcornwall.de\/blog\/wp-content\/uploads\/2023\/04\/st_michaels-mount_newer.jpg\" alt=\"st_michaels mount\" width=\"750\" height=\"563\" srcset=\"https:\/\/www.urlaubcornwall.de\/blog\/wp-content\/uploads\/2023\/04\/st_michaels-mount_newer.jpg 750w, https:\/\/www.urlaubcornwall.de\/blog\/wp-content\/uploads\/2023\/04\/st_michaels-mount_newer-300x225.jpg 300w\" sizes=\"(max-width: 750px) 100vw, 750px\" \/><\/p>\n<p>S\u00fcdwestengland hingegen erstreckt sich von <a href=\"https:\/\/www.urlaubcornwall.de\/ferienhaeuser\/devon.php\">Devon<\/a> bis Cornwall und bietet eine dramatischere und wildere K\u00fcstenlandschaft als S\u00fcdengland. Die Landschaft ist gepr\u00e4gt von Felsen, Felsenb\u00f6gen, Klippen und Buchten. Einige der bekanntesten K\u00fcstenabschnitte in Cornwall sind <a href=\"https:\/\/www.urlaubcornwall.de\/ferienhaeuser-fewos\/lands-end.html\">Land&#8217;s End<\/a>, die <a href=\"https:\/\/www.urlaubcornwall.de\/ferienhaeuser-fewos\/lizard-halbinsel.html\">Lizard Peninsula<\/a> und die Bedruthan Steps. Devon hat auch einige spektakul\u00e4re K\u00fcstenabschnitte wie den Dartmoor National Park und die <a href=\"https:\/\/www.urlaubcornwall.de\/ferienhaeuser-fewos\/eng\/dorset\/dorset.html\">Jurassic Coast<\/a>, die zu den sch\u00f6nsten Landschaften des Landes geh\u00f6ren. In Devon gibt es auch einige der sch\u00f6nsten Str\u00e4nde des Landes wie <a href=\"https:\/\/www.urlaubcornwall.de\/ferienhaeuser-fewos\/eng\/nord-devon\/woolacombe.html\">Woolacombe<\/a> und <a href=\"https:\/\/www.urlaubcornwall.de\/ferienhaeuser-fewos\/eng\/nord-devon\/saunton.html\">Saunton Sands<\/a>.<\/p>\n<p>Insgesamt sind sowohl S\u00fcdengland als auch <a href=\"https:\/\/www.urlaubcornwall.de\/ferienhaeuser\/suedwesten-englands.php\">S\u00fcdwestengland<\/a> mit ihren eigenen landschaftlichen Sch\u00f6nheiten und Charmes gesegnet. Beide K\u00fcsten haben ihren eigenen Charakter und ihre eigenen einzigartigen Merkmale, die sie zu einem sch\u00f6nen Ziel f\u00fcr jeden Besucher machen.<\/p>\n","protected":false},"excerpt":{"rendered":"<p>S\u00fcdengland und S\u00fcdwestengland haben beide wundersch\u00f6ne K\u00fcstenabschnitte, die ihre eigenen einzigartigen Merkmale aufweisen. Die K\u00fcste S\u00fcdenglands erstreckt sich von Kent bis Dorset und umfasst einige der bekanntesten Badeorte und Str\u00e4nde des Landes. In Kent gibt es einige der sch\u00f6nsten Kreideklippen der Welt, wie zum Beispiel die White Cliffs of Dover. Sussex hat auch einige atemberaubende [&hellip;]<\/p>\n","protected":false},"author":1,"featured_media":0,"parent":0,"menu_order":0,"comment_status":"closed","ping_status":"closed","template":"single-four.php","meta":[],"acf":[],"yoast_head":"<!-- This site is optimized with the Yoast SEO plugin v19.4 - https:\/\/yoast.com\/wordpress\/plugins\/seo\/ -->\n<title>Die Sch\u00f6nheit der K\u00fcsten der L\u00e4nder S\u00fcd- und S\u00fcdwestenglands - Urlaub &amp; Reisen<\/title>\n<meta name=\"description\" content=\"S\u00fcdengland und S\u00fcdwestengland haben beide wundersch\u00f6ne K\u00fcstenabschnitte, die ihre eigenen einzigartigen Merkmale aufweisen.\" \/>\n<meta name=\"robots\" content=\"index, follow, max-snippet:-1, max-image-preview:large, max-video-preview:-1\" \/>\n<link rel=\"canonical\" href=\"https:\/\/www.urlaubcornwall.de\/blog\/schoenheit-der-kuesten-der-laender-sued-suedwestenglands\/\" \/>\n<meta property=\"og:locale\" content=\"en_US\" \/>\n<meta property=\"og:type\" content=\"article\" \/>\n<meta property=\"og:title\" content=\"Die Sch\u00f6nheit der K\u00fcsten der L\u00e4nder S\u00fcd- und S\u00fcdwestenglands - Urlaub &amp; Reisen\" \/>\n<meta property=\"og:description\" content=\"S\u00fcdengland und S\u00fcdwestengland haben beide wundersch\u00f6ne K\u00fcstenabschnitte, die ihre eigenen einzigartigen Merkmale aufweisen.\" \/>\n<meta property=\"og:url\" content=\"https:\/\/www.urlaubcornwall.de\/blog\/schoenheit-der-kuesten-der-laender-sued-suedwestenglands\/\" \/>\n<meta property=\"og:site_name\" content=\"Urlaub &amp; Reisen\" \/>\n<meta property=\"article:modified_time\" content=\"2024-02-27T14:26:22+00:00\" \/>\n<meta property=\"og:image\" content=\"https:\/\/www.urlaubcornwall.de\/blog\/wp-content\/uploads\/2023\/04\/st_michaels-mount_newer.jpg\" \/>\n<meta name=\"twitter:card\" content=\"summary\" \/>\n<meta name=\"twitter:label1\" content=\"Est. reading time\" \/>\n\t<meta name=\"twitter:data1\" content=\"2 minutes\" \/>\n<script type=\"application\/ld+json\" class=\"yoast-schema-graph\">{\"@context\":\"https:\/\/schema.org\",\"@graph\":[{\"@type\":\"WebSite\",\"@id\":\"https:\/\/www.urlaubcornwall.de\/blog\/#website\",\"url\":\"https:\/\/www.urlaubcornwall.de\/blog\/\",\"name\":\"Urlaub &amp; Reisen\",\"description\":\"Urlaub, Reisen, Cornwall und S\u00fcdengland: eine perfekte Kombination\",\"potentialAction\":[{\"@type\":\"SearchAction\",\"target\":{\"@type\":\"EntryPoint\",\"urlTemplate\":\"https:\/\/www.urlaubcornwall.de\/blog\/?s={search_term_string}\"},\"query-input\":\"required name=search_term_string\"}],\"inLanguage\":\"en-US\"},{\"@type\":\"WebPage\",\"@id\":\"https:\/\/www.urlaubcornwall.de\/blog\/schoenheit-der-kuesten-der-laender-sued-suedwestenglands\/\",\"url\":\"https:\/\/www.urlaubcornwall.de\/blog\/schoenheit-der-kuesten-der-laender-sued-suedwestenglands\/\",\"name\":\"Die Sch\u00f6nheit der K\u00fcsten der L\u00e4nder S\u00fcd- und S\u00fcdwestenglands - Urlaub &amp; Reisen\",\"isPartOf\":{\"@id\":\"https:\/\/www.urlaubcornwall.de\/blog\/#website\"},\"datePublished\":\"2023-04-18T10:11:15+00:00\",\"dateModified\":\"2024-02-27T14:26:22+00:00\",\"description\":\"S\u00fcdengland und S\u00fcdwestengland haben beide wundersch\u00f6ne K\u00fcstenabschnitte, die ihre eigenen einzigartigen Merkmale aufweisen.\",\"breadcrumb\":{\"@id\":\"https:\/\/www.urlaubcornwall.de\/blog\/schoenheit-der-kuesten-der-laender-sued-suedwestenglands\/#breadcrumb\"},\"inLanguage\":\"en-US\",\"potentialAction\":[{\"@type\":\"ReadAction\",\"target\":[\"https:\/\/www.urlaubcornwall.de\/blog\/schoenheit-der-kuesten-der-laender-sued-suedwestenglands\/\"]}]},{\"@type\":\"BreadcrumbList\",\"@id\":\"https:\/\/www.urlaubcornwall.de\/blog\/schoenheit-der-kuesten-der-laender-sued-suedwestenglands\/#breadcrumb\",\"itemListElement\":[{\"@type\":\"ListItem\",\"position\":1,\"name\":\"Home\",\"item\":\"https:\/\/www.urlaubcornwall.de\/blog\/\"},{\"@type\":\"ListItem\",\"position\":2,\"name\":\"Die Sch\u00f6nheit der K\u00fcsten der L\u00e4nder S\u00fcd- und S\u00fcdwestenglands\"}]}]}<\/script>\n<!-- \/ Yoast SEO plugin. -->","yoast_head_json":{"title":"Die Sch\u00f6nheit der K\u00fcsten der L\u00e4nder S\u00fcd- und S\u00fcdwestenglands - Urlaub &amp; Reisen","description":"S\u00fcdengland und S\u00fcdwestengland haben beide wundersch\u00f6ne K\u00fcstenabschnitte, die ihre eigenen einzigartigen Merkmale aufweisen.","robots":{"index":"index","follow":"follow","max-snippet":"max-snippet:-1","max-image-preview":"max-image-preview:large","max-video-preview":"max-video-preview:-1"},"canonical":"https:\/\/www.urlaubcornwall.de\/blog\/schoenheit-der-kuesten-der-laender-sued-suedwestenglands\/","og_locale":"en_US","og_type":"article","og_title":"Die Sch\u00f6nheit der K\u00fcsten der L\u00e4nder S\u00fcd- und S\u00fcdwestenglands - Urlaub &amp; Reisen","og_description":"S\u00fcdengland und S\u00fcdwestengland haben beide wundersch\u00f6ne K\u00fcstenabschnitte, die ihre eigenen einzigartigen Merkmale aufweisen.","og_url":"https:\/\/www.urlaubcornwall.de\/blog\/schoenheit-der-kuesten-der-laender-sued-suedwestenglands\/","og_site_name":"Urlaub &amp; Reisen","article_modified_time":"2024-02-27T14:26:22+00:00","og_image":[{"url":"https:\/\/www.urlaubcornwall.de\/blog\/wp-content\/uploads\/2023\/04\/st_michaels-mount_newer.jpg"}],"twitter_card":"summary","twitter_misc":{"Est. reading time":"2 minutes"},"schema":{"@context":"https:\/\/schema.org","@graph":[{"@type":"WebSite","@id":"https:\/\/www.urlaubcornwall.de\/blog\/#website","url":"https:\/\/www.urlaubcornwall.de\/blog\/","name":"Urlaub &amp; Reisen","description":"Urlaub, Reisen, Cornwall und S\u00fcdengland: eine perfekte Kombination","potentialAction":[{"@type":"SearchAction","target":{"@type":"EntryPoint","urlTemplate":"https:\/\/www.urlaubcornwall.de\/blog\/?s={search_term_string}"},"query-input":"required name=search_term_string"}],"inLanguage":"en-US"},{"@type":"WebPage","@id":"https:\/\/www.urlaubcornwall.de\/blog\/schoenheit-der-kuesten-der-laender-sued-suedwestenglands\/","url":"https:\/\/www.urlaubcornwall.de\/blog\/schoenheit-der-kuesten-der-laender-sued-suedwestenglands\/","name":"Die Sch\u00f6nheit der K\u00fcsten der L\u00e4nder S\u00fcd- und S\u00fcdwestenglands - Urlaub &amp; Reisen","isPartOf":{"@id":"https:\/\/www.urlaubcornwall.de\/blog\/#website"},"datePublished":"2023-04-18T10:11:15+00:00","dateModified":"2024-02-27T14:26:22+00:00","description":"S\u00fcdengland und S\u00fcdwestengland haben beide wundersch\u00f6ne K\u00fcstenabschnitte, die ihre eigenen einzigartigen Merkmale aufweisen.","breadcrumb":{"@id":"https:\/\/www.urlaubcornwall.de\/blog\/schoenheit-der-kuesten-der-laender-sued-suedwestenglands\/#breadcrumb"},"inLanguage":"en-US","potentialAction":[{"@type":"ReadAction","target":["https:\/\/www.urlaubcornwall.de\/blog\/schoenheit-der-kuesten-der-laender-sued-suedwestenglands\/"]}]},{"@type":"BreadcrumbList","@id":"https:\/\/www.urlaubcornwall.de\/blog\/schoenheit-der-kuesten-der-laender-sued-suedwestenglands\/#breadcrumb","itemListElement":[{"@type":"ListItem","position":1,"name":"Home","item":"https:\/\/www.urlaubcornwall.de\/blog\/"},{"@type":"ListItem","position":2,"name":"Die Sch\u00f6nheit der K\u00fcsten der L\u00e4nder S\u00fcd- und S\u00fcdwestenglands"}]}]}},"_links":{"self":[{"href":"https:\/\/www.urlaubcornwall.de\/blog\/wp-json\/wp\/v2\/pages\/46303"}],"collection":[{"href":"https:\/\/www.urlaubcornwall.de\/blog\/wp-json\/wp\/v2\/pages"}],"about":[{"href":"https:\/\/www.urlaubcornwall.de\/blog\/wp-json\/wp\/v2\/types\/page"}],"author":[{"embeddable":true,"href":"https:\/\/www.urlaubcornwall.de\/blog\/wp-json\/wp\/v2\/users\/1"}],"replies":[{"embeddable":true,"href":"https:\/\/www.urlaubcornwall.de\/blog\/wp-json\/wp\/v2\/comments?post=46303"}],"version-history":[{"count":3,"href":"https:\/\/www.urlaubcornwall.de\/blog\/wp-json\/wp\/v2\/pages\/46303\/revisions"}],"predecessor-version":[{"id":47605,"href":"https:\/\/www.urlaubcornwall.de\/blog\/wp-json\/wp\/v2\/pages\/46303\/revisions\/47605"}],"wp:attachment":[{"href":"https:\/\/www.urlaubcornwall.de\/blog\/wp-json\/wp\/v2\/media?parent=46303"}],"curies":[{"name":"wp","href":"https:\/\/api.w.org\/{rel}","templated":true}]}}