{"id":46293,"date":"2023-04-18T08:35:33","date_gmt":"2023-04-18T08:35:33","guid":{"rendered":"https:\/\/www.urlaubcornwall.de\/blog\/?page_id=46293"},"modified":"2023-06-07T08:57:58","modified_gmt":"2023-06-07T08:57:58","slug":"wie-ist-die-lage-von-cornwall-welche-sind-die-angrenzenden-regionen","status":"publish","type":"page","link":"https:\/\/www.urlaubcornwall.de\/blog\/wie-ist-die-lage-von-cornwall-welche-sind-die-angrenzenden-regionen\/","title":{"rendered":"Wie ist die Lage von Cornwall &#038; welche sind die angrenzenden Regionen?"},"content":{"rendered":"<p><img loading=\"lazy\" class=\"aligncenter size-full wp-image-46285\" src=\"https:\/\/www.urlaubcornwall.de\/blog\/wp-content\/uploads\/2023\/04\/st_michaels-mount_newer.jpg\" alt=\"st_michaels mount\" width=\"750\" height=\"563\" srcset=\"https:\/\/www.urlaubcornwall.de\/blog\/wp-content\/uploads\/2023\/04\/st_michaels-mount_newer.jpg 750w, https:\/\/www.urlaubcornwall.de\/blog\/wp-content\/uploads\/2023\/04\/st_michaels-mount_newer-300x225.jpg 300w\" sizes=\"(max-width: 750px) 100vw, 750px\" \/><\/p>\n<p>Cornwall ist eine Grafschaft im <a href=\"https:\/\/www.urlaubcornwall.de\/reiseziel\/suedwestengland.php\">S\u00fcdwesten Englands<\/a>. Sie befindet sich auf der Halbinsel Cornwall und ist von der Keltischen See und dem \u00c4rmelkanal umgeben. Die <a href=\"https:\/\/www.urlaubcornwall.de\/blog\/schoensten-straende-an-der-suedkueste-cornwall\/\">s\u00fcdliche K\u00fcste von Cornwall<\/a> ist Teil des \u00c4rmelkanals, w\u00e4hrend die <a href=\"https:\/\/www.urlaubcornwall.de\/blog\/schoensten-straende-nord-cornwall-urlaubstipps-cornwall\/\">n\u00f6rdliche K\u00fcste<\/a> der Keltischen See zugewandt ist.<\/p>\n<p>Die angrenzenden Regionen von <a href=\"https:\/\/www.urlaubcornwall.de\/reiseziel\/cornwall.php\">Cornwall<\/a> sind <a href=\"https:\/\/www.urlaubcornwall.de\/reiseziel\/devon.php\">Devon<\/a> im Osten und die Region West Country im Norden und Nordosten. Im S\u00fcden liegt das offene Meer und im Westen gibt es keine direkten angrenzenden Regionen, da Cornwall eine Halbinsel ist. Die n\u00e4chstgelegenen Gebiete im Westen sind die <a href=\"https:\/\/www.urlaubcornwall.de\/Scilly-Inseln.php\">Scilly-Inseln<\/a>, die etwa 45 Kilometer s\u00fcdwestlich von Cornwall liegen.<\/p>\n<p>Cornwall hat eine reiche Geschichte und eine einzigartige Kultur, die von seiner Lage und seiner Vergangenheit als wichtiges Zentrum des Zinnbergbaus gepr\u00e4gt ist. Die Landschaft ist gepr\u00e4gt von einer beeindruckenden K\u00fcsten.<\/p>\n<p>Cornwall ist das perfekte Urlaubsziel \u2013 suchen Sie sich also ein Ferienhaus mit Selbstverpflegung in Cornwall am Meer aus, wo es auch landeinw\u00e4rts viel zu entdecken gibt. Mit seinem \u00fcberaus milden Klima werden Sie sich fragen, ob Sie sich tats\u00e4chlich in England befinden.Um UrlaubCornwall.de <a href=\"https:\/\/www.urlaubcornwall.de\/ferienhaeuser-fewos\/cornwall.html\">einzigartige Kollektion nach Ihrem idealen Ferienhaus zu durchsuchen<\/a>. <\/p>\n<p style=\"text-align: center;\"><a class=\"tidycta\" href=\"https:\/\/www.urlaubcornwall.de\/ferienhaeuser-fewos\/cornwall.html\">Suche Ferienh\u00e4user in Cornwall<\/a><\/p>\n<div class=\"snippet\"> <a class=\"featured-item\" href=\"https:\/\/www.urlaubcornwall.de\/ferienhaeuser\/cornwall.php\"> <span class=\"image-holder\" style=\"background-image: url('https:\/\/www.urlaubcornwall.de\/blog\/wp-content\/uploads\/2018\/12\/familienurlaub-corwnall-snippet.jpg');\"><\/span> <span class=\"featured-content\"> \n<h2 class=\"featured-title\">Ferienh\u00e4user in Cornwall am Meer<\/h2>\n<p class=\"featured-body\">Cornwall besitzt mehr K\u00fcstenlinien als jede andere Grafschaft und bietet einige der besten Str\u00e4nde, K\u00fcstenwanderwege und Klippenlandschaften, die man \u00fcberhaupt finden kann&#8230; <\/p><\/span> <span class=\"featured-link-holder\"> <span class=\"featured-extra-info\"> \n<p>F\u00fcr Paare, Familien &#038; Gruppen<\/p>\n<\/span> \n<p class=\"featured-link\">DETAILS<\/p>\n<\/span> <\/a><\/div>\n","protected":false},"excerpt":{"rendered":"<p>Cornwall ist eine Grafschaft im S\u00fcdwesten Englands. Sie befindet sich auf der Halbinsel Cornwall und ist von der Keltischen See und dem \u00c4rmelkanal umgeben. Die s\u00fcdliche K\u00fcste von Cornwall ist Teil des \u00c4rmelkanals, w\u00e4hrend die n\u00f6rdliche K\u00fcste der Keltischen See zugewandt ist. Die angrenzenden Regionen von Cornwall sind Devon im Osten und die Region West [&hellip;]<\/p>\n","protected":false},"author":1,"featured_media":0,"parent":0,"menu_order":0,"comment_status":"closed","ping_status":"closed","template":"single-four.php","meta":[],"acf":[],"yoast_head":"<!-- This site is optimized with the Yoast SEO plugin v19.4 - https:\/\/yoast.com\/wordpress\/plugins\/seo\/ -->\n<title>Wie ist die Lage von Cornwall &amp; welche sind die angrenzenden Regionen? - Urlaub &amp; Reisen<\/title>\n<meta name=\"description\" content=\"Cornwall ist eine Grafschaft im S\u00fcdwesten Englands. Sie befindet sich auf der Halbinsel Cornwall und ist von der Keltischen See\" \/>\n<meta name=\"robots\" content=\"index, follow, max-snippet:-1, max-image-preview:large, max-video-preview:-1\" \/>\n<link rel=\"canonical\" href=\"https:\/\/www.urlaubcornwall.de\/blog\/wie-ist-die-lage-von-cornwall-welche-sind-die-angrenzenden-regionen\/\" \/>\n<meta property=\"og:locale\" content=\"en_US\" \/>\n<meta property=\"og:type\" content=\"article\" \/>\n<meta property=\"og:title\" content=\"Wie ist die Lage von Cornwall &amp; welche sind die angrenzenden Regionen? - Urlaub &amp; Reisen\" \/>\n<meta property=\"og:description\" content=\"Cornwall ist eine Grafschaft im S\u00fcdwesten Englands. Sie befindet sich auf der Halbinsel Cornwall und ist von der Keltischen See\" \/>\n<meta property=\"og:url\" content=\"https:\/\/www.urlaubcornwall.de\/blog\/wie-ist-die-lage-von-cornwall-welche-sind-die-angrenzenden-regionen\/\" \/>\n<meta property=\"og:site_name\" content=\"Urlaub &amp; Reisen\" \/>\n<meta property=\"article:modified_time\" content=\"2023-06-07T08:57:58+00:00\" \/>\n<meta property=\"og:image\" content=\"https:\/\/www.urlaubcornwall.de\/blog\/wp-content\/uploads\/2023\/04\/st_michaels-mount_newer.jpg\" \/>\n<meta name=\"twitter:card\" content=\"summary\" \/>\n<meta name=\"twitter:label1\" content=\"Est. reading time\" \/>\n\t<meta name=\"twitter:data1\" content=\"2 minutes\" \/>\n<script type=\"application\/ld+json\" class=\"yoast-schema-graph\">{\"@context\":\"https:\/\/schema.org\",\"@graph\":[{\"@type\":\"WebSite\",\"@id\":\"https:\/\/www.urlaubcornwall.de\/blog\/#website\",\"url\":\"https:\/\/www.urlaubcornwall.de\/blog\/\",\"name\":\"Urlaub &amp; Reisen\",\"description\":\"Urlaub, Reisen, Cornwall und S\u00fcdengland: eine perfekte Kombination\",\"potentialAction\":[{\"@type\":\"SearchAction\",\"target\":{\"@type\":\"EntryPoint\",\"urlTemplate\":\"https:\/\/www.urlaubcornwall.de\/blog\/?s={search_term_string}\"},\"query-input\":\"required name=search_term_string\"}],\"inLanguage\":\"en-US\"},{\"@type\":\"WebPage\",\"@id\":\"https:\/\/www.urlaubcornwall.de\/blog\/wie-ist-die-lage-von-cornwall-welche-sind-die-angrenzenden-regionen\/\",\"url\":\"https:\/\/www.urlaubcornwall.de\/blog\/wie-ist-die-lage-von-cornwall-welche-sind-die-angrenzenden-regionen\/\",\"name\":\"Wie ist die Lage von Cornwall & welche sind die angrenzenden Regionen? - Urlaub &amp; Reisen\",\"isPartOf\":{\"@id\":\"https:\/\/www.urlaubcornwall.de\/blog\/#website\"},\"datePublished\":\"2023-04-18T08:35:33+00:00\",\"dateModified\":\"2023-06-07T08:57:58+00:00\",\"description\":\"Cornwall ist eine Grafschaft im S\u00fcdwesten Englands. Sie befindet sich auf der Halbinsel Cornwall und ist von der Keltischen See\",\"breadcrumb\":{\"@id\":\"https:\/\/www.urlaubcornwall.de\/blog\/wie-ist-die-lage-von-cornwall-welche-sind-die-angrenzenden-regionen\/#breadcrumb\"},\"inLanguage\":\"en-US\",\"potentialAction\":[{\"@type\":\"ReadAction\",\"target\":[\"https:\/\/www.urlaubcornwall.de\/blog\/wie-ist-die-lage-von-cornwall-welche-sind-die-angrenzenden-regionen\/\"]}]},{\"@type\":\"BreadcrumbList\",\"@id\":\"https:\/\/www.urlaubcornwall.de\/blog\/wie-ist-die-lage-von-cornwall-welche-sind-die-angrenzenden-regionen\/#breadcrumb\",\"itemListElement\":[{\"@type\":\"ListItem\",\"position\":1,\"name\":\"Home\",\"item\":\"https:\/\/www.urlaubcornwall.de\/blog\/\"},{\"@type\":\"ListItem\",\"position\":2,\"name\":\"Wie ist die Lage von Cornwall &#038; welche sind die angrenzenden Regionen?\"}]}]}<\/script>\n<!-- \/ Yoast SEO plugin. -->","yoast_head_json":{"title":"Wie ist die Lage von Cornwall & welche sind die angrenzenden Regionen? - Urlaub &amp; Reisen","description":"Cornwall ist eine Grafschaft im S\u00fcdwesten Englands. Sie befindet sich auf der Halbinsel Cornwall und ist von der Keltischen See","robots":{"index":"index","follow":"follow","max-snippet":"max-snippet:-1","max-image-preview":"max-image-preview:large","max-video-preview":"max-video-preview:-1"},"canonical":"https:\/\/www.urlaubcornwall.de\/blog\/wie-ist-die-lage-von-cornwall-welche-sind-die-angrenzenden-regionen\/","og_locale":"en_US","og_type":"article","og_title":"Wie ist die Lage von Cornwall & welche sind die angrenzenden Regionen? - Urlaub &amp; Reisen","og_description":"Cornwall ist eine Grafschaft im S\u00fcdwesten Englands. Sie befindet sich auf der Halbinsel Cornwall und ist von der Keltischen See","og_url":"https:\/\/www.urlaubcornwall.de\/blog\/wie-ist-die-lage-von-cornwall-welche-sind-die-angrenzenden-regionen\/","og_site_name":"Urlaub &amp; Reisen","article_modified_time":"2023-06-07T08:57:58+00:00","og_image":[{"url":"https:\/\/www.urlaubcornwall.de\/blog\/wp-content\/uploads\/2023\/04\/st_michaels-mount_newer.jpg"}],"twitter_card":"summary","twitter_misc":{"Est. reading time":"2 minutes"},"schema":{"@context":"https:\/\/schema.org","@graph":[{"@type":"WebSite","@id":"https:\/\/www.urlaubcornwall.de\/blog\/#website","url":"https:\/\/www.urlaubcornwall.de\/blog\/","name":"Urlaub &amp; Reisen","description":"Urlaub, Reisen, Cornwall und S\u00fcdengland: eine perfekte Kombination","potentialAction":[{"@type":"SearchAction","target":{"@type":"EntryPoint","urlTemplate":"https:\/\/www.urlaubcornwall.de\/blog\/?s={search_term_string}"},"query-input":"required name=search_term_string"}],"inLanguage":"en-US"},{"@type":"WebPage","@id":"https:\/\/www.urlaubcornwall.de\/blog\/wie-ist-die-lage-von-cornwall-welche-sind-die-angrenzenden-regionen\/","url":"https:\/\/www.urlaubcornwall.de\/blog\/wie-ist-die-lage-von-cornwall-welche-sind-die-angrenzenden-regionen\/","name":"Wie ist die Lage von Cornwall & welche sind die angrenzenden Regionen? - Urlaub &amp; Reisen","isPartOf":{"@id":"https:\/\/www.urlaubcornwall.de\/blog\/#website"},"datePublished":"2023-04-18T08:35:33+00:00","dateModified":"2023-06-07T08:57:58+00:00","description":"Cornwall ist eine Grafschaft im S\u00fcdwesten Englands. Sie befindet sich auf der Halbinsel Cornwall und ist von der Keltischen See","breadcrumb":{"@id":"https:\/\/www.urlaubcornwall.de\/blog\/wie-ist-die-lage-von-cornwall-welche-sind-die-angrenzenden-regionen\/#breadcrumb"},"inLanguage":"en-US","potentialAction":[{"@type":"ReadAction","target":["https:\/\/www.urlaubcornwall.de\/blog\/wie-ist-die-lage-von-cornwall-welche-sind-die-angrenzenden-regionen\/"]}]},{"@type":"BreadcrumbList","@id":"https:\/\/www.urlaubcornwall.de\/blog\/wie-ist-die-lage-von-cornwall-welche-sind-die-angrenzenden-regionen\/#breadcrumb","itemListElement":[{"@type":"ListItem","position":1,"name":"Home","item":"https:\/\/www.urlaubcornwall.de\/blog\/"},{"@type":"ListItem","position":2,"name":"Wie ist die Lage von Cornwall &#038; welche sind die angrenzenden Regionen?"}]}]}},"_links":{"self":[{"href":"https:\/\/www.urlaubcornwall.de\/blog\/wp-json\/wp\/v2\/pages\/46293"}],"collection":[{"href":"https:\/\/www.urlaubcornwall.de\/blog\/wp-json\/wp\/v2\/pages"}],"about":[{"href":"https:\/\/www.urlaubcornwall.de\/blog\/wp-json\/wp\/v2\/types\/page"}],"author":[{"embeddable":true,"href":"https:\/\/www.urlaubcornwall.de\/blog\/wp-json\/wp\/v2\/users\/1"}],"replies":[{"embeddable":true,"href":"https:\/\/www.urlaubcornwall.de\/blog\/wp-json\/wp\/v2\/comments?post=46293"}],"version-history":[{"count":5,"href":"https:\/\/www.urlaubcornwall.de\/blog\/wp-json\/wp\/v2\/pages\/46293\/revisions"}],"predecessor-version":[{"id":46722,"href":"https:\/\/www.urlaubcornwall.de\/blog\/wp-json\/wp\/v2\/pages\/46293\/revisions\/46722"}],"wp:attachment":[{"href":"https:\/\/www.urlaubcornwall.de\/blog\/wp-json\/wp\/v2\/media?parent=46293"}],"curies":[{"name":"wp","href":"https:\/\/api.w.org\/{rel}","templated":true}]}}