{"id":46255,"date":"2023-04-19T07:56:14","date_gmt":"2023-04-19T07:56:14","guid":{"rendered":"https:\/\/www.urlaubcornwall.de\/blog\/?page_id=46255"},"modified":"2024-04-30T15:29:38","modified_gmt":"2024-04-30T15:29:38","slug":"wie-viele-tage-fuer-suedengland-rundreise","status":"publish","type":"page","link":"https:\/\/www.urlaubcornwall.de\/blog\/wie-viele-tage-fuer-suedengland-rundreise\/","title":{"rendered":"Wie viele Tage f\u00fcr S\u00fcdengland Rundreise?"},"content":{"rendered":"<p><img loading=\"lazy\" class=\"aligncenter size-full wp-image-24727\" src=\"https:\/\/www.urlaubcornwall.de\/blog\/wp-content\/uploads\/2016\/07\/bosham-sussex-england.jpg\" alt=\"S\u00fcdengland Rundreise sussex\" width=\"750\" height=\"401\"\/><\/p>\n<p>Die Anzahl der Tage, die man f\u00fcr eine <a href=\"https:\/\/www.urlaubcornwall.de\/rundreisen\/cornwall-suedengland.php\">Rundreise durch S\u00fcdengland<\/a> einplanen sollte, h\u00e4ngt von verschiedenen Faktoren ab, wie z.B. der Route, den Sehensw\u00fcrdigkeiten, die man besichtigen m\u00f6chte, und dem Reisetempo, das man bevorzugt.<\/p>\n<p>Eine typische Rundreise durch S\u00fcdengland k\u00f6nnte zwischen 5 und 10 Tagen dauern, je nachdem wie viel Zeit man hat und wie viele Orte man besuchen m\u00f6chte. Wenn man beispielsweise die historischen St\u00e4dte wie Bath und Oxford, die wundersch\u00f6nen Landschaften von Cornwall und die K\u00fcstenst\u00e4dte von Devon und <a href=\"https:\/\/www.urlaubcornwall.de\/reiseziel\/dorset.php\">Dorset<\/a> besuchen m\u00f6chte, k\u00f6nnte man eine Reise von 10 Tagen planen, um gen\u00fcgend Zeit f\u00fcr die Erkundung der Region zu haben.<\/p>\n<p>Wenn man jedoch weniger Zeit hat, k\u00f6nnte man sich auf eine bestimmte Region konzentrieren, wie z.B. <a href=\"https:\/\/www.urlaubcornwall.de\/reiseziel\/cornwall.php\">Cornwall<\/a> und <a href=\"https:\/\/www.urlaubcornwall.de\/reiseziel\/devon.php\">Devon<\/a> oder die Grafschaften von <a href=\"https:\/\/www.urlaubcornwall.de\/reiseziel\/sussex.php\">Sussex<\/a> und <a href=\"https:\/\/www.urlaubcornwall.de\/reiseziel\/kent.php\">Kent<\/a>. Eine Reise von 5 Tagen k\u00f6nnte ausreichend sein, um einige der wichtigsten Sehensw\u00fcrdigkeiten und landschaftlichen H\u00f6hepunkte der Region zu besichtigen.<\/p>\n<h1>Unser Rundreisenservice in S\u00fcdengland<\/h1>\n<p>Weshalb \u00fcber uns buchen?<\/p>\n<p>Firmensitz in Cornwall und ein Team Deutsch sprechender Reisespezialisten.<\/p>\n<p>Wir haben eine Leidenschaft f\u00fcrs Reisen und gestalten den perfekten Urlaub.<\/p>\n<p>Ortskenntnisse und Insidertipps f\u00fcr unsere Kunden.<\/p>\n<p>Sonderangebote und Preisnachl\u00e4sse<\/p>\n<p>S\u00e4mtliche unserer Rundreisen sind durch einen voll versicherten deutschen Reiseveranstalter gesichert.<\/p>\n<p style=\"text-align: center;\"><a class=\"tidycta\" href=\"https:\/\/www.urlaubcornwall.de\/rundreisen\/cornwall-suedengland.php\"> Mehr Info<\/a><\/p>\n<div class=\"snippet\"> <a class=\"featured-item\" href=\"https:\/\/www.urlaubcornwall.de\/ferienhaeuser\/suedengland.php\"> <span class=\"image-holder\" style=\"background-image: url('https:\/\/www.urlaubcornwall.de\/blog\/wp-content\/uploads\/2024\/03\/ferienhaus-england-cornwall.jpg');\"><\/span> <span class=\"featured-content\"> \n<h2 class=\"featured-title\">Ferienh\u00e4user in S\u00fcdengland<\/h2>\n<p class=\"featured-body\">Bei uns finden Sie Ferienh\u00e4user zum Verlieben &#8211; so einfach ist das! Dank seiner langen Geschichte, der reizvollen Landschaften und seinen vielen Attraktionen ist S\u00fcdengland ein wahres Mekka f\u00fcr Urlauber&#8230;..<\/p><\/span> <span class=\"featured-link-holder\"> <span class=\"featured-extra-info\"> \n<p>Pers\u00f6nlich inspizierter Ferienh\u00e4user<\/p>\n<\/span> \n<p class=\"featured-link\">DETAILS<\/p>\n<\/span> <\/a><\/div>\n","protected":false},"excerpt":{"rendered":"<p>Die Anzahl der Tage, die man f\u00fcr eine Rundreise durch S\u00fcdengland einplanen sollte, h\u00e4ngt von verschiedenen Faktoren ab, wie z.B. der Route, den Sehensw\u00fcrdigkeiten, die man besichtigen m\u00f6chte, und dem Reisetempo, das man bevorzugt. Eine typische Rundreise durch S\u00fcdengland k\u00f6nnte zwischen 5 und 10 Tagen dauern, je nachdem wie viel Zeit man hat und wie [&hellip;]<\/p>\n","protected":false},"author":1,"featured_media":0,"parent":0,"menu_order":0,"comment_status":"closed","ping_status":"closed","template":"single-four.php","meta":[],"acf":[],"yoast_head":"<!-- This site is optimized with the Yoast SEO plugin v19.4 - https:\/\/yoast.com\/wordpress\/plugins\/seo\/ -->\n<title>Wie viele Tage f\u00fcr S\u00fcdengland Rundreise? - Urlaub &amp; Reisen<\/title>\n<meta name=\"description\" content=\"Die Anzahl der Tage, die man f\u00fcr eine Rundreise durch S\u00fcdengland einplanen sollte, h\u00e4ngt von verschiedenen Faktoren ab\" \/>\n<meta name=\"robots\" content=\"index, follow, max-snippet:-1, max-image-preview:large, max-video-preview:-1\" \/>\n<link rel=\"canonical\" href=\"https:\/\/www.urlaubcornwall.de\/blog\/wie-viele-tage-fuer-suedengland-rundreise\/\" \/>\n<meta property=\"og:locale\" content=\"en_US\" \/>\n<meta property=\"og:type\" content=\"article\" \/>\n<meta property=\"og:title\" content=\"Wie viele Tage f\u00fcr S\u00fcdengland Rundreise? - Urlaub &amp; Reisen\" \/>\n<meta property=\"og:description\" content=\"Die Anzahl der Tage, die man f\u00fcr eine Rundreise durch S\u00fcdengland einplanen sollte, h\u00e4ngt von verschiedenen Faktoren ab\" \/>\n<meta property=\"og:url\" content=\"https:\/\/www.urlaubcornwall.de\/blog\/wie-viele-tage-fuer-suedengland-rundreise\/\" \/>\n<meta property=\"og:site_name\" content=\"Urlaub &amp; Reisen\" \/>\n<meta property=\"article:modified_time\" content=\"2024-04-30T15:29:38+00:00\" \/>\n<meta property=\"og:image\" content=\"https:\/\/www.urlaubcornwall.de\/blog\/wp-content\/uploads\/2016\/07\/bosham-sussex-england.jpg\" \/>\n<meta name=\"twitter:card\" content=\"summary\" \/>\n<meta name=\"twitter:label1\" content=\"Est. reading time\" \/>\n\t<meta name=\"twitter:data1\" content=\"2 minutes\" \/>\n<script type=\"application\/ld+json\" class=\"yoast-schema-graph\">{\"@context\":\"https:\/\/schema.org\",\"@graph\":[{\"@type\":\"WebSite\",\"@id\":\"https:\/\/www.urlaubcornwall.de\/blog\/#website\",\"url\":\"https:\/\/www.urlaubcornwall.de\/blog\/\",\"name\":\"Urlaub &amp; Reisen\",\"description\":\"Urlaub, Reisen, Cornwall und S\u00fcdengland: eine perfekte Kombination\",\"potentialAction\":[{\"@type\":\"SearchAction\",\"target\":{\"@type\":\"EntryPoint\",\"urlTemplate\":\"https:\/\/www.urlaubcornwall.de\/blog\/?s={search_term_string}\"},\"query-input\":\"required name=search_term_string\"}],\"inLanguage\":\"en-US\"},{\"@type\":\"WebPage\",\"@id\":\"https:\/\/www.urlaubcornwall.de\/blog\/wie-viele-tage-fuer-suedengland-rundreise\/\",\"url\":\"https:\/\/www.urlaubcornwall.de\/blog\/wie-viele-tage-fuer-suedengland-rundreise\/\",\"name\":\"Wie viele Tage f\u00fcr S\u00fcdengland Rundreise? - Urlaub &amp; Reisen\",\"isPartOf\":{\"@id\":\"https:\/\/www.urlaubcornwall.de\/blog\/#website\"},\"datePublished\":\"2023-04-19T07:56:14+00:00\",\"dateModified\":\"2024-04-30T15:29:38+00:00\",\"description\":\"Die Anzahl der Tage, die man f\u00fcr eine Rundreise durch S\u00fcdengland einplanen sollte, h\u00e4ngt von verschiedenen Faktoren ab\",\"breadcrumb\":{\"@id\":\"https:\/\/www.urlaubcornwall.de\/blog\/wie-viele-tage-fuer-suedengland-rundreise\/#breadcrumb\"},\"inLanguage\":\"en-US\",\"potentialAction\":[{\"@type\":\"ReadAction\",\"target\":[\"https:\/\/www.urlaubcornwall.de\/blog\/wie-viele-tage-fuer-suedengland-rundreise\/\"]}]},{\"@type\":\"BreadcrumbList\",\"@id\":\"https:\/\/www.urlaubcornwall.de\/blog\/wie-viele-tage-fuer-suedengland-rundreise\/#breadcrumb\",\"itemListElement\":[{\"@type\":\"ListItem\",\"position\":1,\"name\":\"Home\",\"item\":\"https:\/\/www.urlaubcornwall.de\/blog\/\"},{\"@type\":\"ListItem\",\"position\":2,\"name\":\"Wie viele Tage f\u00fcr S\u00fcdengland Rundreise?\"}]}]}<\/script>\n<!-- \/ Yoast SEO plugin. -->","yoast_head_json":{"title":"Wie viele Tage f\u00fcr S\u00fcdengland Rundreise? - Urlaub &amp; Reisen","description":"Die Anzahl der Tage, die man f\u00fcr eine Rundreise durch S\u00fcdengland einplanen sollte, h\u00e4ngt von verschiedenen Faktoren ab","robots":{"index":"index","follow":"follow","max-snippet":"max-snippet:-1","max-image-preview":"max-image-preview:large","max-video-preview":"max-video-preview:-1"},"canonical":"https:\/\/www.urlaubcornwall.de\/blog\/wie-viele-tage-fuer-suedengland-rundreise\/","og_locale":"en_US","og_type":"article","og_title":"Wie viele Tage f\u00fcr S\u00fcdengland Rundreise? - Urlaub &amp; Reisen","og_description":"Die Anzahl der Tage, die man f\u00fcr eine Rundreise durch S\u00fcdengland einplanen sollte, h\u00e4ngt von verschiedenen Faktoren ab","og_url":"https:\/\/www.urlaubcornwall.de\/blog\/wie-viele-tage-fuer-suedengland-rundreise\/","og_site_name":"Urlaub &amp; Reisen","article_modified_time":"2024-04-30T15:29:38+00:00","og_image":[{"url":"https:\/\/www.urlaubcornwall.de\/blog\/wp-content\/uploads\/2016\/07\/bosham-sussex-england.jpg"}],"twitter_card":"summary","twitter_misc":{"Est. reading time":"2 minutes"},"schema":{"@context":"https:\/\/schema.org","@graph":[{"@type":"WebSite","@id":"https:\/\/www.urlaubcornwall.de\/blog\/#website","url":"https:\/\/www.urlaubcornwall.de\/blog\/","name":"Urlaub &amp; Reisen","description":"Urlaub, Reisen, Cornwall und S\u00fcdengland: eine perfekte Kombination","potentialAction":[{"@type":"SearchAction","target":{"@type":"EntryPoint","urlTemplate":"https:\/\/www.urlaubcornwall.de\/blog\/?s={search_term_string}"},"query-input":"required name=search_term_string"}],"inLanguage":"en-US"},{"@type":"WebPage","@id":"https:\/\/www.urlaubcornwall.de\/blog\/wie-viele-tage-fuer-suedengland-rundreise\/","url":"https:\/\/www.urlaubcornwall.de\/blog\/wie-viele-tage-fuer-suedengland-rundreise\/","name":"Wie viele Tage f\u00fcr S\u00fcdengland Rundreise? - Urlaub &amp; Reisen","isPartOf":{"@id":"https:\/\/www.urlaubcornwall.de\/blog\/#website"},"datePublished":"2023-04-19T07:56:14+00:00","dateModified":"2024-04-30T15:29:38+00:00","description":"Die Anzahl der Tage, die man f\u00fcr eine Rundreise durch S\u00fcdengland einplanen sollte, h\u00e4ngt von verschiedenen Faktoren ab","breadcrumb":{"@id":"https:\/\/www.urlaubcornwall.de\/blog\/wie-viele-tage-fuer-suedengland-rundreise\/#breadcrumb"},"inLanguage":"en-US","potentialAction":[{"@type":"ReadAction","target":["https:\/\/www.urlaubcornwall.de\/blog\/wie-viele-tage-fuer-suedengland-rundreise\/"]}]},{"@type":"BreadcrumbList","@id":"https:\/\/www.urlaubcornwall.de\/blog\/wie-viele-tage-fuer-suedengland-rundreise\/#breadcrumb","itemListElement":[{"@type":"ListItem","position":1,"name":"Home","item":"https:\/\/www.urlaubcornwall.de\/blog\/"},{"@type":"ListItem","position":2,"name":"Wie viele Tage f\u00fcr S\u00fcdengland Rundreise?"}]}]}},"_links":{"self":[{"href":"https:\/\/www.urlaubcornwall.de\/blog\/wp-json\/wp\/v2\/pages\/46255"}],"collection":[{"href":"https:\/\/www.urlaubcornwall.de\/blog\/wp-json\/wp\/v2\/pages"}],"about":[{"href":"https:\/\/www.urlaubcornwall.de\/blog\/wp-json\/wp\/v2\/types\/page"}],"author":[{"embeddable":true,"href":"https:\/\/www.urlaubcornwall.de\/blog\/wp-json\/wp\/v2\/users\/1"}],"replies":[{"embeddable":true,"href":"https:\/\/www.urlaubcornwall.de\/blog\/wp-json\/wp\/v2\/comments?post=46255"}],"version-history":[{"count":4,"href":"https:\/\/www.urlaubcornwall.de\/blog\/wp-json\/wp\/v2\/pages\/46255\/revisions"}],"predecessor-version":[{"id":49982,"href":"https:\/\/www.urlaubcornwall.de\/blog\/wp-json\/wp\/v2\/pages\/46255\/revisions\/49982"}],"wp:attachment":[{"href":"https:\/\/www.urlaubcornwall.de\/blog\/wp-json\/wp\/v2\/media?parent=46255"}],"curies":[{"name":"wp","href":"https:\/\/api.w.org\/{rel}","templated":true}]}}