{"id":46211,"date":"2023-04-16T12:00:41","date_gmt":"2023-04-16T12:00:41","guid":{"rendered":"https:\/\/www.urlaubcornwall.de\/blog\/?page_id=46211"},"modified":"2024-03-13T11:50:45","modified_gmt":"2024-03-13T11:50:45","slug":"highlights-rundreise-nordengland","status":"publish","type":"page","link":"https:\/\/www.urlaubcornwall.de\/blog\/highlights-rundreise-nordengland\/","title":{"rendered":"Was sind die Highlights einer Rundreise nach Nordengland?"},"content":{"rendered":"<p><img loading=\"lazy\" class=\"aligncenter size-full wp-image-22892\" src=\"https:\/\/www.urlaubcornwall.de\/blog\/wp-content\/uploads\/2024\/03\/Bamburgh.jpg\" alt=\"Bamburgh\" width=\"749\" height=\"388\"\/><\/p>\n<p>Eine Rundreise durch Nordengland bietet viele aufregende und faszinierende Sehensw\u00fcrdigkeiten. Hier sind einige der Highlights, die Sie auf Ihrer Reise erleben k\u00f6nnen:<\/p>\n<p><strong>Die Stadt York:<\/strong> Diese historische Stadt hat viele Attraktionen zu bieten, darunter die ber\u00fchmte York Minster Kathedrale, die Stadtmauer und das Jorvik Viking Centre.<\/p>\n<p><strong>Der Lake District National Park:<\/strong> <a href=\"https:\/\/www.urlaubcornwall.de\/reiseziel\/lake-district-nationalpark.php\">Diese spektakul\u00e4re Landschaft ist bekannt f\u00fcr ihre malerischen Seen<\/a>, sanften H\u00fcgel und unber\u00fchrte Natur. Hier k\u00f6nnen Sie wandern, Rad fahren und verschiedene Outdoor-Aktivit\u00e4ten genie\u00dfen.<\/p>\n<p><strong>Die Stadt Liverpool:<\/strong> Diese Stadt ist bekannt als Geburtsort der Beatles und bietet viele kulturelle Sehensw\u00fcrdigkeiten wie das Museum of Liverpool, das Tate Liverpool Museum und die Royal Albert Dock.<\/p>\n<p><strong>Hadrianswall:<\/strong> Dies ist eine alte r\u00f6mische Grenzbefestigung, die sich von der K\u00fcste von Tyneside bis zum Solway Firth erstreckt und von der UNESCO zum Weltkulturerbe erkl\u00e4rt wurde.<\/p>\n<p><strong>Durham:<\/strong> Die Stadt ist bekannt f\u00fcr ihre spektakul\u00e4re Kathedrale und ihre mittelalterliche Burg.<\/p>\n<p><strong>Die Stadt Manchester:<\/strong> Die Stadt ist bekannt f\u00fcr ihre Musik- und Kulturszene, ihre beeindruckende Architektur und ihre ber\u00fchmten Museen und Kunstgalerien.<\/p>\n<p><strong>Die Stadt Newcastle:<\/strong> Die Stadt am Fluss Tyne ist bekannt f\u00fcr ihre historischen Br\u00fccken, ihre beeindruckende Architektur und ihre lebendige Kunstszene.<\/p>\n<p><strong>Die K\u00fcste von Northumberland:<\/strong> Die atemberaubende K\u00fcste von Northumberland bietet dramatische Ausblicke, abgelegene Str\u00e4nde und malerische Fischerd\u00f6rfer.<\/p>\n<p><strong>Die Yorkshire Dales:<\/strong> Dies ist eine der sch\u00f6nsten Landschaften Englands mit sanften H\u00fcgeln, gr\u00fcnen T\u00e4lern, Fl\u00fcssen und spektakul\u00e4ren Wasserf\u00e4llen.<\/p>\n<h1>Unser Rundreisenservice<\/h1>\n<p>Weshalb \u00fcber uns buchen?<\/p>\n<p>Firmensitz in Cornwall und ein Team Deutsch sprechender Reisespezialisten.<\/p>\n<p>Wir haben eine Leidenschaft f\u00fcrs Reisen und gestalten den perfekten Urlaub.<\/p>\n<p>Ortskenntnisse und Insidertipps f\u00fcr unsere Kunden.<\/p>\n<p>Sonderangebote und Preisnachl\u00e4sse<\/p>\n<p>S\u00e4mtliche unserer Rundreisen sind durch einen voll versicherten deutschen Reiseveranstalter gesichert.<\/p>\n<p style=\"text-align: center;\"><a class=\"tidycta\" href=\"https:\/\/www.urlaubcornwall.de\/rundreisenservice.php\"> Mehr Info<\/a><\/p>\n","protected":false},"excerpt":{"rendered":"<p>Eine Rundreise durch Nordengland bietet viele aufregende und faszinierende Sehensw\u00fcrdigkeiten. Hier sind einige der Highlights, die Sie auf Ihrer Reise erleben k\u00f6nnen: Die Stadt York: Diese historische Stadt hat viele Attraktionen zu bieten, darunter die ber\u00fchmte York Minster Kathedrale, die Stadtmauer und das Jorvik Viking Centre. Der Lake District National Park: Diese spektakul\u00e4re Landschaft ist [&hellip;]<\/p>\n","protected":false},"author":1,"featured_media":0,"parent":0,"menu_order":0,"comment_status":"closed","ping_status":"closed","template":"single-four.php","meta":[],"acf":[],"yoast_head":"<!-- This site is optimized with the Yoast SEO plugin v19.4 - https:\/\/yoast.com\/wordpress\/plugins\/seo\/ -->\n<title>Was sind die Highlights einer Rundreise nach Nordengland? - Urlaub &amp; Reisen<\/title>\n<meta name=\"description\" content=\"Eine Rundreise durch Nordengland bietet viele aufregende und faszinierende Sehensw\u00fcrdigkeiten. Hier sind einige der Highlights\" \/>\n<meta name=\"robots\" content=\"index, follow, max-snippet:-1, max-image-preview:large, max-video-preview:-1\" \/>\n<link rel=\"canonical\" href=\"https:\/\/www.urlaubcornwall.de\/blog\/highlights-rundreise-nordengland\/\" \/>\n<meta property=\"og:locale\" content=\"en_US\" \/>\n<meta property=\"og:type\" content=\"article\" \/>\n<meta property=\"og:title\" content=\"Was sind die Highlights einer Rundreise nach Nordengland? - Urlaub &amp; Reisen\" \/>\n<meta property=\"og:description\" content=\"Eine Rundreise durch Nordengland bietet viele aufregende und faszinierende Sehensw\u00fcrdigkeiten. Hier sind einige der Highlights\" \/>\n<meta property=\"og:url\" content=\"https:\/\/www.urlaubcornwall.de\/blog\/highlights-rundreise-nordengland\/\" \/>\n<meta property=\"og:site_name\" content=\"Urlaub &amp; Reisen\" \/>\n<meta property=\"article:modified_time\" content=\"2024-03-13T11:50:45+00:00\" \/>\n<meta property=\"og:image\" content=\"https:\/\/www.urlaubcornwall.de\/blog\/wp-content\/uploads\/2024\/03\/Bamburgh.jpg\" \/>\n<meta name=\"twitter:card\" content=\"summary\" \/>\n<meta name=\"twitter:label1\" content=\"Est. reading time\" \/>\n\t<meta name=\"twitter:data1\" content=\"2 minutes\" \/>\n<script type=\"application\/ld+json\" class=\"yoast-schema-graph\">{\"@context\":\"https:\/\/schema.org\",\"@graph\":[{\"@type\":\"WebSite\",\"@id\":\"https:\/\/www.urlaubcornwall.de\/blog\/#website\",\"url\":\"https:\/\/www.urlaubcornwall.de\/blog\/\",\"name\":\"Urlaub &amp; Reisen\",\"description\":\"Urlaub, Reisen, Cornwall und S\u00fcdengland: eine perfekte Kombination\",\"potentialAction\":[{\"@type\":\"SearchAction\",\"target\":{\"@type\":\"EntryPoint\",\"urlTemplate\":\"https:\/\/www.urlaubcornwall.de\/blog\/?s={search_term_string}\"},\"query-input\":\"required name=search_term_string\"}],\"inLanguage\":\"en-US\"},{\"@type\":\"WebPage\",\"@id\":\"https:\/\/www.urlaubcornwall.de\/blog\/highlights-rundreise-nordengland\/\",\"url\":\"https:\/\/www.urlaubcornwall.de\/blog\/highlights-rundreise-nordengland\/\",\"name\":\"Was sind die Highlights einer Rundreise nach Nordengland? - Urlaub &amp; Reisen\",\"isPartOf\":{\"@id\":\"https:\/\/www.urlaubcornwall.de\/blog\/#website\"},\"datePublished\":\"2023-04-16T12:00:41+00:00\",\"dateModified\":\"2024-03-13T11:50:45+00:00\",\"description\":\"Eine Rundreise durch Nordengland bietet viele aufregende und faszinierende Sehensw\u00fcrdigkeiten. Hier sind einige der Highlights\",\"breadcrumb\":{\"@id\":\"https:\/\/www.urlaubcornwall.de\/blog\/highlights-rundreise-nordengland\/#breadcrumb\"},\"inLanguage\":\"en-US\",\"potentialAction\":[{\"@type\":\"ReadAction\",\"target\":[\"https:\/\/www.urlaubcornwall.de\/blog\/highlights-rundreise-nordengland\/\"]}]},{\"@type\":\"BreadcrumbList\",\"@id\":\"https:\/\/www.urlaubcornwall.de\/blog\/highlights-rundreise-nordengland\/#breadcrumb\",\"itemListElement\":[{\"@type\":\"ListItem\",\"position\":1,\"name\":\"Home\",\"item\":\"https:\/\/www.urlaubcornwall.de\/blog\/\"},{\"@type\":\"ListItem\",\"position\":2,\"name\":\"Was sind die Highlights einer Rundreise nach Nordengland?\"}]}]}<\/script>\n<!-- \/ Yoast SEO plugin. -->","yoast_head_json":{"title":"Was sind die Highlights einer Rundreise nach Nordengland? - Urlaub &amp; Reisen","description":"Eine Rundreise durch Nordengland bietet viele aufregende und faszinierende Sehensw\u00fcrdigkeiten. Hier sind einige der Highlights","robots":{"index":"index","follow":"follow","max-snippet":"max-snippet:-1","max-image-preview":"max-image-preview:large","max-video-preview":"max-video-preview:-1"},"canonical":"https:\/\/www.urlaubcornwall.de\/blog\/highlights-rundreise-nordengland\/","og_locale":"en_US","og_type":"article","og_title":"Was sind die Highlights einer Rundreise nach Nordengland? - Urlaub &amp; Reisen","og_description":"Eine Rundreise durch Nordengland bietet viele aufregende und faszinierende Sehensw\u00fcrdigkeiten. Hier sind einige der Highlights","og_url":"https:\/\/www.urlaubcornwall.de\/blog\/highlights-rundreise-nordengland\/","og_site_name":"Urlaub &amp; Reisen","article_modified_time":"2024-03-13T11:50:45+00:00","og_image":[{"url":"https:\/\/www.urlaubcornwall.de\/blog\/wp-content\/uploads\/2024\/03\/Bamburgh.jpg"}],"twitter_card":"summary","twitter_misc":{"Est. reading time":"2 minutes"},"schema":{"@context":"https:\/\/schema.org","@graph":[{"@type":"WebSite","@id":"https:\/\/www.urlaubcornwall.de\/blog\/#website","url":"https:\/\/www.urlaubcornwall.de\/blog\/","name":"Urlaub &amp; Reisen","description":"Urlaub, Reisen, Cornwall und S\u00fcdengland: eine perfekte Kombination","potentialAction":[{"@type":"SearchAction","target":{"@type":"EntryPoint","urlTemplate":"https:\/\/www.urlaubcornwall.de\/blog\/?s={search_term_string}"},"query-input":"required name=search_term_string"}],"inLanguage":"en-US"},{"@type":"WebPage","@id":"https:\/\/www.urlaubcornwall.de\/blog\/highlights-rundreise-nordengland\/","url":"https:\/\/www.urlaubcornwall.de\/blog\/highlights-rundreise-nordengland\/","name":"Was sind die Highlights einer Rundreise nach Nordengland? - Urlaub &amp; Reisen","isPartOf":{"@id":"https:\/\/www.urlaubcornwall.de\/blog\/#website"},"datePublished":"2023-04-16T12:00:41+00:00","dateModified":"2024-03-13T11:50:45+00:00","description":"Eine Rundreise durch Nordengland bietet viele aufregende und faszinierende Sehensw\u00fcrdigkeiten. Hier sind einige der Highlights","breadcrumb":{"@id":"https:\/\/www.urlaubcornwall.de\/blog\/highlights-rundreise-nordengland\/#breadcrumb"},"inLanguage":"en-US","potentialAction":[{"@type":"ReadAction","target":["https:\/\/www.urlaubcornwall.de\/blog\/highlights-rundreise-nordengland\/"]}]},{"@type":"BreadcrumbList","@id":"https:\/\/www.urlaubcornwall.de\/blog\/highlights-rundreise-nordengland\/#breadcrumb","itemListElement":[{"@type":"ListItem","position":1,"name":"Home","item":"https:\/\/www.urlaubcornwall.de\/blog\/"},{"@type":"ListItem","position":2,"name":"Was sind die Highlights einer Rundreise nach Nordengland?"}]}]}},"_links":{"self":[{"href":"https:\/\/www.urlaubcornwall.de\/blog\/wp-json\/wp\/v2\/pages\/46211"}],"collection":[{"href":"https:\/\/www.urlaubcornwall.de\/blog\/wp-json\/wp\/v2\/pages"}],"about":[{"href":"https:\/\/www.urlaubcornwall.de\/blog\/wp-json\/wp\/v2\/types\/page"}],"author":[{"embeddable":true,"href":"https:\/\/www.urlaubcornwall.de\/blog\/wp-json\/wp\/v2\/users\/1"}],"replies":[{"embeddable":true,"href":"https:\/\/www.urlaubcornwall.de\/blog\/wp-json\/wp\/v2\/comments?post=46211"}],"version-history":[{"count":6,"href":"https:\/\/www.urlaubcornwall.de\/blog\/wp-json\/wp\/v2\/pages\/46211\/revisions"}],"predecessor-version":[{"id":48237,"href":"https:\/\/www.urlaubcornwall.de\/blog\/wp-json\/wp\/v2\/pages\/46211\/revisions\/48237"}],"wp:attachment":[{"href":"https:\/\/www.urlaubcornwall.de\/blog\/wp-json\/wp\/v2\/media?parent=46211"}],"curies":[{"name":"wp","href":"https:\/\/api.w.org\/{rel}","templated":true}]}}