{"id":46203,"date":"2023-04-14T15:18:59","date_gmt":"2023-04-14T15:18:59","guid":{"rendered":"https:\/\/www.urlaubcornwall.de\/blog\/?page_id=46203"},"modified":"2023-04-14T15:18:59","modified_gmt":"2023-04-14T15:18:59","slug":"top-10-attraktionen-innerhalb-einer-autostunde-von-falmouth","status":"publish","type":"page","link":"https:\/\/www.urlaubcornwall.de\/blog\/top-10-attraktionen-innerhalb-einer-autostunde-von-falmouth\/","title":{"rendered":"Top 10 Attraktionen innerhalb einer Autostunde von Falmouth"},"content":{"rendered":"<p><img loading=\"lazy\" class=\"aligncenter size-full wp-image-43328\" src=\"https:\/\/www.urlaubcornwall.de\/blog\/wp-content\/uploads\/2021\/10\/falmouth-hafen.jpg\" alt=\"falmouth hafen\" width=\"750\" height=\"546\"\/><\/p>\n<p>Es gibt viele wunderbare Sehensw\u00fcrdigkeiten und Attraktionen innerhalb einer Autostunde von <a href=\"https:\/\/www.urlaubcornwall.de\/blog\/falmouth-cornwall-geschichte-sehenswuerdigkeiten-und-unterkunft\/\">Falmouth in Cornwall<\/a>. Hier sind zehn der Top-Attraktionen, die Sie besuchen k\u00f6nnen:<\/p>\n<p><a href=\"https:\/\/www.urlaubcornwall.de\/blog\/das-st-michaels-mount-die-ikonische-attraktion-in-westcornwall\/\">St. Michaels Mount<\/a>: Eine felsige Insel im Meer in der N\u00e4he <a href=\"https:\/\/www.urlaubcornwall.de\/ferienhaeuser-fewos\/marazion.html\">Marazion<\/a> mit einem beeindruckenden mittelalterlichen Schloss und einer Abteikirche.<\/p>\n<p><a href=\"https:\/\/www.urlaubcornwall.de\/blog\/all-das-was-sie-schon-immer-ueber-das-eden-project-wissen-wollten\/\">The Eden Project<\/a>: Ein einzigartiger botanischer Garten, der sich auf Umweltfragen konzentriert und eine Vielzahl von Pflanzen aus der ganzen Welt beherbergt.<\/p>\n<p><a href=\"https:\/\/www.urlaubcornwall.de\/blog\/die-lost-gardens-of-heligan-ein-muss-unter-den-kornischen-gaerten\/\">The Lost Gardens of Heligan<\/a>: Ein wundersch\u00f6ner Garten mit exotischen Pflanzen, Wasserf\u00e4llen und alten Gew\u00e4chsh\u00e4usern.<\/p>\n<p><a href=\"https:\/\/www.urlaubcornwall.de\/blog\/truro-cornwall-geschichte-sehenswuerdigkeiten-und-unterkunft\/\">Truro Cathedral<\/a>: Eine pr\u00e4chtige gotische Kathedrale in der N\u00e4he von Falmouth, die f\u00fcr ihre wundersch\u00f6nen Glasmalereien und ihre sch\u00f6ne Lage bekannt ist.<\/p>\n<p><a href=\"https:\/\/www.urlaubcornwall.de\/blog\/was-ist-die-geschichte-der-fruehen-telekommunikation-in-cornwall\/\">Porthcurno Telegraph Museum<\/a>: Ein Museum in West Cornwall, das die Geschichte des globalen Kommunikationsnetzes und der Telegrafie erz\u00e4hlt.<\/p>\n<p><a href=\"https:\/\/www.urlaubcornwall.de\/ferienhaeuser-fewos\/fowey.html\">Fowey<\/a>: Eine charmante K\u00fcstenstadt mit einer beeindruckenden Burg und einer spektakul\u00e4ren Aussicht auf das Meer.<\/p>\n<p><a href=\"https:\/\/www.urlaubcornwall.de\/blog\/legenden-und-geschichte-cornwalls\/\">Tintagel Castle<\/a>: Eine beeindruckende Burgruine auf einer dramatischen Klippe mit einer faszinierenden Geschichte von K\u00f6nig Arthur.<\/p>\n<p><a href=\"https:\/\/www.urlaubcornwall.de\/blog\/geevor-zinn-bergwerk\/\">Geevor Tin Mine<\/a>: Ein Museum, das die Geschichte der Bergbauregion Cornwall und der Zinnproduktion erz\u00e4hlt.<\/p>\n<p>Minack Theatre: Ein einzigartiges Freilichttheater mit herrlicher Aussicht auf das Meer und die umliegende Landschaft.<\/p>\n<p><a href=\"https:\/\/www.urlaubcornwall.de\/blog\/st-ives-geschichte-sehenswuerdigkeiten-und-unterkunft\/\">St. Ives<\/a>: Ein malerisches Fischerdorf mit wei\u00dfen Sandstr\u00e4nden, einem charmanten Hafen und einer lebendigen Kunstszene.<\/p>\n<p>Cornwall ist das perfekte Urlaubsziel \u2013 suchen Sie sich also ein Ferienhaus mit Selbstverpflegung in Cornwall aus, wo es auch landeinw\u00e4rts viel zu entdecken gibt. Mit seinem \u00fcberaus milden Klima werden Sie sich fragen, ob Sie sich tats\u00e4chlich in England befinden.Um UrlaubCornwall.de <a href=\"https:\/\/www.urlaubcornwall.de\/ferienhaeuser-fewos\/cornwall.html\">einzigartige Kollektion nach Ihrem idealen Ferienhaus zu durchsuchen<\/a>. <\/p>\n<p style=\"text-align: center;\"><a class=\"tidycta\" href=\"https:\/\/www.urlaubcornwall.de\/ferienhaeuser-fewos\/cornwall.html\">Suche Ferienh\u00e4user in Cornwall<\/a><\/p>\n","protected":false},"excerpt":{"rendered":"<p>Es gibt viele wunderbare Sehensw\u00fcrdigkeiten und Attraktionen innerhalb einer Autostunde von Falmouth in Cornwall. Hier sind zehn der Top-Attraktionen, die Sie besuchen k\u00f6nnen: St. Michaels Mount: Eine felsige Insel im Meer in der N\u00e4he Marazion mit einem beeindruckenden mittelalterlichen Schloss und einer Abteikirche. The Eden Project: Ein einzigartiger botanischer Garten, der sich auf Umweltfragen konzentriert [&hellip;]<\/p>\n","protected":false},"author":1,"featured_media":0,"parent":0,"menu_order":0,"comment_status":"closed","ping_status":"closed","template":"single-four.php","meta":[],"acf":[],"yoast_head":"<!-- This site is optimized with the Yoast SEO plugin v19.4 - https:\/\/yoast.com\/wordpress\/plugins\/seo\/ -->\n<title>Top 10 Attraktionen innerhalb einer Autostunde von Falmouth - Urlaub &amp; Reisen<\/title>\n<meta name=\"description\" content=\"Es gibt viele wunderbare Sehensw\u00fcrdigkeiten und Attraktionen innerhalb einer Autostunde von Falmouth in Cornwall\" \/>\n<meta name=\"robots\" content=\"index, follow, max-snippet:-1, max-image-preview:large, max-video-preview:-1\" \/>\n<link rel=\"canonical\" href=\"https:\/\/www.urlaubcornwall.de\/blog\/top-10-attraktionen-innerhalb-einer-autostunde-von-falmouth\/\" \/>\n<meta property=\"og:locale\" content=\"en_US\" \/>\n<meta property=\"og:type\" content=\"article\" \/>\n<meta property=\"og:title\" content=\"Top 10 Attraktionen innerhalb einer Autostunde von Falmouth - Urlaub &amp; Reisen\" \/>\n<meta property=\"og:description\" content=\"Es gibt viele wunderbare Sehensw\u00fcrdigkeiten und Attraktionen innerhalb einer Autostunde von Falmouth in Cornwall\" \/>\n<meta property=\"og:url\" content=\"https:\/\/www.urlaubcornwall.de\/blog\/top-10-attraktionen-innerhalb-einer-autostunde-von-falmouth\/\" \/>\n<meta property=\"og:site_name\" content=\"Urlaub &amp; Reisen\" \/>\n<meta property=\"og:image\" content=\"https:\/\/www.urlaubcornwall.de\/blog\/wp-content\/uploads\/2021\/10\/falmouth-hafen.jpg\" \/>\n<meta name=\"twitter:card\" content=\"summary\" \/>\n<meta name=\"twitter:label1\" content=\"Est. reading time\" \/>\n\t<meta name=\"twitter:data1\" content=\"1 minute\" \/>\n<script type=\"application\/ld+json\" class=\"yoast-schema-graph\">{\"@context\":\"https:\/\/schema.org\",\"@graph\":[{\"@type\":\"WebSite\",\"@id\":\"https:\/\/www.urlaubcornwall.de\/blog\/#website\",\"url\":\"https:\/\/www.urlaubcornwall.de\/blog\/\",\"name\":\"Urlaub &amp; Reisen\",\"description\":\"Urlaub, Reisen, Cornwall und S\u00fcdengland: eine perfekte Kombination\",\"potentialAction\":[{\"@type\":\"SearchAction\",\"target\":{\"@type\":\"EntryPoint\",\"urlTemplate\":\"https:\/\/www.urlaubcornwall.de\/blog\/?s={search_term_string}\"},\"query-input\":\"required name=search_term_string\"}],\"inLanguage\":\"en-US\"},{\"@type\":\"WebPage\",\"@id\":\"https:\/\/www.urlaubcornwall.de\/blog\/top-10-attraktionen-innerhalb-einer-autostunde-von-falmouth\/\",\"url\":\"https:\/\/www.urlaubcornwall.de\/blog\/top-10-attraktionen-innerhalb-einer-autostunde-von-falmouth\/\",\"name\":\"Top 10 Attraktionen innerhalb einer Autostunde von Falmouth - Urlaub &amp; Reisen\",\"isPartOf\":{\"@id\":\"https:\/\/www.urlaubcornwall.de\/blog\/#website\"},\"datePublished\":\"2023-04-14T15:18:59+00:00\",\"dateModified\":\"2023-04-14T15:18:59+00:00\",\"description\":\"Es gibt viele wunderbare Sehensw\u00fcrdigkeiten und Attraktionen innerhalb einer Autostunde von Falmouth in Cornwall\",\"breadcrumb\":{\"@id\":\"https:\/\/www.urlaubcornwall.de\/blog\/top-10-attraktionen-innerhalb-einer-autostunde-von-falmouth\/#breadcrumb\"},\"inLanguage\":\"en-US\",\"potentialAction\":[{\"@type\":\"ReadAction\",\"target\":[\"https:\/\/www.urlaubcornwall.de\/blog\/top-10-attraktionen-innerhalb-einer-autostunde-von-falmouth\/\"]}]},{\"@type\":\"BreadcrumbList\",\"@id\":\"https:\/\/www.urlaubcornwall.de\/blog\/top-10-attraktionen-innerhalb-einer-autostunde-von-falmouth\/#breadcrumb\",\"itemListElement\":[{\"@type\":\"ListItem\",\"position\":1,\"name\":\"Home\",\"item\":\"https:\/\/www.urlaubcornwall.de\/blog\/\"},{\"@type\":\"ListItem\",\"position\":2,\"name\":\"Top 10 Attraktionen innerhalb einer Autostunde von Falmouth\"}]}]}<\/script>\n<!-- \/ Yoast SEO plugin. -->","yoast_head_json":{"title":"Top 10 Attraktionen innerhalb einer Autostunde von Falmouth - Urlaub &amp; Reisen","description":"Es gibt viele wunderbare Sehensw\u00fcrdigkeiten und Attraktionen innerhalb einer Autostunde von Falmouth in Cornwall","robots":{"index":"index","follow":"follow","max-snippet":"max-snippet:-1","max-image-preview":"max-image-preview:large","max-video-preview":"max-video-preview:-1"},"canonical":"https:\/\/www.urlaubcornwall.de\/blog\/top-10-attraktionen-innerhalb-einer-autostunde-von-falmouth\/","og_locale":"en_US","og_type":"article","og_title":"Top 10 Attraktionen innerhalb einer Autostunde von Falmouth - Urlaub &amp; Reisen","og_description":"Es gibt viele wunderbare Sehensw\u00fcrdigkeiten und Attraktionen innerhalb einer Autostunde von Falmouth in Cornwall","og_url":"https:\/\/www.urlaubcornwall.de\/blog\/top-10-attraktionen-innerhalb-einer-autostunde-von-falmouth\/","og_site_name":"Urlaub &amp; Reisen","og_image":[{"url":"https:\/\/www.urlaubcornwall.de\/blog\/wp-content\/uploads\/2021\/10\/falmouth-hafen.jpg"}],"twitter_card":"summary","twitter_misc":{"Est. reading time":"1 minute"},"schema":{"@context":"https:\/\/schema.org","@graph":[{"@type":"WebSite","@id":"https:\/\/www.urlaubcornwall.de\/blog\/#website","url":"https:\/\/www.urlaubcornwall.de\/blog\/","name":"Urlaub &amp; Reisen","description":"Urlaub, Reisen, Cornwall und S\u00fcdengland: eine perfekte Kombination","potentialAction":[{"@type":"SearchAction","target":{"@type":"EntryPoint","urlTemplate":"https:\/\/www.urlaubcornwall.de\/blog\/?s={search_term_string}"},"query-input":"required name=search_term_string"}],"inLanguage":"en-US"},{"@type":"WebPage","@id":"https:\/\/www.urlaubcornwall.de\/blog\/top-10-attraktionen-innerhalb-einer-autostunde-von-falmouth\/","url":"https:\/\/www.urlaubcornwall.de\/blog\/top-10-attraktionen-innerhalb-einer-autostunde-von-falmouth\/","name":"Top 10 Attraktionen innerhalb einer Autostunde von Falmouth - Urlaub &amp; Reisen","isPartOf":{"@id":"https:\/\/www.urlaubcornwall.de\/blog\/#website"},"datePublished":"2023-04-14T15:18:59+00:00","dateModified":"2023-04-14T15:18:59+00:00","description":"Es gibt viele wunderbare Sehensw\u00fcrdigkeiten und Attraktionen innerhalb einer Autostunde von Falmouth in Cornwall","breadcrumb":{"@id":"https:\/\/www.urlaubcornwall.de\/blog\/top-10-attraktionen-innerhalb-einer-autostunde-von-falmouth\/#breadcrumb"},"inLanguage":"en-US","potentialAction":[{"@type":"ReadAction","target":["https:\/\/www.urlaubcornwall.de\/blog\/top-10-attraktionen-innerhalb-einer-autostunde-von-falmouth\/"]}]},{"@type":"BreadcrumbList","@id":"https:\/\/www.urlaubcornwall.de\/blog\/top-10-attraktionen-innerhalb-einer-autostunde-von-falmouth\/#breadcrumb","itemListElement":[{"@type":"ListItem","position":1,"name":"Home","item":"https:\/\/www.urlaubcornwall.de\/blog\/"},{"@type":"ListItem","position":2,"name":"Top 10 Attraktionen innerhalb einer Autostunde von Falmouth"}]}]}},"_links":{"self":[{"href":"https:\/\/www.urlaubcornwall.de\/blog\/wp-json\/wp\/v2\/pages\/46203"}],"collection":[{"href":"https:\/\/www.urlaubcornwall.de\/blog\/wp-json\/wp\/v2\/pages"}],"about":[{"href":"https:\/\/www.urlaubcornwall.de\/blog\/wp-json\/wp\/v2\/types\/page"}],"author":[{"embeddable":true,"href":"https:\/\/www.urlaubcornwall.de\/blog\/wp-json\/wp\/v2\/users\/1"}],"replies":[{"embeddable":true,"href":"https:\/\/www.urlaubcornwall.de\/blog\/wp-json\/wp\/v2\/comments?post=46203"}],"version-history":[{"count":2,"href":"https:\/\/www.urlaubcornwall.de\/blog\/wp-json\/wp\/v2\/pages\/46203\/revisions"}],"predecessor-version":[{"id":46205,"href":"https:\/\/www.urlaubcornwall.de\/blog\/wp-json\/wp\/v2\/pages\/46203\/revisions\/46205"}],"wp:attachment":[{"href":"https:\/\/www.urlaubcornwall.de\/blog\/wp-json\/wp\/v2\/media?parent=46203"}],"curies":[{"name":"wp","href":"https:\/\/api.w.org\/{rel}","templated":true}]}}