{"id":46073,"date":"2023-03-26T15:25:34","date_gmt":"2023-03-26T15:25:34","guid":{"rendered":"https:\/\/www.urlaubcornwall.de\/blog\/?page_id=46073"},"modified":"2024-05-31T09:58:32","modified_gmt":"2024-05-31T09:58:32","slug":"wohin-soll-ich-in-cornwall-zum-ersten-mal-gehen-2","status":"publish","type":"page","link":"https:\/\/www.urlaubcornwall.de\/blog\/wohin-soll-ich-in-cornwall-zum-ersten-mal-gehen-2\/","title":{"rendered":"Wohin soll ich in Cornwall zum ersten Mal gehen?"},"content":{"rendered":"<p><a href=\"https:\/\/www.urlaubcornwall.de\/blog\/wp-content\/uploads\/2024\/02\/gyllyngvase-strand-falmouth.jpg\"><img loading=\"lazy\" src=\"https:\/\/www.urlaubcornwall.de\/blog\/wp-content\/uploads\/2024\/02\/gyllyngvase-strand-falmouth.jpg\" alt=\"gyllyngvase strand falmouth\" width=\"746\" height=\"399\" class=\"alignnone size-full wp-image-47733\" srcset=\"https:\/\/www.urlaubcornwall.de\/blog\/wp-content\/uploads\/2024\/02\/gyllyngvase-strand-falmouth.jpg 746w, https:\/\/www.urlaubcornwall.de\/blog\/wp-content\/uploads\/2024\/02\/gyllyngvase-strand-falmouth-300x160.jpg 300w\" sizes=\"(max-width: 746px) 100vw, 746px\" \/><\/a><\/p>\n<p>Hallo! Du planst also einen <a href=\"https:\/\/www.urlaubcornwall.de\/rundreisen\/cornwall-suedengland.php\">Ausflug nach Cornwall<\/a> und suchst nach ein paar Empfehlungen, wo du als Erstbesucher hingehen solltest. Da kann ich dir helfen, denn <a href=\"https:\/\/www.urlaubcornwall.de\/ferienhaeuser-fewos\/cornwall.html\">Cornwall hat viele tolle Orte<\/a> zu bieten, die deinen Ausflug unvergesslich machen werden. Lass uns gemeinsam ein paar der besten Ziele in Cornwall erkunden.<\/p>\n<p>Als erstes empfehle ich dir <a href=\"https:\/\/www.urlaubcornwall.de\/ferienhaeuser-fewos\/st-ives.html\">St. Ives<\/a>, eine charmante K\u00fcstenstadt, bekannt f\u00fcr ihre atemberaubenden Str\u00e4nde, gepflasterten Stra\u00dfen und lebendige Kunstszene. St. Ives hat eine lange Geschichte von K\u00fcnstlern angezogen aufgrund ihrer einzigartigen Lichtqualit\u00e4t. Du wirst noch immer viele Kunstgalerien und Studios in der Stadt finden. Vergiss nicht, die Tate St. Ives zu besuchen, ein Museum f\u00fcr zeitgen\u00f6ssische Kunst, das Werke von lokalen und internationalen K\u00fcnstlern ausstellt.<\/p>\n<p>Als n\u00e4chstes haben wir das <a href=\"https:\/\/www.urlaubcornwall.de\/ferienhaeuser-fewos\/mousehole.html\">malerische Fischerdorf Mousehole<\/a>. Diese kleine Stadt befindet sich an der S\u00fcdwestk\u00fcste von Cornwall und hat einen wundersch\u00f6nen Hafen, schmale Stra\u00dfen und traditionelle Stein-H\u00e4user. Schlendere am Hafen entlang und genie\u00dfe die Aussicht auf das Meer oder halte in einem der \u00f6rtlichen Caf\u00e9s f\u00fcr eine k\u00f6stliche Cream Tea an.<\/p>\n<p><img loading=\"lazy\" class=\"aligncenter size-full wp-image-39471\" src=\"https:\/\/www.urlaubcornwall.de\/blog\/wp-content\/uploads\/2020\/02\/cape-cornwall_anreise.jpg\" alt=\"cape cornwall_lands end\" width=\"748\" height=\"499\" srcset=\"https:\/\/www.urlaubcornwall.de\/blog\/wp-content\/uploads\/2020\/02\/cape-cornwall_anreise.jpg 748w, https:\/\/www.urlaubcornwall.de\/blog\/wp-content\/uploads\/2020\/02\/cape-cornwall_anreise-300x200.jpg 300w\" sizes=\"(max-width: 748px) 100vw, 748px\" \/><\/p>\n<p>Ein Ausflug nach Cornwall w\u00e4re nicht komplett ohne einen Besuch am ber\u00fchmten <a href=\"https:\/\/www.urlaubcornwall.de\/ferienhaeuser-fewos\/lands-end.html\">Land&#8217;s End<\/a>. Gelegen am s\u00fcdwestlichen Ende Englands, bietet Land&#8217;s End atemberaubende Ausblicke auf den Atlantischen Ozean und die raue K\u00fcstenlinie. Du kannst entlang der Klippen spazieren, das Land&#8217;s End Besucherzentrum besuchen oder sogar einen Hubschrauberflug f\u00fcr eine wirklich unvergessliche Erfahrung unternehmen.<\/p>\n<p><img loading=\"lazy\" class=\"aligncenter size-full wp-image-38636\" src=\"https:\/\/www.urlaubcornwall.de\/blog\/wp-content\/uploads\/2019\/08\/tintagel-bridge.jpg\" alt=\"tintagel bridge\" width=\"750\" height=\"501\" srcset=\"https:\/\/www.urlaubcornwall.de\/blog\/wp-content\/uploads\/2019\/08\/tintagel-bridge.jpg 748w, https:\/\/www.urlaubcornwall.de\/blog\/wp-content\/uploads\/2019\/08\/tintagel-bridge-300x201.jpg 300w\" sizes=\"(max-width: 750px) 100vw, 750px\" \/><\/p>\n<p>Falls du an Geschichte interessiert bist, solltest du unbedingt <a href=\"https:\/\/www.urlaubcornwall.de\/ferienhaeuser-fewos\/tintagel.html\">Tintagel Castle<\/a> besuchen, eine mittelalterliche Festung, die in Legenden und Mythen verstrickt ist. Nach der Legende war Tintagel der Geburtsort von K\u00f6nig Arthur und das Schloss soll der Ort seines Hofes gewesen sein. Heutzutage k\u00f6nnen Besucher die Ruinen des Schlosses erkunden und die atemberaubenden Ausblicke auf die K\u00fcste genie\u00dfen.<\/p>\n<p>Zuletzt haben wir <a href=\"https:\/\/www.urlaubcornwall.de\/ferienhaeuser-fewos\/falmouth.html\">die charmante Stadt Falmouth<\/a>, die an der S\u00fcdk\u00fcste von Cornwall liegt. Falmouth ist bekannt f\u00fcr ihre sch\u00f6nen Str\u00e4nde, Weltklasse-Restaurants und eine lebendige Kunstszene. Spaziere entlang des historischen Hafens der Stadt, besuche das National Maritime Museum Cornwall oder entspanne dich einfach an einem der vielen wundersch\u00f6nen Str\u00e4nde von Falmouth.<\/p>\n<p>Das waren also ein paar der besten Orte, die man in Cornwall besuchen kann. Nat\u00fcrlich gibt es noch viele weitere Ziele zu erkunden, aber diese sind ein gro\u00dfartiger Ausgangspunkt f\u00fcr jeden Erstbesucher. Was auch immer du tust, ich bin mir sicher, dass du eine fantastische Zeit haben wirst, wenn du diese wundersch\u00f6ne und einzigartige Region Englands erkundest.<\/p>\n<p style=\"text-align: center;\"><a class=\"tidycta\" href=\"https:\/\/www.urlaubcornwall.de\/ferienhaeuser-fewos\/cornwall.html\">Suche Ferienh\u00e4user in Cornwall<\/a><\/p>\n","protected":false},"excerpt":{"rendered":"<p>Hallo! Du planst also einen Ausflug nach Cornwall und suchst nach ein paar Empfehlungen, wo du als Erstbesucher hingehen solltest. Da kann ich dir helfen, denn Cornwall hat viele tolle Orte zu bieten, die deinen Ausflug unvergesslich machen werden. Lass uns gemeinsam ein paar der besten Ziele in Cornwall erkunden. Als erstes empfehle ich dir [&hellip;]<\/p>\n","protected":false},"author":1,"featured_media":0,"parent":0,"menu_order":0,"comment_status":"closed","ping_status":"closed","template":"single-four.php","meta":[],"acf":[],"yoast_head":"<!-- This site is optimized with the Yoast SEO plugin v19.4 - https:\/\/yoast.com\/wordpress\/plugins\/seo\/ -->\n<title>Wohin soll ich in Cornwall zum ersten Mal gehen? - Urlaub &amp; Reisen<\/title>\n<meta name=\"description\" content=\"Hallo! Du planst also einen Trip nach Cornwall und suchst nach ein paar Empfehlungen, wo du als Erstbesucher hingehen solltest\" \/>\n<meta name=\"robots\" content=\"index, follow, max-snippet:-1, max-image-preview:large, max-video-preview:-1\" \/>\n<link rel=\"canonical\" href=\"https:\/\/www.urlaubcornwall.de\/blog\/wohin-soll-ich-in-cornwall-zum-ersten-mal-gehen-2\/\" \/>\n<meta property=\"og:locale\" content=\"en_US\" \/>\n<meta property=\"og:type\" content=\"article\" \/>\n<meta property=\"og:title\" content=\"Wohin soll ich in Cornwall zum ersten Mal gehen? - Urlaub &amp; Reisen\" \/>\n<meta property=\"og:description\" content=\"Hallo! Du planst also einen Trip nach Cornwall und suchst nach ein paar Empfehlungen, wo du als Erstbesucher hingehen solltest\" \/>\n<meta property=\"og:url\" content=\"https:\/\/www.urlaubcornwall.de\/blog\/wohin-soll-ich-in-cornwall-zum-ersten-mal-gehen-2\/\" \/>\n<meta property=\"og:site_name\" content=\"Urlaub &amp; Reisen\" \/>\n<meta property=\"article:modified_time\" content=\"2024-05-31T09:58:32+00:00\" \/>\n<meta property=\"og:image\" content=\"https:\/\/www.urlaubcornwall.de\/blog\/wp-content\/uploads\/2024\/02\/gyllyngvase-strand-falmouth.jpg\" \/>\n<meta name=\"twitter:card\" content=\"summary\" \/>\n<meta name=\"twitter:label1\" content=\"Est. reading time\" \/>\n\t<meta name=\"twitter:data1\" content=\"3 minutes\" \/>\n<script type=\"application\/ld+json\" class=\"yoast-schema-graph\">{\"@context\":\"https:\/\/schema.org\",\"@graph\":[{\"@type\":\"WebSite\",\"@id\":\"https:\/\/www.urlaubcornwall.de\/blog\/#website\",\"url\":\"https:\/\/www.urlaubcornwall.de\/blog\/\",\"name\":\"Urlaub &amp; Reisen\",\"description\":\"Urlaub, Reisen, Cornwall und S\u00fcdengland: eine perfekte Kombination\",\"potentialAction\":[{\"@type\":\"SearchAction\",\"target\":{\"@type\":\"EntryPoint\",\"urlTemplate\":\"https:\/\/www.urlaubcornwall.de\/blog\/?s={search_term_string}\"},\"query-input\":\"required name=search_term_string\"}],\"inLanguage\":\"en-US\"},{\"@type\":\"WebPage\",\"@id\":\"https:\/\/www.urlaubcornwall.de\/blog\/wohin-soll-ich-in-cornwall-zum-ersten-mal-gehen-2\/\",\"url\":\"https:\/\/www.urlaubcornwall.de\/blog\/wohin-soll-ich-in-cornwall-zum-ersten-mal-gehen-2\/\",\"name\":\"Wohin soll ich in Cornwall zum ersten Mal gehen? - Urlaub &amp; Reisen\",\"isPartOf\":{\"@id\":\"https:\/\/www.urlaubcornwall.de\/blog\/#website\"},\"datePublished\":\"2023-03-26T15:25:34+00:00\",\"dateModified\":\"2024-05-31T09:58:32+00:00\",\"description\":\"Hallo! Du planst also einen Trip nach Cornwall und suchst nach ein paar Empfehlungen, wo du als Erstbesucher hingehen solltest\",\"breadcrumb\":{\"@id\":\"https:\/\/www.urlaubcornwall.de\/blog\/wohin-soll-ich-in-cornwall-zum-ersten-mal-gehen-2\/#breadcrumb\"},\"inLanguage\":\"en-US\",\"potentialAction\":[{\"@type\":\"ReadAction\",\"target\":[\"https:\/\/www.urlaubcornwall.de\/blog\/wohin-soll-ich-in-cornwall-zum-ersten-mal-gehen-2\/\"]}]},{\"@type\":\"BreadcrumbList\",\"@id\":\"https:\/\/www.urlaubcornwall.de\/blog\/wohin-soll-ich-in-cornwall-zum-ersten-mal-gehen-2\/#breadcrumb\",\"itemListElement\":[{\"@type\":\"ListItem\",\"position\":1,\"name\":\"Home\",\"item\":\"https:\/\/www.urlaubcornwall.de\/blog\/\"},{\"@type\":\"ListItem\",\"position\":2,\"name\":\"Wohin soll ich in Cornwall zum ersten Mal gehen?\"}]}]}<\/script>\n<!-- \/ Yoast SEO plugin. -->","yoast_head_json":{"title":"Wohin soll ich in Cornwall zum ersten Mal gehen? - Urlaub &amp; Reisen","description":"Hallo! Du planst also einen Trip nach Cornwall und suchst nach ein paar Empfehlungen, wo du als Erstbesucher hingehen solltest","robots":{"index":"index","follow":"follow","max-snippet":"max-snippet:-1","max-image-preview":"max-image-preview:large","max-video-preview":"max-video-preview:-1"},"canonical":"https:\/\/www.urlaubcornwall.de\/blog\/wohin-soll-ich-in-cornwall-zum-ersten-mal-gehen-2\/","og_locale":"en_US","og_type":"article","og_title":"Wohin soll ich in Cornwall zum ersten Mal gehen? - Urlaub &amp; Reisen","og_description":"Hallo! Du planst also einen Trip nach Cornwall und suchst nach ein paar Empfehlungen, wo du als Erstbesucher hingehen solltest","og_url":"https:\/\/www.urlaubcornwall.de\/blog\/wohin-soll-ich-in-cornwall-zum-ersten-mal-gehen-2\/","og_site_name":"Urlaub &amp; Reisen","article_modified_time":"2024-05-31T09:58:32+00:00","og_image":[{"url":"https:\/\/www.urlaubcornwall.de\/blog\/wp-content\/uploads\/2024\/02\/gyllyngvase-strand-falmouth.jpg"}],"twitter_card":"summary","twitter_misc":{"Est. reading time":"3 minutes"},"schema":{"@context":"https:\/\/schema.org","@graph":[{"@type":"WebSite","@id":"https:\/\/www.urlaubcornwall.de\/blog\/#website","url":"https:\/\/www.urlaubcornwall.de\/blog\/","name":"Urlaub &amp; Reisen","description":"Urlaub, Reisen, Cornwall und S\u00fcdengland: eine perfekte Kombination","potentialAction":[{"@type":"SearchAction","target":{"@type":"EntryPoint","urlTemplate":"https:\/\/www.urlaubcornwall.de\/blog\/?s={search_term_string}"},"query-input":"required name=search_term_string"}],"inLanguage":"en-US"},{"@type":"WebPage","@id":"https:\/\/www.urlaubcornwall.de\/blog\/wohin-soll-ich-in-cornwall-zum-ersten-mal-gehen-2\/","url":"https:\/\/www.urlaubcornwall.de\/blog\/wohin-soll-ich-in-cornwall-zum-ersten-mal-gehen-2\/","name":"Wohin soll ich in Cornwall zum ersten Mal gehen? - Urlaub &amp; Reisen","isPartOf":{"@id":"https:\/\/www.urlaubcornwall.de\/blog\/#website"},"datePublished":"2023-03-26T15:25:34+00:00","dateModified":"2024-05-31T09:58:32+00:00","description":"Hallo! Du planst also einen Trip nach Cornwall und suchst nach ein paar Empfehlungen, wo du als Erstbesucher hingehen solltest","breadcrumb":{"@id":"https:\/\/www.urlaubcornwall.de\/blog\/wohin-soll-ich-in-cornwall-zum-ersten-mal-gehen-2\/#breadcrumb"},"inLanguage":"en-US","potentialAction":[{"@type":"ReadAction","target":["https:\/\/www.urlaubcornwall.de\/blog\/wohin-soll-ich-in-cornwall-zum-ersten-mal-gehen-2\/"]}]},{"@type":"BreadcrumbList","@id":"https:\/\/www.urlaubcornwall.de\/blog\/wohin-soll-ich-in-cornwall-zum-ersten-mal-gehen-2\/#breadcrumb","itemListElement":[{"@type":"ListItem","position":1,"name":"Home","item":"https:\/\/www.urlaubcornwall.de\/blog\/"},{"@type":"ListItem","position":2,"name":"Wohin soll ich in Cornwall zum ersten Mal gehen?"}]}]}},"_links":{"self":[{"href":"https:\/\/www.urlaubcornwall.de\/blog\/wp-json\/wp\/v2\/pages\/46073"}],"collection":[{"href":"https:\/\/www.urlaubcornwall.de\/blog\/wp-json\/wp\/v2\/pages"}],"about":[{"href":"https:\/\/www.urlaubcornwall.de\/blog\/wp-json\/wp\/v2\/types\/page"}],"author":[{"embeddable":true,"href":"https:\/\/www.urlaubcornwall.de\/blog\/wp-json\/wp\/v2\/users\/1"}],"replies":[{"embeddable":true,"href":"https:\/\/www.urlaubcornwall.de\/blog\/wp-json\/wp\/v2\/comments?post=46073"}],"version-history":[{"count":4,"href":"https:\/\/www.urlaubcornwall.de\/blog\/wp-json\/wp\/v2\/pages\/46073\/revisions"}],"predecessor-version":[{"id":51297,"href":"https:\/\/www.urlaubcornwall.de\/blog\/wp-json\/wp\/v2\/pages\/46073\/revisions\/51297"}],"wp:attachment":[{"href":"https:\/\/www.urlaubcornwall.de\/blog\/wp-json\/wp\/v2\/media?parent=46073"}],"curies":[{"name":"wp","href":"https:\/\/api.w.org\/{rel}","templated":true}]}}