{"id":46055,"date":"2023-03-23T16:31:55","date_gmt":"2023-03-23T16:31:55","guid":{"rendered":"https:\/\/www.urlaubcornwall.de\/blog\/?page_id=46055"},"modified":"2024-04-29T15:48:16","modified_gmt":"2024-04-29T15:48:16","slug":"was-ist-die-geschichte-der-fruehen-telekommunikation-in-cornwall","status":"publish","type":"page","link":"https:\/\/www.urlaubcornwall.de\/blog\/was-ist-die-geschichte-der-fruehen-telekommunikation-in-cornwall\/","title":{"rendered":"Was ist die Geschichte der fr\u00fchen Telekommunikation in Cornwall?"},"content":{"rendered":"<p><img loading=\"lazy\" class=\"aligncenter size-full wp-image-47900\" src=\"https:\/\/www.urlaubcornwall.de\/blog\/wp-content\/uploads\/2024\/03\/lizard.jpg\" alt=\"lizard kynance\" width=\"750\" height=\"563\" srcset=\"https:\/\/www.urlaubcornwall.de\/blog\/wp-content\/uploads\/2024\/03\/lizard.jpg 750w, https:\/\/www.urlaubcornwall.de\/blog\/wp-content\/uploads\/2024\/03\/lizard-300x225.jpg 300w\" sizes=\"(max-width: 750px) 100vw, 750px\" \/><\/p>\n<p>Cornwall hat eine reiche Geschichte der Telekommunikation, die bis in das 19. Jahrhundert zur\u00fcckreicht. Einer der bekanntesten Aspekte dieser Geschichte ist die Entwicklung des weltweit ersten Unterwasserkabels, das zwischen <a href=\"https:\/\/www.urlaubcornwall.de\/ferienhaeuser-fewos\/porthcurno.html\">Porthcurno<\/a> in Cornwall und Karlsruhe in Deutschland verlegt wurde.<\/p>\n<p>Im Jahr 1870 wurde die &#8220;Falmouth Gibraltar and Malta Telegraph Company&#8221; gegr\u00fcndet, um ein Telegrafenkabel von Gro\u00dfbritannien nach Gibraltar und Malta zu verlegen. Die Firma w\u00e4hlte Porthcurno als Standort f\u00fcr ihre Anlagen aufgrund seiner gesch\u00fctzten Bucht und der N\u00e4he zu den wichtigen Handelsrouten in Europa und im Mittelmeerraum. Das Kabel wurde 1872 verlegt und war das erste Kabel, das eine direkte Verbindung zwischen Gro\u00dfbritannien und den L\u00e4ndern des Mittelmeerraums herstellte.<\/p>\n<p>Porthcurno wurde auch zum Standort des weltweit ersten Unterwasserkabels, das den Atlantik \u00fcberquerte. Im Jahr 1870 schlossen sich die &#8220;Direct United States Cable Company&#8221; und die &#8220;Gibraltar and Malta Telegraph Company&#8221; zusammen, um das Kabel zu verlegen. Das Kabel wurde 1873 verlegt und erm\u00f6glichte es erstmals, Nachrichten zwischen Nordamerika und Europa in Echtzeit zu \u00fcbertragen.<\/p>\n<p>In den folgenden Jahren wurden weitere Kabel verlegt, die die Telekommunikationsverbindungen zwischen Europa und anderen Teilen der Welt verbesserten. Porthcurno blieb ein wichtiger Standort f\u00fcr diese Kabel, und es wurde ein gro\u00dfer Komplex von Geb\u00e4uden errichtet, um sie zu betreiben und zu warten. Der Ort wurde als &#8220;Telegraph Valley&#8221; bekannt und blieb bis in die 1970er Jahre in Betrieb.<\/p>\n<p>Heute ist Porthcurno Teil des &#8220;Telegraph Museum Porthcurno&#8221;, das die Geschichte der Telekommunikation in Cornwall und weltweit pr\u00e4sentiert.<\/p>\n<p>Wir sind https:\/\/www.urlaubcornwall.de\/massgeschneiderte-gruppenreisen-und-touren.php &#8211; was auch immer Sie interessiert, wir k\u00f6nnen eine ma\u00dfgeschneiderte Reiseroute zusammenstellen, einschlie\u00dflich Hotelunterk\u00fcnften und deutschsprachigen lokalen Reiseleitern.<\/p>\n<p style=\"text-align: center;\"><a class=\"tidycta\" href=\"https:\/\/www.urlaubcornwall.de\/gruppenanfrage.php\">Anfrage<\/a><\/p>\n","protected":false},"excerpt":{"rendered":"<p>Cornwall hat eine reiche Geschichte der Telekommunikation, die bis in das 19. Jahrhundert zur\u00fcckreicht. Einer der bekanntesten Aspekte dieser Geschichte ist die Entwicklung des weltweit ersten Unterwasserkabels, das zwischen Porthcurno in Cornwall und Karlsruhe in Deutschland verlegt wurde. Im Jahr 1870 wurde die &#8220;Falmouth Gibraltar and Malta Telegraph Company&#8221; gegr\u00fcndet, um ein Telegrafenkabel von Gro\u00dfbritannien [&hellip;]<\/p>\n","protected":false},"author":1,"featured_media":0,"parent":0,"menu_order":0,"comment_status":"closed","ping_status":"closed","template":"single-four.php","meta":[],"acf":[],"yoast_head":"<!-- This site is optimized with the Yoast SEO plugin v19.4 - https:\/\/yoast.com\/wordpress\/plugins\/seo\/ -->\n<title>Was ist die Geschichte der fr\u00fchen Telekommunikation in Cornwall? - Urlaub &amp; Reisen<\/title>\n<meta name=\"description\" content=\"Cornwall hat eine reiche Geschichte der Telekommunikation, die bis in das 19. Jahrhundert zur\u00fcckreicht\" \/>\n<meta name=\"robots\" content=\"index, follow, max-snippet:-1, max-image-preview:large, max-video-preview:-1\" \/>\n<link rel=\"canonical\" href=\"https:\/\/www.urlaubcornwall.de\/blog\/was-ist-die-geschichte-der-fruehen-telekommunikation-in-cornwall\/\" \/>\n<meta property=\"og:locale\" content=\"en_US\" \/>\n<meta property=\"og:type\" content=\"article\" \/>\n<meta property=\"og:title\" content=\"Was ist die Geschichte der fr\u00fchen Telekommunikation in Cornwall? - Urlaub &amp; Reisen\" \/>\n<meta property=\"og:description\" content=\"Cornwall hat eine reiche Geschichte der Telekommunikation, die bis in das 19. Jahrhundert zur\u00fcckreicht\" \/>\n<meta property=\"og:url\" content=\"https:\/\/www.urlaubcornwall.de\/blog\/was-ist-die-geschichte-der-fruehen-telekommunikation-in-cornwall\/\" \/>\n<meta property=\"og:site_name\" content=\"Urlaub &amp; Reisen\" \/>\n<meta property=\"article:modified_time\" content=\"2024-04-29T15:48:16+00:00\" \/>\n<meta property=\"og:image\" content=\"https:\/\/www.urlaubcornwall.de\/blog\/wp-content\/uploads\/2024\/03\/lizard.jpg\" \/>\n<meta name=\"twitter:card\" content=\"summary\" \/>\n<meta name=\"twitter:label1\" content=\"Est. reading time\" \/>\n\t<meta name=\"twitter:data1\" content=\"2 minutes\" \/>\n<script type=\"application\/ld+json\" class=\"yoast-schema-graph\">{\"@context\":\"https:\/\/schema.org\",\"@graph\":[{\"@type\":\"WebSite\",\"@id\":\"https:\/\/www.urlaubcornwall.de\/blog\/#website\",\"url\":\"https:\/\/www.urlaubcornwall.de\/blog\/\",\"name\":\"Urlaub &amp; Reisen\",\"description\":\"Urlaub, Reisen, Cornwall und S\u00fcdengland: eine perfekte Kombination\",\"potentialAction\":[{\"@type\":\"SearchAction\",\"target\":{\"@type\":\"EntryPoint\",\"urlTemplate\":\"https:\/\/www.urlaubcornwall.de\/blog\/?s={search_term_string}\"},\"query-input\":\"required name=search_term_string\"}],\"inLanguage\":\"en-US\"},{\"@type\":\"WebPage\",\"@id\":\"https:\/\/www.urlaubcornwall.de\/blog\/was-ist-die-geschichte-der-fruehen-telekommunikation-in-cornwall\/\",\"url\":\"https:\/\/www.urlaubcornwall.de\/blog\/was-ist-die-geschichte-der-fruehen-telekommunikation-in-cornwall\/\",\"name\":\"Was ist die Geschichte der fr\u00fchen Telekommunikation in Cornwall? - Urlaub &amp; Reisen\",\"isPartOf\":{\"@id\":\"https:\/\/www.urlaubcornwall.de\/blog\/#website\"},\"datePublished\":\"2023-03-23T16:31:55+00:00\",\"dateModified\":\"2024-04-29T15:48:16+00:00\",\"description\":\"Cornwall hat eine reiche Geschichte der Telekommunikation, die bis in das 19. Jahrhundert zur\u00fcckreicht\",\"breadcrumb\":{\"@id\":\"https:\/\/www.urlaubcornwall.de\/blog\/was-ist-die-geschichte-der-fruehen-telekommunikation-in-cornwall\/#breadcrumb\"},\"inLanguage\":\"en-US\",\"potentialAction\":[{\"@type\":\"ReadAction\",\"target\":[\"https:\/\/www.urlaubcornwall.de\/blog\/was-ist-die-geschichte-der-fruehen-telekommunikation-in-cornwall\/\"]}]},{\"@type\":\"BreadcrumbList\",\"@id\":\"https:\/\/www.urlaubcornwall.de\/blog\/was-ist-die-geschichte-der-fruehen-telekommunikation-in-cornwall\/#breadcrumb\",\"itemListElement\":[{\"@type\":\"ListItem\",\"position\":1,\"name\":\"Home\",\"item\":\"https:\/\/www.urlaubcornwall.de\/blog\/\"},{\"@type\":\"ListItem\",\"position\":2,\"name\":\"Was ist die Geschichte der fr\u00fchen Telekommunikation in Cornwall?\"}]}]}<\/script>\n<!-- \/ Yoast SEO plugin. -->","yoast_head_json":{"title":"Was ist die Geschichte der fr\u00fchen Telekommunikation in Cornwall? - Urlaub &amp; Reisen","description":"Cornwall hat eine reiche Geschichte der Telekommunikation, die bis in das 19. Jahrhundert zur\u00fcckreicht","robots":{"index":"index","follow":"follow","max-snippet":"max-snippet:-1","max-image-preview":"max-image-preview:large","max-video-preview":"max-video-preview:-1"},"canonical":"https:\/\/www.urlaubcornwall.de\/blog\/was-ist-die-geschichte-der-fruehen-telekommunikation-in-cornwall\/","og_locale":"en_US","og_type":"article","og_title":"Was ist die Geschichte der fr\u00fchen Telekommunikation in Cornwall? - Urlaub &amp; Reisen","og_description":"Cornwall hat eine reiche Geschichte der Telekommunikation, die bis in das 19. Jahrhundert zur\u00fcckreicht","og_url":"https:\/\/www.urlaubcornwall.de\/blog\/was-ist-die-geschichte-der-fruehen-telekommunikation-in-cornwall\/","og_site_name":"Urlaub &amp; Reisen","article_modified_time":"2024-04-29T15:48:16+00:00","og_image":[{"url":"https:\/\/www.urlaubcornwall.de\/blog\/wp-content\/uploads\/2024\/03\/lizard.jpg"}],"twitter_card":"summary","twitter_misc":{"Est. reading time":"2 minutes"},"schema":{"@context":"https:\/\/schema.org","@graph":[{"@type":"WebSite","@id":"https:\/\/www.urlaubcornwall.de\/blog\/#website","url":"https:\/\/www.urlaubcornwall.de\/blog\/","name":"Urlaub &amp; Reisen","description":"Urlaub, Reisen, Cornwall und S\u00fcdengland: eine perfekte Kombination","potentialAction":[{"@type":"SearchAction","target":{"@type":"EntryPoint","urlTemplate":"https:\/\/www.urlaubcornwall.de\/blog\/?s={search_term_string}"},"query-input":"required name=search_term_string"}],"inLanguage":"en-US"},{"@type":"WebPage","@id":"https:\/\/www.urlaubcornwall.de\/blog\/was-ist-die-geschichte-der-fruehen-telekommunikation-in-cornwall\/","url":"https:\/\/www.urlaubcornwall.de\/blog\/was-ist-die-geschichte-der-fruehen-telekommunikation-in-cornwall\/","name":"Was ist die Geschichte der fr\u00fchen Telekommunikation in Cornwall? - Urlaub &amp; Reisen","isPartOf":{"@id":"https:\/\/www.urlaubcornwall.de\/blog\/#website"},"datePublished":"2023-03-23T16:31:55+00:00","dateModified":"2024-04-29T15:48:16+00:00","description":"Cornwall hat eine reiche Geschichte der Telekommunikation, die bis in das 19. Jahrhundert zur\u00fcckreicht","breadcrumb":{"@id":"https:\/\/www.urlaubcornwall.de\/blog\/was-ist-die-geschichte-der-fruehen-telekommunikation-in-cornwall\/#breadcrumb"},"inLanguage":"en-US","potentialAction":[{"@type":"ReadAction","target":["https:\/\/www.urlaubcornwall.de\/blog\/was-ist-die-geschichte-der-fruehen-telekommunikation-in-cornwall\/"]}]},{"@type":"BreadcrumbList","@id":"https:\/\/www.urlaubcornwall.de\/blog\/was-ist-die-geschichte-der-fruehen-telekommunikation-in-cornwall\/#breadcrumb","itemListElement":[{"@type":"ListItem","position":1,"name":"Home","item":"https:\/\/www.urlaubcornwall.de\/blog\/"},{"@type":"ListItem","position":2,"name":"Was ist die Geschichte der fr\u00fchen Telekommunikation in Cornwall?"}]}]}},"_links":{"self":[{"href":"https:\/\/www.urlaubcornwall.de\/blog\/wp-json\/wp\/v2\/pages\/46055"}],"collection":[{"href":"https:\/\/www.urlaubcornwall.de\/blog\/wp-json\/wp\/v2\/pages"}],"about":[{"href":"https:\/\/www.urlaubcornwall.de\/blog\/wp-json\/wp\/v2\/types\/page"}],"author":[{"embeddable":true,"href":"https:\/\/www.urlaubcornwall.de\/blog\/wp-json\/wp\/v2\/users\/1"}],"replies":[{"embeddable":true,"href":"https:\/\/www.urlaubcornwall.de\/blog\/wp-json\/wp\/v2\/comments?post=46055"}],"version-history":[{"count":3,"href":"https:\/\/www.urlaubcornwall.de\/blog\/wp-json\/wp\/v2\/pages\/46055\/revisions"}],"predecessor-version":[{"id":49922,"href":"https:\/\/www.urlaubcornwall.de\/blog\/wp-json\/wp\/v2\/pages\/46055\/revisions\/49922"}],"wp:attachment":[{"href":"https:\/\/www.urlaubcornwall.de\/blog\/wp-json\/wp\/v2\/media?parent=46055"}],"curies":[{"name":"wp","href":"https:\/\/api.w.org\/{rel}","templated":true}]}}