{"id":46023,"date":"2023-03-17T12:24:20","date_gmt":"2023-03-17T12:24:20","guid":{"rendered":"https:\/\/www.urlaubcornwall.de\/blog\/?page_id=46023"},"modified":"2024-04-12T12:18:30","modified_gmt":"2024-04-12T12:18:30","slug":"was-ist-schoener-eastbourne-oder-brighton","status":"publish","type":"page","link":"https:\/\/www.urlaubcornwall.de\/blog\/was-ist-schoener-eastbourne-oder-brighton\/","title":{"rendered":"Was ist sch\u00f6ner Eastbourne oder Brighton?"},"content":{"rendered":"<p><img loading=\"lazy\" class=\"aligncenter size-full wp-image-33960\" src=\"https:\/\/www.urlaubcornwall.de\/blog\/wp-content\/uploads\/2018\/07\/urlaub-brighton-am-meer.jpg\" alt=\"urlaub Brighton am meer\" width=\"750\" height=\"390\"\/><\/p>\n<p>Beide <a href=\"https:\/\/www.urlaubcornwall.de\/ferienhaeuser-fewos\/eng\/sussex\/eastbourne.html\">Eastbourne<\/a> und <a href=\"https:\/\/www.urlaubcornwall.de\/ferienhaeuser-fewos\/eng\/sussex\/brighton.html\">Brighton<\/a> haben ihre eigenen besonderen Merkmale und k\u00f6nnen auf ihre eigene Art und Weise sch\u00f6n sein. Welche Stadt sch\u00f6ner ist, h\u00e4ngt auch von den pers\u00f6nlichen Vorlieben ab. Hier sind jedoch einige Unterschiede zwischen den beiden St\u00e4dten:<\/p>\n<p>Brighton ist eine gr\u00f6\u00dfere Stadt als Eastbourne und hat eine lebendige Atmosph\u00e4re mit vielen Veranstaltungen und Aktivit\u00e4ten. Brighton hat auch einen gr\u00f6\u00dferen Strand und eine gr\u00f6\u00dfere Auswahl an Restaurants, Bars und Gesch\u00e4ften. Die Stadt hat auch eine reiche Geschichte und Kultur, die besichtigt werden k\u00f6nnen, einschlie\u00dflich des Royal Pavilions und des Brighton Museums.<\/p>\n<p><img loading=\"lazy\" class=\"aligncenter size-full wp-image-48002\" src=\"https:\/\/www.urlaubcornwall.de\/blog\/wp-content\/uploads\/2024\/03\/beachy-head.jpg\" alt=\"beachy head\" width=\"750\" height=\"500\" srcset=\"https:\/\/www.urlaubcornwall.de\/blog\/wp-content\/uploads\/2024\/03\/beachy-head.jpg 750w, https:\/\/www.urlaubcornwall.de\/blog\/wp-content\/uploads\/2024\/03\/beachy-head-300x200.jpg 300w\" sizes=\"(max-width: 750px) 100vw, 750px\" \/><\/p>\n<p>Eastbourne ist eine kleinere Stadt als Brighton und hat eine entspanntere Atmosph\u00e4re. Es hat auch einen sch\u00f6nen Strand, aber es ist weniger belebt als der in Brighton. Die Stadt hat auch eine sch\u00f6ne Promenade, eine malerische Altstadt und viele G\u00e4rten und Parks, darunter den ber\u00fchmten Beachy Head.<\/p>\n<p>Letztendlich h\u00e4ngt es davon ab, was man sucht. Wenn Sie eine lebhafte Stadt mit vielen Aktivit\u00e4ten und Attraktionen suchen, k\u00f6nnte Brighton die bessere Wahl sein. Wenn Sie jedoch eine ruhigere Stadt mit vielen Parks und G\u00e4rten suchen, k\u00f6nnte Eastbourne besser passen.<\/p>\n<p><strong>Alternativen zu einem Hotel<\/strong> &#8211; Es gibt in <a href=\"https:\/\/www.urlaubcornwall.de\/ferienhaeuser-fewos\/eng\/sussex\/brighton.html\">Brighton<\/a> &#038; <a href=\"https:\/\/www.urlaubcornwall.de\/ferienhaeuser-fewos\/eng\/sussex\/eastbourne.html\">Eastbourne<\/a> viele wundersch\u00f6ne Ferienh\u00e4user &#038; Ferienwohnungen, die anstelle eines Hotels eine perfekte Option f\u00fcr Familien und Paare darstellen. Sie bieten flexible Unterkunft und darunter finden Sie viele tierfreundliche H\u00e4user in den beliebtesten Urlaubsorten.<\/p>\n<p>Wir haben die beste Auswahl an <a href=\"https:\/\/www.urlaubcornwall.de\/ferienhaeuser\/suedengland.php\">pers\u00f6nlich inspizierten Ferienh\u00e4usern im Angebot<\/a>.<\/p>\n","protected":false},"excerpt":{"rendered":"<p>Beide Eastbourne und Brighton haben ihre eigenen besonderen Merkmale und k\u00f6nnen auf ihre eigene Art und Weise sch\u00f6n sein. Welche Stadt sch\u00f6ner ist, h\u00e4ngt auch von den pers\u00f6nlichen Vorlieben ab. Hier sind jedoch einige Unterschiede zwischen den beiden St\u00e4dten: Brighton ist eine gr\u00f6\u00dfere Stadt als Eastbourne und hat eine lebendige Atmosph\u00e4re mit vielen Veranstaltungen und [&hellip;]<\/p>\n","protected":false},"author":1,"featured_media":0,"parent":0,"menu_order":0,"comment_status":"closed","ping_status":"closed","template":"single-four.php","meta":[],"acf":[],"yoast_head":"<!-- This site is optimized with the Yoast SEO plugin v19.4 - https:\/\/yoast.com\/wordpress\/plugins\/seo\/ -->\n<title>Was ist sch\u00f6ner Eastbourne oder Brighton? - Urlaub &amp; Reisen<\/title>\n<meta name=\"description\" content=\"Beide Eastbourne und Brighton haben ihre eigenen besonderen Merkmale und k\u00f6nnen auf ihre eigene Art und Weise sch\u00f6n sein\" \/>\n<meta name=\"robots\" content=\"index, follow, max-snippet:-1, max-image-preview:large, max-video-preview:-1\" \/>\n<link rel=\"canonical\" href=\"https:\/\/www.urlaubcornwall.de\/blog\/was-ist-schoener-eastbourne-oder-brighton\/\" \/>\n<meta property=\"og:locale\" content=\"en_US\" \/>\n<meta property=\"og:type\" content=\"article\" \/>\n<meta property=\"og:title\" content=\"Was ist sch\u00f6ner Eastbourne oder Brighton? - Urlaub &amp; Reisen\" \/>\n<meta property=\"og:description\" content=\"Beide Eastbourne und Brighton haben ihre eigenen besonderen Merkmale und k\u00f6nnen auf ihre eigene Art und Weise sch\u00f6n sein\" \/>\n<meta property=\"og:url\" content=\"https:\/\/www.urlaubcornwall.de\/blog\/was-ist-schoener-eastbourne-oder-brighton\/\" \/>\n<meta property=\"og:site_name\" content=\"Urlaub &amp; Reisen\" \/>\n<meta property=\"article:modified_time\" content=\"2024-04-12T12:18:30+00:00\" \/>\n<meta property=\"og:image\" content=\"https:\/\/www.urlaubcornwall.de\/blog\/wp-content\/uploads\/2018\/07\/urlaub-brighton-am-meer.jpg\" \/>\n<meta name=\"twitter:card\" content=\"summary\" \/>\n<meta name=\"twitter:label1\" content=\"Est. reading time\" \/>\n\t<meta name=\"twitter:data1\" content=\"2 minutes\" \/>\n<script type=\"application\/ld+json\" class=\"yoast-schema-graph\">{\"@context\":\"https:\/\/schema.org\",\"@graph\":[{\"@type\":\"WebSite\",\"@id\":\"https:\/\/www.urlaubcornwall.de\/blog\/#website\",\"url\":\"https:\/\/www.urlaubcornwall.de\/blog\/\",\"name\":\"Urlaub &amp; Reisen\",\"description\":\"Urlaub, Reisen, Cornwall und S\u00fcdengland: eine perfekte Kombination\",\"potentialAction\":[{\"@type\":\"SearchAction\",\"target\":{\"@type\":\"EntryPoint\",\"urlTemplate\":\"https:\/\/www.urlaubcornwall.de\/blog\/?s={search_term_string}\"},\"query-input\":\"required name=search_term_string\"}],\"inLanguage\":\"en-US\"},{\"@type\":\"WebPage\",\"@id\":\"https:\/\/www.urlaubcornwall.de\/blog\/was-ist-schoener-eastbourne-oder-brighton\/\",\"url\":\"https:\/\/www.urlaubcornwall.de\/blog\/was-ist-schoener-eastbourne-oder-brighton\/\",\"name\":\"Was ist sch\u00f6ner Eastbourne oder Brighton? - Urlaub &amp; Reisen\",\"isPartOf\":{\"@id\":\"https:\/\/www.urlaubcornwall.de\/blog\/#website\"},\"datePublished\":\"2023-03-17T12:24:20+00:00\",\"dateModified\":\"2024-04-12T12:18:30+00:00\",\"description\":\"Beide Eastbourne und Brighton haben ihre eigenen besonderen Merkmale und k\u00f6nnen auf ihre eigene Art und Weise sch\u00f6n sein\",\"breadcrumb\":{\"@id\":\"https:\/\/www.urlaubcornwall.de\/blog\/was-ist-schoener-eastbourne-oder-brighton\/#breadcrumb\"},\"inLanguage\":\"en-US\",\"potentialAction\":[{\"@type\":\"ReadAction\",\"target\":[\"https:\/\/www.urlaubcornwall.de\/blog\/was-ist-schoener-eastbourne-oder-brighton\/\"]}]},{\"@type\":\"BreadcrumbList\",\"@id\":\"https:\/\/www.urlaubcornwall.de\/blog\/was-ist-schoener-eastbourne-oder-brighton\/#breadcrumb\",\"itemListElement\":[{\"@type\":\"ListItem\",\"position\":1,\"name\":\"Home\",\"item\":\"https:\/\/www.urlaubcornwall.de\/blog\/\"},{\"@type\":\"ListItem\",\"position\":2,\"name\":\"Was ist sch\u00f6ner Eastbourne oder Brighton?\"}]}]}<\/script>\n<!-- \/ Yoast SEO plugin. -->","yoast_head_json":{"title":"Was ist sch\u00f6ner Eastbourne oder Brighton? - Urlaub &amp; Reisen","description":"Beide Eastbourne und Brighton haben ihre eigenen besonderen Merkmale und k\u00f6nnen auf ihre eigene Art und Weise sch\u00f6n sein","robots":{"index":"index","follow":"follow","max-snippet":"max-snippet:-1","max-image-preview":"max-image-preview:large","max-video-preview":"max-video-preview:-1"},"canonical":"https:\/\/www.urlaubcornwall.de\/blog\/was-ist-schoener-eastbourne-oder-brighton\/","og_locale":"en_US","og_type":"article","og_title":"Was ist sch\u00f6ner Eastbourne oder Brighton? - Urlaub &amp; Reisen","og_description":"Beide Eastbourne und Brighton haben ihre eigenen besonderen Merkmale und k\u00f6nnen auf ihre eigene Art und Weise sch\u00f6n sein","og_url":"https:\/\/www.urlaubcornwall.de\/blog\/was-ist-schoener-eastbourne-oder-brighton\/","og_site_name":"Urlaub &amp; Reisen","article_modified_time":"2024-04-12T12:18:30+00:00","og_image":[{"url":"https:\/\/www.urlaubcornwall.de\/blog\/wp-content\/uploads\/2018\/07\/urlaub-brighton-am-meer.jpg"}],"twitter_card":"summary","twitter_misc":{"Est. reading time":"2 minutes"},"schema":{"@context":"https:\/\/schema.org","@graph":[{"@type":"WebSite","@id":"https:\/\/www.urlaubcornwall.de\/blog\/#website","url":"https:\/\/www.urlaubcornwall.de\/blog\/","name":"Urlaub &amp; Reisen","description":"Urlaub, Reisen, Cornwall und S\u00fcdengland: eine perfekte Kombination","potentialAction":[{"@type":"SearchAction","target":{"@type":"EntryPoint","urlTemplate":"https:\/\/www.urlaubcornwall.de\/blog\/?s={search_term_string}"},"query-input":"required name=search_term_string"}],"inLanguage":"en-US"},{"@type":"WebPage","@id":"https:\/\/www.urlaubcornwall.de\/blog\/was-ist-schoener-eastbourne-oder-brighton\/","url":"https:\/\/www.urlaubcornwall.de\/blog\/was-ist-schoener-eastbourne-oder-brighton\/","name":"Was ist sch\u00f6ner Eastbourne oder Brighton? - Urlaub &amp; Reisen","isPartOf":{"@id":"https:\/\/www.urlaubcornwall.de\/blog\/#website"},"datePublished":"2023-03-17T12:24:20+00:00","dateModified":"2024-04-12T12:18:30+00:00","description":"Beide Eastbourne und Brighton haben ihre eigenen besonderen Merkmale und k\u00f6nnen auf ihre eigene Art und Weise sch\u00f6n sein","breadcrumb":{"@id":"https:\/\/www.urlaubcornwall.de\/blog\/was-ist-schoener-eastbourne-oder-brighton\/#breadcrumb"},"inLanguage":"en-US","potentialAction":[{"@type":"ReadAction","target":["https:\/\/www.urlaubcornwall.de\/blog\/was-ist-schoener-eastbourne-oder-brighton\/"]}]},{"@type":"BreadcrumbList","@id":"https:\/\/www.urlaubcornwall.de\/blog\/was-ist-schoener-eastbourne-oder-brighton\/#breadcrumb","itemListElement":[{"@type":"ListItem","position":1,"name":"Home","item":"https:\/\/www.urlaubcornwall.de\/blog\/"},{"@type":"ListItem","position":2,"name":"Was ist sch\u00f6ner Eastbourne oder Brighton?"}]}]}},"_links":{"self":[{"href":"https:\/\/www.urlaubcornwall.de\/blog\/wp-json\/wp\/v2\/pages\/46023"}],"collection":[{"href":"https:\/\/www.urlaubcornwall.de\/blog\/wp-json\/wp\/v2\/pages"}],"about":[{"href":"https:\/\/www.urlaubcornwall.de\/blog\/wp-json\/wp\/v2\/types\/page"}],"author":[{"embeddable":true,"href":"https:\/\/www.urlaubcornwall.de\/blog\/wp-json\/wp\/v2\/users\/1"}],"replies":[{"embeddable":true,"href":"https:\/\/www.urlaubcornwall.de\/blog\/wp-json\/wp\/v2\/comments?post=46023"}],"version-history":[{"count":2,"href":"https:\/\/www.urlaubcornwall.de\/blog\/wp-json\/wp\/v2\/pages\/46023\/revisions"}],"predecessor-version":[{"id":49316,"href":"https:\/\/www.urlaubcornwall.de\/blog\/wp-json\/wp\/v2\/pages\/46023\/revisions\/49316"}],"wp:attachment":[{"href":"https:\/\/www.urlaubcornwall.de\/blog\/wp-json\/wp\/v2\/media?parent=46023"}],"curies":[{"name":"wp","href":"https:\/\/api.w.org\/{rel}","templated":true}]}}