{"id":45994,"date":"2023-03-15T08:58:19","date_gmt":"2023-03-15T08:58:19","guid":{"rendered":"https:\/\/www.urlaubcornwall.de\/blog\/?page_id=45994"},"modified":"2024-04-03T10:07:53","modified_gmt":"2024-04-03T10:07:53","slug":"ist-brighton-schoen","status":"publish","type":"page","link":"https:\/\/www.urlaubcornwall.de\/blog\/ist-brighton-schoen\/","title":{"rendered":"Ist Brighton Sch\u00f6n?"},"content":{"rendered":"<p><img loading=\"lazy\" class=\"aligncenter size-full wp-image-48027\" src=\"https:\/\/www.urlaubcornwall.de\/blog\/wp-content\/uploads\/2024\/03\/brighton-pier-night.jpg\" alt=\"brighton pier night\" width=\"750\" height=\"442\" srcset=\"https:\/\/www.urlaubcornwall.de\/blog\/wp-content\/uploads\/2024\/03\/brighton-pier-night.jpg 750w, https:\/\/www.urlaubcornwall.de\/blog\/wp-content\/uploads\/2024\/03\/brighton-pier-night-300x177.jpg 300w\" sizes=\"(max-width: 750px) 100vw, 750px\" \/><\/p>\n<p>Ja, Brighton wird von vielen Menschen oft als eine sch\u00f6ne Stadt angesehen. Es ist eine K\u00fcstenstadt in <a href=\"https:\/\/www.urlaubcornwall.de\/reiseziel\/sussex.php\">Sussex<\/a>, England, die f\u00fcr ihre bezaubernde K\u00fcste und historische Architektur bekannt ist. Die Stadt hat eine lebhafte Atmosph\u00e4re und ein reiches kulturelles Erbe mit einer F\u00fclle von Museen, Kunstgalerien und Theatern. Einige der beliebtesten Touristenattraktionen in Brighton sind der Royal Pavilion, der Brighton Pier, das Brighton Museum and Art Gallery und der Brighton Beach. Dar\u00fcber hinaus ist <a href=\"https:\/\/www.urlaubcornwall.de\/blog\/urlaub-in-brighton-sussex-sehenswuerdigkeiten-unterkunft-und-geschichte\/\">Brighton<\/a> f\u00fcr sein pulsierendes Nachtleben, seine vielf\u00e4ltige kulinarische Szene und zahlreiche Festivals und Veranstaltungen bekannt.<\/p>\n<p><strong>Alternativen zu einem Hotel<\/strong> &#8211; Es gibt in Brighton viele wundersch\u00f6ne Ferienh\u00e4user &#038; Ferienwohnungen, die anstelle eines Hotels eine perfekte Option f\u00fcr Familien und Paare darstellen. Sie bieten flexible Unterkunft und darunter finden Sie viele tierfreundliche H\u00e4user in den beliebtesten Urlaubsorten.<\/p>\n<p>Wir haben die beste Auswahl an <a href=\"https:\/\/www.urlaubcornwall.de\/ferienhaeuser-fewos\/eng\/sussex\/brighton.html\">pers\u00f6nlich inspizierten Ferienh\u00e4usern im Angebot<\/a>.<\/p>\n","protected":false},"excerpt":{"rendered":"<p>Ja, Brighton wird von vielen Menschen oft als eine sch\u00f6ne Stadt angesehen. Es ist eine K\u00fcstenstadt in Sussex, England, die f\u00fcr ihre bezaubernde K\u00fcste und historische Architektur bekannt ist. Die Stadt hat eine lebhafte Atmosph\u00e4re und ein reiches kulturelles Erbe mit einer F\u00fclle von Museen, Kunstgalerien und Theatern. Einige der beliebtesten Touristenattraktionen in Brighton sind [&hellip;]<\/p>\n","protected":false},"author":1,"featured_media":0,"parent":0,"menu_order":0,"comment_status":"closed","ping_status":"closed","template":"single-four.php","meta":[],"acf":[],"yoast_head":"<!-- This site is optimized with the Yoast SEO plugin v19.4 - https:\/\/yoast.com\/wordpress\/plugins\/seo\/ -->\n<title>Ist Brighton Sch\u00f6n? - Urlaub &amp; Reisen<\/title>\n<meta name=\"description\" content=\"Ja, Brighton wird von vielen Menschen oft als eine sch\u00f6ne Stadt angesehen. Es ist eine K\u00fcstenstadt in Ost Sussex\" \/>\n<meta name=\"robots\" content=\"index, follow, max-snippet:-1, max-image-preview:large, max-video-preview:-1\" \/>\n<link rel=\"canonical\" href=\"https:\/\/www.urlaubcornwall.de\/blog\/ist-brighton-schoen\/\" \/>\n<meta property=\"og:locale\" content=\"en_US\" \/>\n<meta property=\"og:type\" content=\"article\" \/>\n<meta property=\"og:title\" content=\"Ist Brighton Sch\u00f6n? - Urlaub &amp; Reisen\" \/>\n<meta property=\"og:description\" content=\"Ja, Brighton wird von vielen Menschen oft als eine sch\u00f6ne Stadt angesehen. Es ist eine K\u00fcstenstadt in Ost Sussex\" \/>\n<meta property=\"og:url\" content=\"https:\/\/www.urlaubcornwall.de\/blog\/ist-brighton-schoen\/\" \/>\n<meta property=\"og:site_name\" content=\"Urlaub &amp; Reisen\" \/>\n<meta property=\"article:modified_time\" content=\"2024-04-03T10:07:53+00:00\" \/>\n<meta property=\"og:image\" content=\"https:\/\/www.urlaubcornwall.de\/blog\/wp-content\/uploads\/2024\/03\/brighton-pier-night.jpg\" \/>\n<meta name=\"twitter:card\" content=\"summary\" \/>\n<meta name=\"twitter:label1\" content=\"Est. reading time\" \/>\n\t<meta name=\"twitter:data1\" content=\"1 minute\" \/>\n<script type=\"application\/ld+json\" class=\"yoast-schema-graph\">{\"@context\":\"https:\/\/schema.org\",\"@graph\":[{\"@type\":\"WebSite\",\"@id\":\"https:\/\/www.urlaubcornwall.de\/blog\/#website\",\"url\":\"https:\/\/www.urlaubcornwall.de\/blog\/\",\"name\":\"Urlaub &amp; Reisen\",\"description\":\"Urlaub, Reisen, Cornwall und S\u00fcdengland: eine perfekte Kombination\",\"potentialAction\":[{\"@type\":\"SearchAction\",\"target\":{\"@type\":\"EntryPoint\",\"urlTemplate\":\"https:\/\/www.urlaubcornwall.de\/blog\/?s={search_term_string}\"},\"query-input\":\"required name=search_term_string\"}],\"inLanguage\":\"en-US\"},{\"@type\":\"WebPage\",\"@id\":\"https:\/\/www.urlaubcornwall.de\/blog\/ist-brighton-schoen\/\",\"url\":\"https:\/\/www.urlaubcornwall.de\/blog\/ist-brighton-schoen\/\",\"name\":\"Ist Brighton Sch\u00f6n? - Urlaub &amp; Reisen\",\"isPartOf\":{\"@id\":\"https:\/\/www.urlaubcornwall.de\/blog\/#website\"},\"datePublished\":\"2023-03-15T08:58:19+00:00\",\"dateModified\":\"2024-04-03T10:07:53+00:00\",\"description\":\"Ja, Brighton wird von vielen Menschen oft als eine sch\u00f6ne Stadt angesehen. Es ist eine K\u00fcstenstadt in Ost Sussex\",\"breadcrumb\":{\"@id\":\"https:\/\/www.urlaubcornwall.de\/blog\/ist-brighton-schoen\/#breadcrumb\"},\"inLanguage\":\"en-US\",\"potentialAction\":[{\"@type\":\"ReadAction\",\"target\":[\"https:\/\/www.urlaubcornwall.de\/blog\/ist-brighton-schoen\/\"]}]},{\"@type\":\"BreadcrumbList\",\"@id\":\"https:\/\/www.urlaubcornwall.de\/blog\/ist-brighton-schoen\/#breadcrumb\",\"itemListElement\":[{\"@type\":\"ListItem\",\"position\":1,\"name\":\"Home\",\"item\":\"https:\/\/www.urlaubcornwall.de\/blog\/\"},{\"@type\":\"ListItem\",\"position\":2,\"name\":\"Ist Brighton Sch\u00f6n?\"}]}]}<\/script>\n<!-- \/ Yoast SEO plugin. -->","yoast_head_json":{"title":"Ist Brighton Sch\u00f6n? - Urlaub &amp; Reisen","description":"Ja, Brighton wird von vielen Menschen oft als eine sch\u00f6ne Stadt angesehen. Es ist eine K\u00fcstenstadt in Ost Sussex","robots":{"index":"index","follow":"follow","max-snippet":"max-snippet:-1","max-image-preview":"max-image-preview:large","max-video-preview":"max-video-preview:-1"},"canonical":"https:\/\/www.urlaubcornwall.de\/blog\/ist-brighton-schoen\/","og_locale":"en_US","og_type":"article","og_title":"Ist Brighton Sch\u00f6n? - Urlaub &amp; Reisen","og_description":"Ja, Brighton wird von vielen Menschen oft als eine sch\u00f6ne Stadt angesehen. Es ist eine K\u00fcstenstadt in Ost Sussex","og_url":"https:\/\/www.urlaubcornwall.de\/blog\/ist-brighton-schoen\/","og_site_name":"Urlaub &amp; Reisen","article_modified_time":"2024-04-03T10:07:53+00:00","og_image":[{"url":"https:\/\/www.urlaubcornwall.de\/blog\/wp-content\/uploads\/2024\/03\/brighton-pier-night.jpg"}],"twitter_card":"summary","twitter_misc":{"Est. reading time":"1 minute"},"schema":{"@context":"https:\/\/schema.org","@graph":[{"@type":"WebSite","@id":"https:\/\/www.urlaubcornwall.de\/blog\/#website","url":"https:\/\/www.urlaubcornwall.de\/blog\/","name":"Urlaub &amp; Reisen","description":"Urlaub, Reisen, Cornwall und S\u00fcdengland: eine perfekte Kombination","potentialAction":[{"@type":"SearchAction","target":{"@type":"EntryPoint","urlTemplate":"https:\/\/www.urlaubcornwall.de\/blog\/?s={search_term_string}"},"query-input":"required name=search_term_string"}],"inLanguage":"en-US"},{"@type":"WebPage","@id":"https:\/\/www.urlaubcornwall.de\/blog\/ist-brighton-schoen\/","url":"https:\/\/www.urlaubcornwall.de\/blog\/ist-brighton-schoen\/","name":"Ist Brighton Sch\u00f6n? - Urlaub &amp; Reisen","isPartOf":{"@id":"https:\/\/www.urlaubcornwall.de\/blog\/#website"},"datePublished":"2023-03-15T08:58:19+00:00","dateModified":"2024-04-03T10:07:53+00:00","description":"Ja, Brighton wird von vielen Menschen oft als eine sch\u00f6ne Stadt angesehen. Es ist eine K\u00fcstenstadt in Ost Sussex","breadcrumb":{"@id":"https:\/\/www.urlaubcornwall.de\/blog\/ist-brighton-schoen\/#breadcrumb"},"inLanguage":"en-US","potentialAction":[{"@type":"ReadAction","target":["https:\/\/www.urlaubcornwall.de\/blog\/ist-brighton-schoen\/"]}]},{"@type":"BreadcrumbList","@id":"https:\/\/www.urlaubcornwall.de\/blog\/ist-brighton-schoen\/#breadcrumb","itemListElement":[{"@type":"ListItem","position":1,"name":"Home","item":"https:\/\/www.urlaubcornwall.de\/blog\/"},{"@type":"ListItem","position":2,"name":"Ist Brighton Sch\u00f6n?"}]}]}},"_links":{"self":[{"href":"https:\/\/www.urlaubcornwall.de\/blog\/wp-json\/wp\/v2\/pages\/45994"}],"collection":[{"href":"https:\/\/www.urlaubcornwall.de\/blog\/wp-json\/wp\/v2\/pages"}],"about":[{"href":"https:\/\/www.urlaubcornwall.de\/blog\/wp-json\/wp\/v2\/types\/page"}],"author":[{"embeddable":true,"href":"https:\/\/www.urlaubcornwall.de\/blog\/wp-json\/wp\/v2\/users\/1"}],"replies":[{"embeddable":true,"href":"https:\/\/www.urlaubcornwall.de\/blog\/wp-json\/wp\/v2\/comments?post=45994"}],"version-history":[{"count":2,"href":"https:\/\/www.urlaubcornwall.de\/blog\/wp-json\/wp\/v2\/pages\/45994\/revisions"}],"predecessor-version":[{"id":48745,"href":"https:\/\/www.urlaubcornwall.de\/blog\/wp-json\/wp\/v2\/pages\/45994\/revisions\/48745"}],"wp:attachment":[{"href":"https:\/\/www.urlaubcornwall.de\/blog\/wp-json\/wp\/v2\/media?parent=45994"}],"curies":[{"name":"wp","href":"https:\/\/api.w.org\/{rel}","templated":true}]}}