{"id":45992,"date":"2023-03-15T08:46:08","date_gmt":"2023-03-15T08:46:08","guid":{"rendered":"https:\/\/www.urlaubcornwall.de\/blog\/?page_id=45992"},"modified":"2023-03-15T08:46:08","modified_gmt":"2023-03-15T08:46:08","slug":"ist-bath-schoen","status":"publish","type":"page","link":"https:\/\/www.urlaubcornwall.de\/blog\/ist-bath-schoen\/","title":{"rendered":"Ist Bath Sch\u00f6n?"},"content":{"rendered":"<p><img loading=\"lazy\" class=\"aligncenter size-full wp-image-20068\" src=\"https:\/\/www.urlaubcornwall.de\/blog\/wp-content\/uploads\/2013\/03\/Bath1.jpg\" alt=\"Bath Somerset\" width=\"750\" height=\"383\"\/><\/p>\n<p>Ja, Bath gilt weithin als eine wundersch\u00f6ne Stadt. Sie ist bekannt f\u00fcr ihre gut erhaltene georgianische Architektur, einschlie\u00dflich des ikonischen Royal Crescent und der Pulteney Bridge. Bath ist auch ber\u00fchmt f\u00fcr ihre nat\u00fcrlichen hei\u00dfen Quellen, die seit Tausenden von Jahren f\u00fcr therapeutische Zwecke genutzt werden. Die Stadt wurde aufgrund ihrer historischen Bedeutung und architektonischen Sch\u00f6nheit zum UNESCO-Weltkulturerbe erkl\u00e4rt. Dar\u00fcber hinaus liegt Bath in einer malerischen Lage, umgeben von sanften H\u00fcgeln und Landschaften, was es zu einem beliebten Reiseziel f\u00fcr Touristen und Einheimische macht.<\/p>\n<p><strong>Alternativen zu einem Hotel<\/strong> &#8211; Es gibt in Bath viele wundersch\u00f6ne Ferienh\u00e4user &#038; Ferienwohnungen, die anstelle eines Hotels eine perfekte Option f\u00fcr Familien und Paare darstellen. Sie bieten flexible Unterkunft und darunter finden Sie viele tierfreundliche H\u00e4user in den beliebtesten Urlaubsorten.<\/p>\n<p>Wir haben die beste Auswahl an <a href=\"https:\/\/www.urlaubcornwall.de\/ferienhaeuser-fewos\/eng\/somerset\/bath.html\">pers\u00f6nlich inspizierten Ferienh\u00e4usern im Angebot<\/a>.<\/p>\n","protected":false},"excerpt":{"rendered":"<p>Ja, Bath gilt weithin als eine wundersch\u00f6ne Stadt. Sie ist bekannt f\u00fcr ihre gut erhaltene georgianische Architektur, einschlie\u00dflich des ikonischen Royal Crescent und der Pulteney Bridge. Bath ist auch ber\u00fchmt f\u00fcr ihre nat\u00fcrlichen hei\u00dfen Quellen, die seit Tausenden von Jahren f\u00fcr therapeutische Zwecke genutzt werden. Die Stadt wurde aufgrund ihrer historischen Bedeutung und architektonischen Sch\u00f6nheit [&hellip;]<\/p>\n","protected":false},"author":1,"featured_media":0,"parent":0,"menu_order":0,"comment_status":"closed","ping_status":"closed","template":"single-four.php","meta":[],"acf":[],"yoast_head":"<!-- This site is optimized with the Yoast SEO plugin v19.4 - https:\/\/yoast.com\/wordpress\/plugins\/seo\/ -->\n<title>Ist Bath Sch\u00f6n? - Urlaub &amp; Reisen<\/title>\n<meta name=\"description\" content=\"Ja, Bath gilt weithin als eine wundersch\u00f6ne Stadt. Sie ist bekannt f\u00fcr ihre gut erhaltene georgianische Architektur, einschlie\u00dflich\" \/>\n<meta name=\"robots\" content=\"index, follow, max-snippet:-1, max-image-preview:large, max-video-preview:-1\" \/>\n<link rel=\"canonical\" href=\"https:\/\/www.urlaubcornwall.de\/blog\/ist-bath-schoen\/\" \/>\n<meta property=\"og:locale\" content=\"en_US\" \/>\n<meta property=\"og:type\" content=\"article\" \/>\n<meta property=\"og:title\" content=\"Ist Bath Sch\u00f6n? - Urlaub &amp; Reisen\" \/>\n<meta property=\"og:description\" content=\"Ja, Bath gilt weithin als eine wundersch\u00f6ne Stadt. Sie ist bekannt f\u00fcr ihre gut erhaltene georgianische Architektur, einschlie\u00dflich\" \/>\n<meta property=\"og:url\" content=\"https:\/\/www.urlaubcornwall.de\/blog\/ist-bath-schoen\/\" \/>\n<meta property=\"og:site_name\" content=\"Urlaub &amp; Reisen\" \/>\n<meta property=\"og:image\" content=\"https:\/\/www.urlaubcornwall.de\/blog\/wp-content\/uploads\/2013\/03\/Bath1.jpg\" \/>\n<meta name=\"twitter:card\" content=\"summary\" \/>\n<script type=\"application\/ld+json\" class=\"yoast-schema-graph\">{\"@context\":\"https:\/\/schema.org\",\"@graph\":[{\"@type\":\"WebSite\",\"@id\":\"https:\/\/www.urlaubcornwall.de\/blog\/#website\",\"url\":\"https:\/\/www.urlaubcornwall.de\/blog\/\",\"name\":\"Urlaub &amp; Reisen\",\"description\":\"Urlaub, Reisen, Cornwall und S\u00fcdengland: eine perfekte Kombination\",\"potentialAction\":[{\"@type\":\"SearchAction\",\"target\":{\"@type\":\"EntryPoint\",\"urlTemplate\":\"https:\/\/www.urlaubcornwall.de\/blog\/?s={search_term_string}\"},\"query-input\":\"required name=search_term_string\"}],\"inLanguage\":\"en-US\"},{\"@type\":\"WebPage\",\"@id\":\"https:\/\/www.urlaubcornwall.de\/blog\/ist-bath-schoen\/\",\"url\":\"https:\/\/www.urlaubcornwall.de\/blog\/ist-bath-schoen\/\",\"name\":\"Ist Bath Sch\u00f6n? - Urlaub &amp; Reisen\",\"isPartOf\":{\"@id\":\"https:\/\/www.urlaubcornwall.de\/blog\/#website\"},\"datePublished\":\"2023-03-15T08:46:08+00:00\",\"dateModified\":\"2023-03-15T08:46:08+00:00\",\"description\":\"Ja, Bath gilt weithin als eine wundersch\u00f6ne Stadt. Sie ist bekannt f\u00fcr ihre gut erhaltene georgianische Architektur, einschlie\u00dflich\",\"breadcrumb\":{\"@id\":\"https:\/\/www.urlaubcornwall.de\/blog\/ist-bath-schoen\/#breadcrumb\"},\"inLanguage\":\"en-US\",\"potentialAction\":[{\"@type\":\"ReadAction\",\"target\":[\"https:\/\/www.urlaubcornwall.de\/blog\/ist-bath-schoen\/\"]}]},{\"@type\":\"BreadcrumbList\",\"@id\":\"https:\/\/www.urlaubcornwall.de\/blog\/ist-bath-schoen\/#breadcrumb\",\"itemListElement\":[{\"@type\":\"ListItem\",\"position\":1,\"name\":\"Home\",\"item\":\"https:\/\/www.urlaubcornwall.de\/blog\/\"},{\"@type\":\"ListItem\",\"position\":2,\"name\":\"Ist Bath Sch\u00f6n?\"}]}]}<\/script>\n<!-- \/ Yoast SEO plugin. -->","yoast_head_json":{"title":"Ist Bath Sch\u00f6n? - Urlaub &amp; Reisen","description":"Ja, Bath gilt weithin als eine wundersch\u00f6ne Stadt. Sie ist bekannt f\u00fcr ihre gut erhaltene georgianische Architektur, einschlie\u00dflich","robots":{"index":"index","follow":"follow","max-snippet":"max-snippet:-1","max-image-preview":"max-image-preview:large","max-video-preview":"max-video-preview:-1"},"canonical":"https:\/\/www.urlaubcornwall.de\/blog\/ist-bath-schoen\/","og_locale":"en_US","og_type":"article","og_title":"Ist Bath Sch\u00f6n? - Urlaub &amp; Reisen","og_description":"Ja, Bath gilt weithin als eine wundersch\u00f6ne Stadt. Sie ist bekannt f\u00fcr ihre gut erhaltene georgianische Architektur, einschlie\u00dflich","og_url":"https:\/\/www.urlaubcornwall.de\/blog\/ist-bath-schoen\/","og_site_name":"Urlaub &amp; Reisen","og_image":[{"url":"https:\/\/www.urlaubcornwall.de\/blog\/wp-content\/uploads\/2013\/03\/Bath1.jpg"}],"twitter_card":"summary","schema":{"@context":"https:\/\/schema.org","@graph":[{"@type":"WebSite","@id":"https:\/\/www.urlaubcornwall.de\/blog\/#website","url":"https:\/\/www.urlaubcornwall.de\/blog\/","name":"Urlaub &amp; Reisen","description":"Urlaub, Reisen, Cornwall und S\u00fcdengland: eine perfekte Kombination","potentialAction":[{"@type":"SearchAction","target":{"@type":"EntryPoint","urlTemplate":"https:\/\/www.urlaubcornwall.de\/blog\/?s={search_term_string}"},"query-input":"required name=search_term_string"}],"inLanguage":"en-US"},{"@type":"WebPage","@id":"https:\/\/www.urlaubcornwall.de\/blog\/ist-bath-schoen\/","url":"https:\/\/www.urlaubcornwall.de\/blog\/ist-bath-schoen\/","name":"Ist Bath Sch\u00f6n? - Urlaub &amp; Reisen","isPartOf":{"@id":"https:\/\/www.urlaubcornwall.de\/blog\/#website"},"datePublished":"2023-03-15T08:46:08+00:00","dateModified":"2023-03-15T08:46:08+00:00","description":"Ja, Bath gilt weithin als eine wundersch\u00f6ne Stadt. Sie ist bekannt f\u00fcr ihre gut erhaltene georgianische Architektur, einschlie\u00dflich","breadcrumb":{"@id":"https:\/\/www.urlaubcornwall.de\/blog\/ist-bath-schoen\/#breadcrumb"},"inLanguage":"en-US","potentialAction":[{"@type":"ReadAction","target":["https:\/\/www.urlaubcornwall.de\/blog\/ist-bath-schoen\/"]}]},{"@type":"BreadcrumbList","@id":"https:\/\/www.urlaubcornwall.de\/blog\/ist-bath-schoen\/#breadcrumb","itemListElement":[{"@type":"ListItem","position":1,"name":"Home","item":"https:\/\/www.urlaubcornwall.de\/blog\/"},{"@type":"ListItem","position":2,"name":"Ist Bath Sch\u00f6n?"}]}]}},"_links":{"self":[{"href":"https:\/\/www.urlaubcornwall.de\/blog\/wp-json\/wp\/v2\/pages\/45992"}],"collection":[{"href":"https:\/\/www.urlaubcornwall.de\/blog\/wp-json\/wp\/v2\/pages"}],"about":[{"href":"https:\/\/www.urlaubcornwall.de\/blog\/wp-json\/wp\/v2\/types\/page"}],"author":[{"embeddable":true,"href":"https:\/\/www.urlaubcornwall.de\/blog\/wp-json\/wp\/v2\/users\/1"}],"replies":[{"embeddable":true,"href":"https:\/\/www.urlaubcornwall.de\/blog\/wp-json\/wp\/v2\/comments?post=45992"}],"version-history":[{"count":1,"href":"https:\/\/www.urlaubcornwall.de\/blog\/wp-json\/wp\/v2\/pages\/45992\/revisions"}],"predecessor-version":[{"id":45993,"href":"https:\/\/www.urlaubcornwall.de\/blog\/wp-json\/wp\/v2\/pages\/45992\/revisions\/45993"}],"wp:attachment":[{"href":"https:\/\/www.urlaubcornwall.de\/blog\/wp-json\/wp\/v2\/media?parent=45992"}],"curies":[{"name":"wp","href":"https:\/\/api.w.org\/{rel}","templated":true}]}}