{"id":45942,"date":"2023-02-22T10:54:00","date_gmt":"2023-02-22T10:54:00","guid":{"rendered":"https:\/\/www.urlaubcornwall.de\/blog\/?page_id=45942"},"modified":"2024-05-31T09:44:33","modified_gmt":"2024-05-31T09:44:33","slug":"walisische-kueste-urlaub-in-wales","status":"publish","type":"page","link":"https:\/\/www.urlaubcornwall.de\/blog\/walisische-kueste-urlaub-in-wales\/","title":{"rendered":"Walisische K\u00fcste &#8211; Urlaub in Wales"},"content":{"rendered":"<p><a href=\"https:\/\/www.urlaubcornwall.de\/blog\/wp-content\/uploads\/2024\/03\/gower-halbinsel-wales-1.jpg\"><img loading=\"lazy\" src=\"https:\/\/www.urlaubcornwall.de\/blog\/wp-content\/uploads\/2024\/03\/gower-halbinsel-wales-1.jpg\" alt=\"gower halbinsel wales\" width=\"750\" height=\"500\" class=\"alignnone size-full wp-image-47959\" srcset=\"https:\/\/www.urlaubcornwall.de\/blog\/wp-content\/uploads\/2024\/03\/gower-halbinsel-wales-1.jpg 750w, https:\/\/www.urlaubcornwall.de\/blog\/wp-content\/uploads\/2024\/03\/gower-halbinsel-wales-1-300x200.jpg 300w\" sizes=\"(max-width: 750px) 100vw, 750px\" \/><\/a><\/p>\n<p><strong>Wei\u00dfe Sandstr\u00e4nde und schroffe Klippen<\/strong><\/p>\n<p>Mit der breiten Sandk\u00fcste von <a href=\"https:\/\/www.urlaubcornwall.de\/ferienhaeuser-fewos\/wal\/suedwales\/gower.html\">Gower<\/a>, den schrulligen Badeorten von Pembrokeshire und der zerkl\u00fcfteten K\u00fcste von <a href=\"https:\/\/www.urlaubcornwall.de\/ferienhaeuser-fewos\/wal\/nordwales\/anglesey.html\">Anglesey<\/a> gibt es keinen Mangel an bemerkenswerten Reisezielen, die Sie bei einem Urlaub am Meer in Wales entdecken k\u00f6nnen. Lernen Sie w\u00e4hrend Ihres Urlaubs unsere Auswahl an beeindruckenden Str\u00e4nden in Wales kennen oder finden Sie Restaurants und <a href=\"https:\/\/www.urlaubcornwall.de\/ferienhaeuser-fewos\/wal\/wales-am-meer.html\">\u00dcbernachtungsm\u00f6glichkeiten direkt am Meer<\/a>. Lauschen Sie den Wellen, die vor Ihrer Haust\u00fcr brechen, atmen Sie frische Meeresluft ein und genie\u00dfen Sie pulsierende Sonnenunterg\u00e4nge, wenn die Sonne hinter dem Horizont untergeht. Eine der besten M\u00f6glichkeiten, die walisische K\u00fcste zu entdecken, ist zu Fu\u00df, also machen Sie sich auf den Weg entlang des Wales Coast Path, um versteckte Str\u00e4nde, legend\u00e4re Burgen und friedliche St\u00e4dte zu entdecken.<\/p>\n<p><a href=\"https:\/\/www.urlaubcornwall.de\/blog\/5-grossartige-straende-wales\/\">Die besten Str\u00e4nde von Wales<\/a><\/p>\n<div class=\"snippet\"> <a class=\"featured-item\" href=\" https:\/\/www.urlaubcornwall.de\/ferienhaeuser\/wales.php\"> <span class=\"image-holder\" style=\"background-image: url(' https:\/\/www.urlaubcornwall.de\/blog\/wp-content\/uploads\/2018\/12\/busreisen-wales-england.jpg');\"><\/span> <span class=\"featured-content\"> \n<h2 class=\"featured-title\">Bei uns finden Sie Ferienh\u00e4user in Wales zum Verlieben!<\/h2>\n<p class=\"featured-body\">Untenstehend finden Sie eine Auswahl an Selbstversorger-Ferienh\u00e4usern in Wales. Hier finden Sie handverlesene, pers\u00f6nlich inspizierte Cottages entlang der walisischen K\u00fcste&#8230;..<\/p>\n<\/span> <span class=\"featured-link-holder\"> <span class=\"featured-extra-info\"> \n<p>F\u00fcr Paare, Familien &#038; Gruppen<\/p>\n<\/span> \n<p class=\"featured-link\">DETAILS<\/p>\n<\/span> <\/a><\/div>\n","protected":false},"excerpt":{"rendered":"<p>Wei\u00dfe Sandstr\u00e4nde und schroffe Klippen Mit der breiten Sandk\u00fcste von Gower, den schrulligen Badeorten von Pembrokeshire und der zerkl\u00fcfteten K\u00fcste von Anglesey gibt es keinen Mangel an bemerkenswerten Reisezielen, die Sie bei einem Urlaub am Meer in Wales entdecken k\u00f6nnen. Lernen Sie w\u00e4hrend Ihres Urlaubs unsere Auswahl an beeindruckenden Str\u00e4nden in Wales kennen oder finden [&hellip;]<\/p>\n","protected":false},"author":1,"featured_media":0,"parent":0,"menu_order":0,"comment_status":"closed","ping_status":"closed","template":"single-four.php","meta":[],"acf":[],"yoast_head":"<!-- This site is optimized with the Yoast SEO plugin v19.4 - https:\/\/yoast.com\/wordpress\/plugins\/seo\/ -->\n<title>Walisische K\u00fcste - Urlaub in Wales - Urlaub &amp; Reisen<\/title>\n<meta name=\"description\" content=\"Mit der breiten Sandk\u00fcste von Gower, den schrulligen Badeorten von Pembrokeshire und der zerkl\u00fcfteten K\u00fcste von Anglesey\" \/>\n<meta name=\"robots\" content=\"index, follow, max-snippet:-1, max-image-preview:large, max-video-preview:-1\" \/>\n<link rel=\"canonical\" href=\"https:\/\/www.urlaubcornwall.de\/blog\/walisische-kueste-urlaub-in-wales\/\" \/>\n<meta property=\"og:locale\" content=\"en_US\" \/>\n<meta property=\"og:type\" content=\"article\" \/>\n<meta property=\"og:title\" content=\"Walisische K\u00fcste - Urlaub in Wales - Urlaub &amp; Reisen\" \/>\n<meta property=\"og:description\" content=\"Mit der breiten Sandk\u00fcste von Gower, den schrulligen Badeorten von Pembrokeshire und der zerkl\u00fcfteten K\u00fcste von Anglesey\" \/>\n<meta property=\"og:url\" content=\"https:\/\/www.urlaubcornwall.de\/blog\/walisische-kueste-urlaub-in-wales\/\" \/>\n<meta property=\"og:site_name\" content=\"Urlaub &amp; Reisen\" \/>\n<meta property=\"article:modified_time\" content=\"2024-05-31T09:44:33+00:00\" \/>\n<meta property=\"og:image\" content=\"https:\/\/www.urlaubcornwall.de\/blog\/wp-content\/uploads\/2024\/03\/gower-halbinsel-wales-1.jpg\" \/>\n<meta name=\"twitter:card\" content=\"summary\" \/>\n<meta name=\"twitter:label1\" content=\"Est. reading time\" \/>\n\t<meta name=\"twitter:data1\" content=\"1 minute\" \/>\n<script type=\"application\/ld+json\" class=\"yoast-schema-graph\">{\"@context\":\"https:\/\/schema.org\",\"@graph\":[{\"@type\":\"WebSite\",\"@id\":\"https:\/\/www.urlaubcornwall.de\/blog\/#website\",\"url\":\"https:\/\/www.urlaubcornwall.de\/blog\/\",\"name\":\"Urlaub &amp; Reisen\",\"description\":\"Urlaub, Reisen, Cornwall und S\u00fcdengland: eine perfekte Kombination\",\"potentialAction\":[{\"@type\":\"SearchAction\",\"target\":{\"@type\":\"EntryPoint\",\"urlTemplate\":\"https:\/\/www.urlaubcornwall.de\/blog\/?s={search_term_string}\"},\"query-input\":\"required name=search_term_string\"}],\"inLanguage\":\"en-US\"},{\"@type\":\"WebPage\",\"@id\":\"https:\/\/www.urlaubcornwall.de\/blog\/walisische-kueste-urlaub-in-wales\/\",\"url\":\"https:\/\/www.urlaubcornwall.de\/blog\/walisische-kueste-urlaub-in-wales\/\",\"name\":\"Walisische K\u00fcste - Urlaub in Wales - Urlaub &amp; Reisen\",\"isPartOf\":{\"@id\":\"https:\/\/www.urlaubcornwall.de\/blog\/#website\"},\"datePublished\":\"2023-02-22T10:54:00+00:00\",\"dateModified\":\"2024-05-31T09:44:33+00:00\",\"description\":\"Mit der breiten Sandk\u00fcste von Gower, den schrulligen Badeorten von Pembrokeshire und der zerkl\u00fcfteten K\u00fcste von Anglesey\",\"breadcrumb\":{\"@id\":\"https:\/\/www.urlaubcornwall.de\/blog\/walisische-kueste-urlaub-in-wales\/#breadcrumb\"},\"inLanguage\":\"en-US\",\"potentialAction\":[{\"@type\":\"ReadAction\",\"target\":[\"https:\/\/www.urlaubcornwall.de\/blog\/walisische-kueste-urlaub-in-wales\/\"]}]},{\"@type\":\"BreadcrumbList\",\"@id\":\"https:\/\/www.urlaubcornwall.de\/blog\/walisische-kueste-urlaub-in-wales\/#breadcrumb\",\"itemListElement\":[{\"@type\":\"ListItem\",\"position\":1,\"name\":\"Home\",\"item\":\"https:\/\/www.urlaubcornwall.de\/blog\/\"},{\"@type\":\"ListItem\",\"position\":2,\"name\":\"Walisische K\u00fcste &#8211; Urlaub in Wales\"}]}]}<\/script>\n<!-- \/ Yoast SEO plugin. -->","yoast_head_json":{"title":"Walisische K\u00fcste - Urlaub in Wales - Urlaub &amp; Reisen","description":"Mit der breiten Sandk\u00fcste von Gower, den schrulligen Badeorten von Pembrokeshire und der zerkl\u00fcfteten K\u00fcste von Anglesey","robots":{"index":"index","follow":"follow","max-snippet":"max-snippet:-1","max-image-preview":"max-image-preview:large","max-video-preview":"max-video-preview:-1"},"canonical":"https:\/\/www.urlaubcornwall.de\/blog\/walisische-kueste-urlaub-in-wales\/","og_locale":"en_US","og_type":"article","og_title":"Walisische K\u00fcste - Urlaub in Wales - Urlaub &amp; Reisen","og_description":"Mit der breiten Sandk\u00fcste von Gower, den schrulligen Badeorten von Pembrokeshire und der zerkl\u00fcfteten K\u00fcste von Anglesey","og_url":"https:\/\/www.urlaubcornwall.de\/blog\/walisische-kueste-urlaub-in-wales\/","og_site_name":"Urlaub &amp; Reisen","article_modified_time":"2024-05-31T09:44:33+00:00","og_image":[{"url":"https:\/\/www.urlaubcornwall.de\/blog\/wp-content\/uploads\/2024\/03\/gower-halbinsel-wales-1.jpg"}],"twitter_card":"summary","twitter_misc":{"Est. reading time":"1 minute"},"schema":{"@context":"https:\/\/schema.org","@graph":[{"@type":"WebSite","@id":"https:\/\/www.urlaubcornwall.de\/blog\/#website","url":"https:\/\/www.urlaubcornwall.de\/blog\/","name":"Urlaub &amp; Reisen","description":"Urlaub, Reisen, Cornwall und S\u00fcdengland: eine perfekte Kombination","potentialAction":[{"@type":"SearchAction","target":{"@type":"EntryPoint","urlTemplate":"https:\/\/www.urlaubcornwall.de\/blog\/?s={search_term_string}"},"query-input":"required name=search_term_string"}],"inLanguage":"en-US"},{"@type":"WebPage","@id":"https:\/\/www.urlaubcornwall.de\/blog\/walisische-kueste-urlaub-in-wales\/","url":"https:\/\/www.urlaubcornwall.de\/blog\/walisische-kueste-urlaub-in-wales\/","name":"Walisische K\u00fcste - Urlaub in Wales - Urlaub &amp; Reisen","isPartOf":{"@id":"https:\/\/www.urlaubcornwall.de\/blog\/#website"},"datePublished":"2023-02-22T10:54:00+00:00","dateModified":"2024-05-31T09:44:33+00:00","description":"Mit der breiten Sandk\u00fcste von Gower, den schrulligen Badeorten von Pembrokeshire und der zerkl\u00fcfteten K\u00fcste von Anglesey","breadcrumb":{"@id":"https:\/\/www.urlaubcornwall.de\/blog\/walisische-kueste-urlaub-in-wales\/#breadcrumb"},"inLanguage":"en-US","potentialAction":[{"@type":"ReadAction","target":["https:\/\/www.urlaubcornwall.de\/blog\/walisische-kueste-urlaub-in-wales\/"]}]},{"@type":"BreadcrumbList","@id":"https:\/\/www.urlaubcornwall.de\/blog\/walisische-kueste-urlaub-in-wales\/#breadcrumb","itemListElement":[{"@type":"ListItem","position":1,"name":"Home","item":"https:\/\/www.urlaubcornwall.de\/blog\/"},{"@type":"ListItem","position":2,"name":"Walisische K\u00fcste &#8211; Urlaub in Wales"}]}]}},"_links":{"self":[{"href":"https:\/\/www.urlaubcornwall.de\/blog\/wp-json\/wp\/v2\/pages\/45942"}],"collection":[{"href":"https:\/\/www.urlaubcornwall.de\/blog\/wp-json\/wp\/v2\/pages"}],"about":[{"href":"https:\/\/www.urlaubcornwall.de\/blog\/wp-json\/wp\/v2\/types\/page"}],"author":[{"embeddable":true,"href":"https:\/\/www.urlaubcornwall.de\/blog\/wp-json\/wp\/v2\/users\/1"}],"replies":[{"embeddable":true,"href":"https:\/\/www.urlaubcornwall.de\/blog\/wp-json\/wp\/v2\/comments?post=45942"}],"version-history":[{"count":2,"href":"https:\/\/www.urlaubcornwall.de\/blog\/wp-json\/wp\/v2\/pages\/45942\/revisions"}],"predecessor-version":[{"id":51289,"href":"https:\/\/www.urlaubcornwall.de\/blog\/wp-json\/wp\/v2\/pages\/45942\/revisions\/51289"}],"wp:attachment":[{"href":"https:\/\/www.urlaubcornwall.de\/blog\/wp-json\/wp\/v2\/media?parent=45942"}],"curies":[{"name":"wp","href":"https:\/\/api.w.org\/{rel}","templated":true}]}}