{"id":45869,"date":"2023-02-13T10:58:44","date_gmt":"2023-02-13T10:58:44","guid":{"rendered":"https:\/\/www.urlaubcornwall.de\/blog\/?page_id=45869"},"modified":"2024-04-02T12:45:06","modified_gmt":"2024-04-02T12:45:06","slug":"erkunden-sie-straende-kuesten-und-ufer-von-denen-sie-bisher-nur-getraeumt-haben","status":"publish","type":"page","link":"https:\/\/www.urlaubcornwall.de\/blog\/erkunden-sie-straende-kuesten-und-ufer-von-denen-sie-bisher-nur-getraeumt-haben\/","title":{"rendered":"Erkunden Sie Str\u00e4nde, K\u00fcsten und Ufer, von denen Sie bisher nur getr\u00e4umt haben"},"content":{"rendered":"<p><img loading=\"lazy\" class=\"aligncenter size-full wp-image-48098\" src=\"https:\/\/www.urlaubcornwall.de\/blog\/wp-content\/uploads\/2024\/03\/zennor.jpg\" alt=\"zennor\" width=\"750\" height=\"500\" srcset=\"https:\/\/www.urlaubcornwall.de\/blog\/wp-content\/uploads\/2024\/03\/zennor.jpg 750w, https:\/\/www.urlaubcornwall.de\/blog\/wp-content\/uploads\/2024\/03\/zennor-300x200.jpg 300w\" sizes=\"(max-width: 750px) 100vw, 750px\" \/><\/p>\n<p>Das Rauschen der Wellen, das Gef\u00fchl der Brise in Ihrem Haar und der Geschmack von Salz in der Luft; nirgendwo belebt der K\u00f6rper, beruhigt den Geist und beruhigt die Seele so wie das Meer. Obwohl wir eine kleine Insel sind, sind wir mit \u00fcber 700 km K\u00fcstenlinie gesegnet, die es zu erkunden gilt. An einem Tag ein spiegelnder See und am n\u00e4chsten ein wilder und dramatischer Sturm, kein Tag am Meer ist wie der andere; <a href=\"https:\/\/www.urlaubcornwall.de\/ferienhaeuser-fewos\/cornwall-am-meer.html\">Cornwalls K\u00fcste<\/a> hat einen magnetischen Charme, der uns alle Jahr f\u00fcr Jahr zur\u00fcckzieht.<\/p>\n<p>Unsere wundersch\u00f6ne Grafschaft ist an ihren gewundenen K\u00fcsten voller einsamer Buchten, h\u00fcbscher <a href=\"https:\/\/www.urlaubcornwall.de\/blog\/schoensten-straende-in-cornwall\/\">Str\u00e4nde<\/a> und weniger bekannter Reiseziele, die alle darauf warten, erkundet zu werden. Finden Sie Ihren <a href=\"https:\/\/www.urlaubcornwall.de\/ferienhaeuser-fewos\/cornwall.html\">neuen Lieblingsplatz am Meer<\/a>.<\/p>\n<div class=\"snippet\"> <a class=\"featured-item\" href=\"https:\/\/www.urlaubcornwall.de\/ferienhaeuser-fewos\/cornwall.html\"> <span class=\"image-holder\" style=\"background-image: url('https:\/\/www.urlaubcornwall.de\/blog\/wp-content\/uploads\/2018\/12\/familienurlaub-corwnall-snippet.jpg');\"><\/span> <span class=\"featured-content\"> \n<h2 class=\"featured-title\">Ferienh\u00e4user in Cornwall am Meer<\/h2>\n<p class=\"featured-body\">Cornwall besitzt mehr K\u00fcstenlinien als jede andere Grafschaft und bietet einige der besten Str\u00e4nde, K\u00fcstenwanderwege und Klippenlandschaften, die man \u00fcberhaupt finden kann&#8230; <\/p><\/span> <span class=\"featured-link-holder\"> <span class=\"featured-extra-info\"> \n<p>F\u00fcr Paare, Familien &#038; Gruppen<\/p>\n<\/span> \n<p class=\"featured-link\">DETAILS<\/p>\n<\/span> <\/a><\/div>\n","protected":false},"excerpt":{"rendered":"<p>Das Rauschen der Wellen, das Gef\u00fchl der Brise in Ihrem Haar und der Geschmack von Salz in der Luft; nirgendwo belebt der K\u00f6rper, beruhigt den Geist und beruhigt die Seele so wie das Meer. Obwohl wir eine kleine Insel sind, sind wir mit \u00fcber 700 km K\u00fcstenlinie gesegnet, die es zu erkunden gilt. An einem [&hellip;]<\/p>\n","protected":false},"author":1,"featured_media":0,"parent":0,"menu_order":0,"comment_status":"closed","ping_status":"closed","template":"single-four.php","meta":[],"acf":[],"yoast_head":"<!-- This site is optimized with the Yoast SEO plugin v19.4 - https:\/\/yoast.com\/wordpress\/plugins\/seo\/ -->\n<title>Erkunden Sie Str\u00e4nde, K\u00fcsten und Ufer, von denen Sie bisher nur getr\u00e4umt haben - Urlaub &amp; Reisen<\/title>\n<meta name=\"description\" content=\"Unsere wundersch\u00f6ne Grafschaft ist an ihren gewundenen K\u00fcsten voller einsamer Buchten, h\u00fcbscher Str\u00e4nde und weniger bekannter Reiseziele\" \/>\n<meta name=\"robots\" content=\"index, follow, max-snippet:-1, max-image-preview:large, max-video-preview:-1\" \/>\n<link rel=\"canonical\" href=\"https:\/\/www.urlaubcornwall.de\/blog\/erkunden-sie-straende-kuesten-und-ufer-von-denen-sie-bisher-nur-getraeumt-haben\/\" \/>\n<meta property=\"og:locale\" content=\"en_US\" \/>\n<meta property=\"og:type\" content=\"article\" \/>\n<meta property=\"og:title\" content=\"Erkunden Sie Str\u00e4nde, K\u00fcsten und Ufer, von denen Sie bisher nur getr\u00e4umt haben - Urlaub &amp; Reisen\" \/>\n<meta property=\"og:description\" content=\"Unsere wundersch\u00f6ne Grafschaft ist an ihren gewundenen K\u00fcsten voller einsamer Buchten, h\u00fcbscher Str\u00e4nde und weniger bekannter Reiseziele\" \/>\n<meta property=\"og:url\" content=\"https:\/\/www.urlaubcornwall.de\/blog\/erkunden-sie-straende-kuesten-und-ufer-von-denen-sie-bisher-nur-getraeumt-haben\/\" \/>\n<meta property=\"og:site_name\" content=\"Urlaub &amp; Reisen\" \/>\n<meta property=\"article:modified_time\" content=\"2024-04-02T12:45:06+00:00\" \/>\n<meta property=\"og:image\" content=\"https:\/\/www.urlaubcornwall.de\/blog\/wp-content\/uploads\/2024\/03\/zennor.jpg\" \/>\n<meta name=\"twitter:card\" content=\"summary\" \/>\n<meta name=\"twitter:label1\" content=\"Est. reading time\" \/>\n\t<meta name=\"twitter:data1\" content=\"1 minute\" \/>\n<script type=\"application\/ld+json\" class=\"yoast-schema-graph\">{\"@context\":\"https:\/\/schema.org\",\"@graph\":[{\"@type\":\"WebSite\",\"@id\":\"https:\/\/www.urlaubcornwall.de\/blog\/#website\",\"url\":\"https:\/\/www.urlaubcornwall.de\/blog\/\",\"name\":\"Urlaub &amp; Reisen\",\"description\":\"Urlaub, Reisen, Cornwall und S\u00fcdengland: eine perfekte Kombination\",\"potentialAction\":[{\"@type\":\"SearchAction\",\"target\":{\"@type\":\"EntryPoint\",\"urlTemplate\":\"https:\/\/www.urlaubcornwall.de\/blog\/?s={search_term_string}\"},\"query-input\":\"required name=search_term_string\"}],\"inLanguage\":\"en-US\"},{\"@type\":\"WebPage\",\"@id\":\"https:\/\/www.urlaubcornwall.de\/blog\/erkunden-sie-straende-kuesten-und-ufer-von-denen-sie-bisher-nur-getraeumt-haben\/\",\"url\":\"https:\/\/www.urlaubcornwall.de\/blog\/erkunden-sie-straende-kuesten-und-ufer-von-denen-sie-bisher-nur-getraeumt-haben\/\",\"name\":\"Erkunden Sie Str\u00e4nde, K\u00fcsten und Ufer, von denen Sie bisher nur getr\u00e4umt haben - Urlaub &amp; Reisen\",\"isPartOf\":{\"@id\":\"https:\/\/www.urlaubcornwall.de\/blog\/#website\"},\"datePublished\":\"2023-02-13T10:58:44+00:00\",\"dateModified\":\"2024-04-02T12:45:06+00:00\",\"description\":\"Unsere wundersch\u00f6ne Grafschaft ist an ihren gewundenen K\u00fcsten voller einsamer Buchten, h\u00fcbscher Str\u00e4nde und weniger bekannter Reiseziele\",\"breadcrumb\":{\"@id\":\"https:\/\/www.urlaubcornwall.de\/blog\/erkunden-sie-straende-kuesten-und-ufer-von-denen-sie-bisher-nur-getraeumt-haben\/#breadcrumb\"},\"inLanguage\":\"en-US\",\"potentialAction\":[{\"@type\":\"ReadAction\",\"target\":[\"https:\/\/www.urlaubcornwall.de\/blog\/erkunden-sie-straende-kuesten-und-ufer-von-denen-sie-bisher-nur-getraeumt-haben\/\"]}]},{\"@type\":\"BreadcrumbList\",\"@id\":\"https:\/\/www.urlaubcornwall.de\/blog\/erkunden-sie-straende-kuesten-und-ufer-von-denen-sie-bisher-nur-getraeumt-haben\/#breadcrumb\",\"itemListElement\":[{\"@type\":\"ListItem\",\"position\":1,\"name\":\"Home\",\"item\":\"https:\/\/www.urlaubcornwall.de\/blog\/\"},{\"@type\":\"ListItem\",\"position\":2,\"name\":\"Erkunden Sie Str\u00e4nde, K\u00fcsten und Ufer, von denen Sie bisher nur getr\u00e4umt haben\"}]}]}<\/script>\n<!-- \/ Yoast SEO plugin. -->","yoast_head_json":{"title":"Erkunden Sie Str\u00e4nde, K\u00fcsten und Ufer, von denen Sie bisher nur getr\u00e4umt haben - Urlaub &amp; Reisen","description":"Unsere wundersch\u00f6ne Grafschaft ist an ihren gewundenen K\u00fcsten voller einsamer Buchten, h\u00fcbscher Str\u00e4nde und weniger bekannter Reiseziele","robots":{"index":"index","follow":"follow","max-snippet":"max-snippet:-1","max-image-preview":"max-image-preview:large","max-video-preview":"max-video-preview:-1"},"canonical":"https:\/\/www.urlaubcornwall.de\/blog\/erkunden-sie-straende-kuesten-und-ufer-von-denen-sie-bisher-nur-getraeumt-haben\/","og_locale":"en_US","og_type":"article","og_title":"Erkunden Sie Str\u00e4nde, K\u00fcsten und Ufer, von denen Sie bisher nur getr\u00e4umt haben - Urlaub &amp; Reisen","og_description":"Unsere wundersch\u00f6ne Grafschaft ist an ihren gewundenen K\u00fcsten voller einsamer Buchten, h\u00fcbscher Str\u00e4nde und weniger bekannter Reiseziele","og_url":"https:\/\/www.urlaubcornwall.de\/blog\/erkunden-sie-straende-kuesten-und-ufer-von-denen-sie-bisher-nur-getraeumt-haben\/","og_site_name":"Urlaub &amp; Reisen","article_modified_time":"2024-04-02T12:45:06+00:00","og_image":[{"url":"https:\/\/www.urlaubcornwall.de\/blog\/wp-content\/uploads\/2024\/03\/zennor.jpg"}],"twitter_card":"summary","twitter_misc":{"Est. reading time":"1 minute"},"schema":{"@context":"https:\/\/schema.org","@graph":[{"@type":"WebSite","@id":"https:\/\/www.urlaubcornwall.de\/blog\/#website","url":"https:\/\/www.urlaubcornwall.de\/blog\/","name":"Urlaub &amp; Reisen","description":"Urlaub, Reisen, Cornwall und S\u00fcdengland: eine perfekte Kombination","potentialAction":[{"@type":"SearchAction","target":{"@type":"EntryPoint","urlTemplate":"https:\/\/www.urlaubcornwall.de\/blog\/?s={search_term_string}"},"query-input":"required name=search_term_string"}],"inLanguage":"en-US"},{"@type":"WebPage","@id":"https:\/\/www.urlaubcornwall.de\/blog\/erkunden-sie-straende-kuesten-und-ufer-von-denen-sie-bisher-nur-getraeumt-haben\/","url":"https:\/\/www.urlaubcornwall.de\/blog\/erkunden-sie-straende-kuesten-und-ufer-von-denen-sie-bisher-nur-getraeumt-haben\/","name":"Erkunden Sie Str\u00e4nde, K\u00fcsten und Ufer, von denen Sie bisher nur getr\u00e4umt haben - Urlaub &amp; Reisen","isPartOf":{"@id":"https:\/\/www.urlaubcornwall.de\/blog\/#website"},"datePublished":"2023-02-13T10:58:44+00:00","dateModified":"2024-04-02T12:45:06+00:00","description":"Unsere wundersch\u00f6ne Grafschaft ist an ihren gewundenen K\u00fcsten voller einsamer Buchten, h\u00fcbscher Str\u00e4nde und weniger bekannter Reiseziele","breadcrumb":{"@id":"https:\/\/www.urlaubcornwall.de\/blog\/erkunden-sie-straende-kuesten-und-ufer-von-denen-sie-bisher-nur-getraeumt-haben\/#breadcrumb"},"inLanguage":"en-US","potentialAction":[{"@type":"ReadAction","target":["https:\/\/www.urlaubcornwall.de\/blog\/erkunden-sie-straende-kuesten-und-ufer-von-denen-sie-bisher-nur-getraeumt-haben\/"]}]},{"@type":"BreadcrumbList","@id":"https:\/\/www.urlaubcornwall.de\/blog\/erkunden-sie-straende-kuesten-und-ufer-von-denen-sie-bisher-nur-getraeumt-haben\/#breadcrumb","itemListElement":[{"@type":"ListItem","position":1,"name":"Home","item":"https:\/\/www.urlaubcornwall.de\/blog\/"},{"@type":"ListItem","position":2,"name":"Erkunden Sie Str\u00e4nde, K\u00fcsten und Ufer, von denen Sie bisher nur getr\u00e4umt haben"}]}]}},"_links":{"self":[{"href":"https:\/\/www.urlaubcornwall.de\/blog\/wp-json\/wp\/v2\/pages\/45869"}],"collection":[{"href":"https:\/\/www.urlaubcornwall.de\/blog\/wp-json\/wp\/v2\/pages"}],"about":[{"href":"https:\/\/www.urlaubcornwall.de\/blog\/wp-json\/wp\/v2\/types\/page"}],"author":[{"embeddable":true,"href":"https:\/\/www.urlaubcornwall.de\/blog\/wp-json\/wp\/v2\/users\/1"}],"replies":[{"embeddable":true,"href":"https:\/\/www.urlaubcornwall.de\/blog\/wp-json\/wp\/v2\/comments?post=45869"}],"version-history":[{"count":3,"href":"https:\/\/www.urlaubcornwall.de\/blog\/wp-json\/wp\/v2\/pages\/45869\/revisions"}],"predecessor-version":[{"id":48603,"href":"https:\/\/www.urlaubcornwall.de\/blog\/wp-json\/wp\/v2\/pages\/45869\/revisions\/48603"}],"wp:attachment":[{"href":"https:\/\/www.urlaubcornwall.de\/blog\/wp-json\/wp\/v2\/media?parent=45869"}],"curies":[{"name":"wp","href":"https:\/\/api.w.org\/{rel}","templated":true}]}}