{"id":45846,"date":"2023-02-08T10:28:31","date_gmt":"2023-02-08T10:28:31","guid":{"rendered":"https:\/\/www.urlaubcornwall.de\/blog\/?page_id=45846"},"modified":"2024-05-31T11:08:19","modified_gmt":"2024-05-31T11:08:19","slug":"wandern-im-malerischen-somerset","status":"publish","type":"page","link":"https:\/\/www.urlaubcornwall.de\/blog\/wandern-im-malerischen-somerset\/","title":{"rendered":"Wandern im malerischen Somerset"},"content":{"rendered":"<p>Manche Orte lassen sich am besten zu Fu\u00df erkunden. Wir denken, dass Somerset ein wunderbares Ziel f\u00fcr diejenigen unter Ihnen ist, die einen Wanderurlaub suchen. Von den hohen Quantock Hills bis zu den Somerset Levels, der schroffen Topographie der <a href=\"https:\/\/www.urlaubcornwall.de\/blog\/dorf-cheddar-urlaub-in-somerset\/\">Cheddar Gorge<\/a> und den langen Str\u00e4nden von <a href=\"https:\/\/www.urlaubcornwall.de\/ferienhaeuser-fewos\/eng\/somerset\/brean.html\">Brean<\/a> und <a href=\"https:\/\/www.urlaubcornwall.de\/ferienhaeuser-fewos\/eng\/somerset\/burnham-on-sea.html\">Burnham-on-Sea<\/a>, wo sind die besten Spazierg\u00e4nge in <a href=\"https:\/\/www.urlaubcornwall.de\/ferienhaeuser-fewos\/eng\/somerset\/somerset.html\">Somerset<\/a>? Wir haben einen hilfreichen Leitfaden zusammengestellt, damit Sie die besten Orte zum Wandern in Somerset nach Ihrem Geschmack und Ihren F\u00e4higkeiten finden k\u00f6nnen. Es gibt Spazierg\u00e4nge aller Art: lange, kurze, kreisf\u00f6rmige und Kneipen-tastische, die sich durch Waldabschnitte schl\u00e4ngeln, solche, die Spa\u00df f\u00fcr die Familie machen, und einige auch am Meer. Lesen Sie weiter, damit Sie Ihren Wanderurlaub in Somerset planen k\u00f6nnen.<\/p>\n<p>Wenn Sie Ihren Urlaub in Somerset verbringen m\u00f6chten, besuchen Sie unsere Auswahl an Selbstversorger-Unterk\u00fcnften an Standorten im gesamten County. Wir haben Apartments mit Meerblick, gem\u00fctliche Cottages in der abgelegenen Landschaft, gro\u00dfe Ferienh\u00e4user f\u00fcr Gro\u00dffamiliengruppen und Freunde und vieles mehr. Egal welche Art von Ferienimmobilie Sie suchen, wir haben den perfekten Ort, nur f\u00fcr Sie.<\/p>\n<p>Klicken Sie auf die Schaltfl\u00e4che unten oder scrollen Sie weiter, um mehr \u00fcber die besten Wanderwege in Somerset zu erfahren.<\/p>\n<p style=\"text-align: center;\"><a class=\"tidycta\" href=\"https:\/\/www.urlaubcornwall.de\/ferienhaeuser-fewos\/eng\/somerset\/somerset.html\">Suche Ferienh\u00e4user Somerset<\/a><\/p>\n<p><strong>Rundwanderung: Halbinsel Brean Down<\/strong><\/p>\n<p>Entfernung: 5 km<\/p>\n<p>Schwierigkeitsgrad: Leicht bis mittelschwer<\/p>\n<p>Start-\/Endpunkt: Parkplatz Brean Down, TA8 2RA<\/p>\n<p>Brean Down ist eine Landform im Besitz des National Trust und liegt zwischen dem K\u00fcstendorf Brean, Weston-super-Mare. Diese wundersch\u00f6ne Landzunge beherbergt einen sch\u00f6nen wilden Pfad, der Sie um einen 5 km langen Rundweg f\u00fchrt, auf dem Sie das Panorama des Meeres und der Somerset Levels im Landesinneren genie\u00dfen k\u00f6nnen. Halten Sie bei Ihrem Spaziergang Ausschau nach Orchideen, Schmetterlingen und V\u00f6geln. Innerhalb und au\u00dferhalb der Flora begegnen Sie den \u00dcberresten einer kleinen napoleonischen Festung, einem Grabh\u00fcgel aus der Bronzezeit, einer H\u00fcgelfestung aus der Eisenzeit und den Erdw\u00e4llen eines r\u00f6misch-keltischen Tempels.<\/p>\n<p>Entspannen Sie sich nach Ihrem Streifzug mit einem Halt im Brean Cafe. Der Weg ist unbefestigt und kann an einigen Abschnitten steil sein. Obwohl die Wanderung insgesamt recht kurz ist, gibt es dennoch Kletterherausforderungen zu genie\u00dfen. Wenn Sie Ihren Hund mitnehmen, lassen Sie ihn bitte an der Leine und beachten Sie die \u00f6rtlichen Beschr\u00e4nkungen.<\/p>\n<p><img loading=\"lazy\" class=\"aligncenter size-full wp-image-48108\" src=\"https:\/\/www.urlaubcornwall.de\/blog\/wp-content\/uploads\/2024\/03\/cheddar-gorge.jpg\" alt=\"cheddar gorge\" width=\"750\" height=\"501\" srcset=\"https:\/\/www.urlaubcornwall.de\/blog\/wp-content\/uploads\/2024\/03\/cheddar-gorge.jpg 750w, https:\/\/www.urlaubcornwall.de\/blog\/wp-content\/uploads\/2024\/03\/cheddar-gorge-300x200.jpg 300w\" sizes=\"(max-width: 750px) 100vw, 750px\" \/><\/p>\n<p><strong>Pub-Spaziergang: Cheddar Gorge<\/strong><\/p>\n<p>Entfernung: 7 km<\/p>\n<p>Schwierigkeitsgrad: Mittel bis anstrengend<\/p>\n<p>Start-\/Endpunkt: Besucherzentrum des National Trust, BS27 3QF<\/p>\n<p>Die ber\u00fchmte <a href=\"https:\/\/www.urlaubcornwall.de\/ferienhaeuser-fewos\/eng\/somerset\/cheddar.html\">Cheddar Gorge<\/a> ist ein Hotspot f\u00fcr Wanderer. Wenn Sie einen Spaziergang mit einem Pub lieben, dann ist dieser 4-Meilen-Rundweg ein guter Weg. The White Hart ist einer von mehreren brillanten Pubs im Dorf. Brillant auch f\u00fcr Hundebesitzer, da es Hunde im Inneren mit Leckereien und Sch\u00fcsseln mit Wasser willkommen hei\u00dft, um den wohlverdienten Durst zu stillen. Das Mittagessen ist hier gro\u00dfartig, also w\u00e4hlen Sie etwas Leichtes wie ein Sandwich oder verbrennen Sie auf dem Weg zur\u00fcck zum Auto ein herzhaftes Hauptgericht.<\/p>\n<p>Cheddar Gorge durchschneidet die Mendip Hills, ist 122 Meter tief und ein gro\u00dfartiges Ziel f\u00fcr einen Wanderurlaub. Der Weg hat einige Anstiege und Abfahrten, aber die atemberaubende Aussicht auf Cheddar, Glastonbury Tor und Bridgewater Bay von der Spitze der Schlucht ist die M\u00fche wert. Die Wanderung umfasst auch Black Rock, Pavey\u2019s Lookout und Jacob\u2019s Ladder.<\/p>\n<p><a href=\"https:\/\/www.urlaubcornwall.de\/blog\/wp-content\/uploads\/2015\/10\/Glastonbury.jpg\"><img loading=\"lazy\" src=\"https:\/\/www.urlaubcornwall.de\/blog\/wp-content\/uploads\/2015\/10\/Glastonbury.jpg\" alt=\"Glastonbury somerset\" width=\"750\" height=\"376\" class=\"alignnone size-full wp-image-20983\" \/><\/a><\/p>\n<p><strong>Familienwanderung: Glastonbury Tor<\/strong><\/p>\n<p>Entfernung: 4 km<\/p>\n<p>Schwierigkeit: Einfach<\/p>\n<p>Start-\/Endpunkt: Glastonbury, BA6 8JB<\/p>\n<p>Glastonbury Tor ist eines der ber\u00fchmtesten Reiseziele von Somerset. Der Ort ist von Arthurianischen und alten Legenden durchdrungen (es wird angenommen, dass es sich um die mythische Isle of Avalon handelt) und ist ein au\u00dfergew\u00f6hnliches Herzst\u00fcck eines sanften Rundgangs, der die Kirche auf seinem Gipfel und die nahe gelegene Stadt umfasst. An der Spitze von <a href=\"https:\/\/www.urlaubcornwall.de\/ferienhaeuser-fewos\/eng\/somerset\/glastonbury.html\">Glastonbury<\/a> befindet sich der denkmalgesch\u00fctzte St Michael\u2019s Tower. Das Geb\u00e4ude hat kein Dach mehr, aber viele erklimmen immer noch den H\u00fcgel, um einen Blick \u00fcber die Umgebung zu genie\u00dfen.<\/p>\n<p>Kannst du den schlafenden Drachen sehen? Dies war ein lokaler Name f\u00fcr Wearyall Hill, wo fr\u00fcher der Heilige Dorn wuchs. Der Spaziergang umfasst den Tor und schl\u00e4ngelt sich durch das Stadtzentrum und f\u00fchrt zur Glastonbury Abbey. Es l\u00e4sst sich leicht mit Kindern und Kinderwagen erg\u00e4nzen und ist eine hervorragende Wahl f\u00fcr einen sch\u00f6nen Tagesausflug.<\/p>\n<p><strong>Waldspaziergang: Porlock Bay<\/strong><\/p>\n<p>Entfernung: 14 km<\/p>\n<p>Schwierigkeitsgrad: Anstrengend<\/p>\n<p>Start-\/Endpunkt: Parkplatz der Feuerwache, Porlock, TA24 8NS<\/p>\n<p>Dieser Waldspaziergang ist auch ein sch\u00f6ner K\u00fcstenspaziergang. Ein 9-Meilen-Rundkurs, auf dessen Verlauf einige Kletterpartien erforderlich sind. Es ist ein wundersch\u00f6ner Weg, den Sie am <a href=\"https:\/\/www.urlaubcornwall.de\/ferienhaeuser-fewos\/eng\/somerset\/porlock.html\">Porlock Weir<\/a> aufnehmen k\u00f6nnen, bevor Sie nach Osten \u00fcber den felsigen Strand fahren. Die Strecke l\u00e4uft mit dem South West Coast Path zusammen, bevor sie zum Hurlstone Point mit seinem Aussichtspunkt abzweigt, wo Sie fantastische 360-Grad-Aussichten genie\u00dfen k\u00f6nnen. Sie k\u00f6nnen auch Bossington Hill, Cross Lynch Combe und Allerford sehen, wo Sie auf Salzwiesen sto\u00dfen, die gro\u00dfartige Orte f\u00fcr die Vogelbeobachtung sind.<\/p>\n<p><strong>Kurzer Spaziergang: Burnham-on-Sea Esplanade<\/strong><\/p>\n<p>Entfernung: 1 -5 km<\/p>\n<p>Schwierigkeit: Einfach<\/p>\n<p>Start-\/Endpunkt: The Winter Gardens, TA8 2AJ<\/p>\n<p>Ein sch\u00f6ner, gepflasterter Spaziergang entlang der Esplanade in <a href=\"https:\/\/www.urlaubcornwall.de\/ferienhaeuser-fewos\/eng\/somerset\/burnham-on-sea.html\">Burnham-on-Sea<\/a> erwartet diejenigen, die eine kurze und einfache Route bevorzugen. Auf diesem Spaziergang durch North Somerset erwarten Sie Ausblicke \u00fcber den <a href=\"https:\/\/www.urlaubcornwall.de\/ferienhaeuser-fewos\/eng\/somerset\/bristol.html\">Bristol<\/a> Channel und den Fluss Perrett. Sie k\u00f6nnen auch am riesigen Sandstrand entlang zur\u00fcckfahren, wenn Sie Lust dazu haben. Die Esplanade ist eine gute Idee f\u00fcr diejenigen mit kleinen Kindern, alten Hunden und Welpen und f\u00fcr diejenigen, die Mobilit\u00e4tshilfe ben\u00f6tigen.<\/p>\n<p>Da es sich um einen Badeort handelt, gibt es entlang der Esplanade Orte zum Essen und Trinken, darunter den Pier und auch ein paar Chippies. Kinder k\u00f6nnen an diesem hundefreundlichen Strand von Somerset spielen und um Eselreiten bitten; Es hat alles, was Sie brauchen, wenn Sie einen Wanderurlaub an der K\u00fcste in Somerset planen.<\/p>\n<p><strong>Langer Spaziergang: Butcombe Trail<\/strong><\/p>\n<p>Entfernung: 70 km<\/p>\n<p>Schwierigkeitsgrad: Leicht bis anstrengend<\/p>\n<p>Start-\/Endpunkt: Pub Ring O Bells, Hinton Blewett BS39 5AN<\/p>\n<p>Der 45 Meilen lange Butcombe Trail ist ein sch\u00f6ner Rundkurs in der Mendip Hills Area of Outstanding Natural Beauty (AONB) und verf\u00fcgt \u00fcber sechs Pubs, die \u00fcber seine gesamte L\u00e4nge verstreut sind. Der Butcombe Trail kreuzt sich mit anderen Fernwanderwegen und Rundwegen wie dem Mendip Way, dem Mendip Ring und dem Monarch\u2019s Way, um nur einige zu nennen. Von diesem Weg aus k\u00f6nnen Sie das Beste des AONB sehen, und es ist m\u00f6glich, die Strecke in etwa sechs Abschnitte zu unterteilen, wenn Sie eine Woche oder l\u00e4nger in der Gegend bleiben.<\/p>\n<p><strong>K\u00fcstenwanderung: Blue Anchor Bay<\/strong><\/p>\n<p>Entfernung: 4 km<\/p>\n<p>Schwierigkeit: Einfach<\/p>\n<p>Ausgangspunkt: Bahnhof Blue Anchor, TA 24 6LD<\/p>\n<p>Blue Anchor Bay, in der N\u00e4he von Minehead, einer der l\u00e4ngsten Abschnitte der ebenen, gepflasterten K\u00fcste in Nord Somerset, ist ein Genuss f\u00fcr Strandliebhaber und diejenigen, die nach einem sanften Spaziergang am Meer suchen. Bei Ebbe gibt es einen sch\u00f6nen Strand zu genie\u00dfen und bei klarem Himmel k\u00f6nnen Sie <a href=\"https:\/\/www.urlaubcornwall.de\/ferienhaeuser-fewos\/wal\/suedwales\/suedwales.html\">S\u00fcdwales<\/a> \u00fcber den Bristolkanal sehen.<\/p>\n<p>Sie k\u00f6nnen den H\u00fcgel \u00fcber <a href=\"https:\/\/www.urlaubcornwall.de\/ferienhaeuser-fewos\/eng\/somerset\/minehead.html\">Minehead<\/a> am westlichen Ende des Strandes sehen. Sie k\u00f6nnen Fish and Chips von einem mobilen Imbiss genie\u00dfen, der an den meisten Abenden aufrollt, oder weiter ins Dorf gehen, um ein Pub-Mittagessen zu genie\u00dfen. Es ist eine hervorragende Wahl f\u00fcr diejenigen unter Ihnen, die einen Spaziergang entlang der K\u00fcste machen und sich vielleicht hinsetzen m\u00f6chten, um die gro\u00dfartige Aussicht auf das Meer zu genie\u00dfen.<\/p>\n<p style=\"text-align: center;\"><a class=\"tidycta\" href=\"https:\/\/www.urlaubcornwall.de\/ferienhaeuser-fewos\/eng\/somerset\/somerset.html\">Suche Ferienh\u00e4user Somerset<\/a><\/p>\n","protected":false},"excerpt":{"rendered":"<p>Manche Orte lassen sich am besten zu Fu\u00df erkunden. Wir denken, dass Somerset ein wunderbares Ziel f\u00fcr diejenigen unter Ihnen ist, die einen Wanderurlaub suchen. Von den hohen Quantock Hills bis zu den Somerset Levels, der schroffen Topographie der Cheddar Gorge und den langen Str\u00e4nden von Brean und Burnham-on-Sea, wo sind die besten Spazierg\u00e4nge in [&hellip;]<\/p>\n","protected":false},"author":1,"featured_media":0,"parent":0,"menu_order":0,"comment_status":"closed","ping_status":"closed","template":"single-four.php","meta":[],"acf":[],"yoast_head":"<!-- This site is optimized with the Yoast SEO plugin v19.4 - https:\/\/yoast.com\/wordpress\/plugins\/seo\/ -->\n<title>Wandern im malerischen Somerset - Urlaub &amp; Reisen<\/title>\n<meta name=\"description\" content=\"Manche Orte lassen sich am besten zu Fu\u00df erkunden. Wir denken, dass Somerset ein wunderbares Ziel f\u00fcr diejenigen unter Ihnen ist\" \/>\n<meta name=\"robots\" content=\"index, follow, max-snippet:-1, max-image-preview:large, max-video-preview:-1\" \/>\n<link rel=\"canonical\" href=\"https:\/\/www.urlaubcornwall.de\/blog\/wandern-im-malerischen-somerset\/\" \/>\n<meta property=\"og:locale\" content=\"en_US\" \/>\n<meta property=\"og:type\" content=\"article\" \/>\n<meta property=\"og:title\" content=\"Wandern im malerischen Somerset - Urlaub &amp; Reisen\" \/>\n<meta property=\"og:description\" content=\"Manche Orte lassen sich am besten zu Fu\u00df erkunden. Wir denken, dass Somerset ein wunderbares Ziel f\u00fcr diejenigen unter Ihnen ist\" \/>\n<meta property=\"og:url\" content=\"https:\/\/www.urlaubcornwall.de\/blog\/wandern-im-malerischen-somerset\/\" \/>\n<meta property=\"og:site_name\" content=\"Urlaub &amp; Reisen\" \/>\n<meta property=\"article:modified_time\" content=\"2024-05-31T11:08:19+00:00\" \/>\n<meta property=\"og:image\" content=\"https:\/\/www.urlaubcornwall.de\/blog\/wp-content\/uploads\/2024\/03\/cheddar-gorge.jpg\" \/>\n<meta name=\"twitter:card\" content=\"summary\" \/>\n<meta name=\"twitter:label1\" content=\"Est. reading time\" \/>\n\t<meta name=\"twitter:data1\" content=\"6 minutes\" \/>\n<script type=\"application\/ld+json\" class=\"yoast-schema-graph\">{\"@context\":\"https:\/\/schema.org\",\"@graph\":[{\"@type\":\"WebSite\",\"@id\":\"https:\/\/www.urlaubcornwall.de\/blog\/#website\",\"url\":\"https:\/\/www.urlaubcornwall.de\/blog\/\",\"name\":\"Urlaub &amp; Reisen\",\"description\":\"Urlaub, Reisen, Cornwall und S\u00fcdengland: eine perfekte Kombination\",\"potentialAction\":[{\"@type\":\"SearchAction\",\"target\":{\"@type\":\"EntryPoint\",\"urlTemplate\":\"https:\/\/www.urlaubcornwall.de\/blog\/?s={search_term_string}\"},\"query-input\":\"required name=search_term_string\"}],\"inLanguage\":\"en-US\"},{\"@type\":\"WebPage\",\"@id\":\"https:\/\/www.urlaubcornwall.de\/blog\/wandern-im-malerischen-somerset\/\",\"url\":\"https:\/\/www.urlaubcornwall.de\/blog\/wandern-im-malerischen-somerset\/\",\"name\":\"Wandern im malerischen Somerset - Urlaub &amp; Reisen\",\"isPartOf\":{\"@id\":\"https:\/\/www.urlaubcornwall.de\/blog\/#website\"},\"datePublished\":\"2023-02-08T10:28:31+00:00\",\"dateModified\":\"2024-05-31T11:08:19+00:00\",\"description\":\"Manche Orte lassen sich am besten zu Fu\u00df erkunden. Wir denken, dass Somerset ein wunderbares Ziel f\u00fcr diejenigen unter Ihnen ist\",\"breadcrumb\":{\"@id\":\"https:\/\/www.urlaubcornwall.de\/blog\/wandern-im-malerischen-somerset\/#breadcrumb\"},\"inLanguage\":\"en-US\",\"potentialAction\":[{\"@type\":\"ReadAction\",\"target\":[\"https:\/\/www.urlaubcornwall.de\/blog\/wandern-im-malerischen-somerset\/\"]}]},{\"@type\":\"BreadcrumbList\",\"@id\":\"https:\/\/www.urlaubcornwall.de\/blog\/wandern-im-malerischen-somerset\/#breadcrumb\",\"itemListElement\":[{\"@type\":\"ListItem\",\"position\":1,\"name\":\"Home\",\"item\":\"https:\/\/www.urlaubcornwall.de\/blog\/\"},{\"@type\":\"ListItem\",\"position\":2,\"name\":\"Wandern im malerischen Somerset\"}]}]}<\/script>\n<!-- \/ Yoast SEO plugin. -->","yoast_head_json":{"title":"Wandern im malerischen Somerset - Urlaub &amp; Reisen","description":"Manche Orte lassen sich am besten zu Fu\u00df erkunden. Wir denken, dass Somerset ein wunderbares Ziel f\u00fcr diejenigen unter Ihnen ist","robots":{"index":"index","follow":"follow","max-snippet":"max-snippet:-1","max-image-preview":"max-image-preview:large","max-video-preview":"max-video-preview:-1"},"canonical":"https:\/\/www.urlaubcornwall.de\/blog\/wandern-im-malerischen-somerset\/","og_locale":"en_US","og_type":"article","og_title":"Wandern im malerischen Somerset - Urlaub &amp; Reisen","og_description":"Manche Orte lassen sich am besten zu Fu\u00df erkunden. Wir denken, dass Somerset ein wunderbares Ziel f\u00fcr diejenigen unter Ihnen ist","og_url":"https:\/\/www.urlaubcornwall.de\/blog\/wandern-im-malerischen-somerset\/","og_site_name":"Urlaub &amp; Reisen","article_modified_time":"2024-05-31T11:08:19+00:00","og_image":[{"url":"https:\/\/www.urlaubcornwall.de\/blog\/wp-content\/uploads\/2024\/03\/cheddar-gorge.jpg"}],"twitter_card":"summary","twitter_misc":{"Est. reading time":"6 minutes"},"schema":{"@context":"https:\/\/schema.org","@graph":[{"@type":"WebSite","@id":"https:\/\/www.urlaubcornwall.de\/blog\/#website","url":"https:\/\/www.urlaubcornwall.de\/blog\/","name":"Urlaub &amp; Reisen","description":"Urlaub, Reisen, Cornwall und S\u00fcdengland: eine perfekte Kombination","potentialAction":[{"@type":"SearchAction","target":{"@type":"EntryPoint","urlTemplate":"https:\/\/www.urlaubcornwall.de\/blog\/?s={search_term_string}"},"query-input":"required name=search_term_string"}],"inLanguage":"en-US"},{"@type":"WebPage","@id":"https:\/\/www.urlaubcornwall.de\/blog\/wandern-im-malerischen-somerset\/","url":"https:\/\/www.urlaubcornwall.de\/blog\/wandern-im-malerischen-somerset\/","name":"Wandern im malerischen Somerset - Urlaub &amp; Reisen","isPartOf":{"@id":"https:\/\/www.urlaubcornwall.de\/blog\/#website"},"datePublished":"2023-02-08T10:28:31+00:00","dateModified":"2024-05-31T11:08:19+00:00","description":"Manche Orte lassen sich am besten zu Fu\u00df erkunden. Wir denken, dass Somerset ein wunderbares Ziel f\u00fcr diejenigen unter Ihnen ist","breadcrumb":{"@id":"https:\/\/www.urlaubcornwall.de\/blog\/wandern-im-malerischen-somerset\/#breadcrumb"},"inLanguage":"en-US","potentialAction":[{"@type":"ReadAction","target":["https:\/\/www.urlaubcornwall.de\/blog\/wandern-im-malerischen-somerset\/"]}]},{"@type":"BreadcrumbList","@id":"https:\/\/www.urlaubcornwall.de\/blog\/wandern-im-malerischen-somerset\/#breadcrumb","itemListElement":[{"@type":"ListItem","position":1,"name":"Home","item":"https:\/\/www.urlaubcornwall.de\/blog\/"},{"@type":"ListItem","position":2,"name":"Wandern im malerischen Somerset"}]}]}},"_links":{"self":[{"href":"https:\/\/www.urlaubcornwall.de\/blog\/wp-json\/wp\/v2\/pages\/45846"}],"collection":[{"href":"https:\/\/www.urlaubcornwall.de\/blog\/wp-json\/wp\/v2\/pages"}],"about":[{"href":"https:\/\/www.urlaubcornwall.de\/blog\/wp-json\/wp\/v2\/types\/page"}],"author":[{"embeddable":true,"href":"https:\/\/www.urlaubcornwall.de\/blog\/wp-json\/wp\/v2\/users\/1"}],"replies":[{"embeddable":true,"href":"https:\/\/www.urlaubcornwall.de\/blog\/wp-json\/wp\/v2\/comments?post=45846"}],"version-history":[{"count":11,"href":"https:\/\/www.urlaubcornwall.de\/blog\/wp-json\/wp\/v2\/pages\/45846\/revisions"}],"predecessor-version":[{"id":51303,"href":"https:\/\/www.urlaubcornwall.de\/blog\/wp-json\/wp\/v2\/pages\/45846\/revisions\/51303"}],"wp:attachment":[{"href":"https:\/\/www.urlaubcornwall.de\/blog\/wp-json\/wp\/v2\/media?parent=45846"}],"curies":[{"name":"wp","href":"https:\/\/api.w.org\/{rel}","templated":true}]}}