{"id":45822,"date":"2023-01-31T10:28:08","date_gmt":"2023-01-31T10:28:08","guid":{"rendered":"https:\/\/www.urlaubcornwall.de\/blog\/?page_id=45822"},"modified":"2024-05-31T09:54:12","modified_gmt":"2024-05-31T09:54:12","slug":"wo-ist-cornwall-in-england","status":"publish","type":"page","link":"https:\/\/www.urlaubcornwall.de\/blog\/wo-ist-cornwall-in-england\/","title":{"rendered":"Wo ist Cornwall in England?"},"content":{"rendered":"<p><img loading=\"lazy\" class=\"aligncenter size-full wp-image-40101\" src=\"https:\/\/www.urlaubcornwall.de\/blog\/wp-content\/uploads\/2020\/05\/st-martins-blick.jpg\" alt=\"Urlaub in Cornwall meerblick\" width=\"750\" height=\"607\" srcset=\"https:\/\/www.urlaubcornwall.de\/blog\/wp-content\/uploads\/2020\/05\/st-martins-blick.jpg 750w, https:\/\/www.urlaubcornwall.de\/blog\/wp-content\/uploads\/2020\/05\/st-martins-blick-300x243.jpg 300w\" sizes=\"(max-width: 750px) 100vw, 750px\" \/><\/p>\n<p>Im \u00e4u\u00dfersten Westen Gro\u00dfbritanniens auf einer Halbinsel gelegen, die in den weiten Atlantischen Ozean m\u00fcndet und fast vollst\u00e4ndig vom Meer umgeben ist, umgibt Cornwall fast 500 km lang <a href=\"https:\/\/www.urlaubcornwall.de\/blog\/schoensten-straende-in-cornwall\/\">eine herrliche K\u00fcst<\/a>e. Cornwall ist auch der Standort des s\u00fcdlichsten Vorgebirges des britischen Festlandes, <a href=\"https:\/\/www.urlaubcornwall.de\/ferienhaeuser-fewos\/lizard-halbinsel.html\">Die Lizard<\/a>, und eines der westlichsten Punkte Gro\u00dfbritanniens, <a href=\"https:\/\/www.urlaubcornwall.de\/ferienhaeuser-fewos\/lands-end.html\">Land&#8217;s End<\/a>, w\u00e4hrend ein paar Kilometer vor der K\u00fcste und noch weiter westlich ein Archipel winziger Inseln liegt, die <a href=\"https:\/\/www.urlaubcornwall.de\/Scilly-Inseln.php\">Isles of Scilly<\/a>.<\/p>\n<div class=\"snippet\"> <a class=\"featured-item\" href=\"https:\/\/www.urlaubcornwall.de\/ferienhaeuser\/cornwall.php\"> <span class=\"image-holder\" style=\"background-image: url('https:\/\/www.urlaubcornwall.de\/blog\/wp-content\/uploads\/2018\/12\/familienurlaub-corwnall-snippet.jpg');\"><\/span> <span class=\"featured-content\"> \n<h2 class=\"featured-title\">Ferienh\u00e4user in Cornwall am Meer<\/h2>\n<p class=\"featured-body\">Cornwall besitzt mehr K\u00fcstenlinien als jede andere Grafschaft und bietet einige der besten Str\u00e4nde, K\u00fcstenwanderwege und Klippenlandschaften, die man \u00fcberhaupt finden kann&#8230; <\/p><\/span> <span class=\"featured-link-holder\"> <span class=\"featured-extra-info\"> \n<p>F\u00fcr Paare, Familien &#038; Gruppen<\/p>\n<\/span> \n<p class=\"featured-link\">DETAILS<\/p>\n<\/span> <\/a><\/div>\n","protected":false},"excerpt":{"rendered":"<p>Im \u00e4u\u00dfersten Westen Gro\u00dfbritanniens auf einer Halbinsel gelegen, die in den weiten Atlantischen Ozean m\u00fcndet und fast vollst\u00e4ndig vom Meer umgeben ist, umgibt Cornwall fast 500 km lang eine herrliche K\u00fcste. Cornwall ist auch der Standort des s\u00fcdlichsten Vorgebirges des britischen Festlandes, Die Lizard, und eines der westlichsten Punkte Gro\u00dfbritanniens, Land&#8217;s End, w\u00e4hrend ein paar [&hellip;]<\/p>\n","protected":false},"author":1,"featured_media":0,"parent":0,"menu_order":0,"comment_status":"closed","ping_status":"closed","template":"single-four.php","meta":[],"acf":[],"yoast_head":"<!-- This site is optimized with the Yoast SEO plugin v19.4 - https:\/\/yoast.com\/wordpress\/plugins\/seo\/ -->\n<title>Wo ist Cornwall in England? - Urlaub &amp; Reisen<\/title>\n<meta name=\"description\" content=\"Im \u00e4u\u00dfersten Westen Gro\u00dfbritanniens auf einer Halbinsel gelegen, die in den weiten Atlantischen Ozean m\u00fcndet und fast vollst\u00e4ndig vom\" \/>\n<meta name=\"robots\" content=\"index, follow, max-snippet:-1, max-image-preview:large, max-video-preview:-1\" \/>\n<link rel=\"canonical\" href=\"https:\/\/www.urlaubcornwall.de\/blog\/wo-ist-cornwall-in-england\/\" \/>\n<meta property=\"og:locale\" content=\"en_US\" \/>\n<meta property=\"og:type\" content=\"article\" \/>\n<meta property=\"og:title\" content=\"Wo ist Cornwall in England? - Urlaub &amp; Reisen\" \/>\n<meta property=\"og:description\" content=\"Im \u00e4u\u00dfersten Westen Gro\u00dfbritanniens auf einer Halbinsel gelegen, die in den weiten Atlantischen Ozean m\u00fcndet und fast vollst\u00e4ndig vom\" \/>\n<meta property=\"og:url\" content=\"https:\/\/www.urlaubcornwall.de\/blog\/wo-ist-cornwall-in-england\/\" \/>\n<meta property=\"og:site_name\" content=\"Urlaub &amp; Reisen\" \/>\n<meta property=\"article:modified_time\" content=\"2024-05-31T09:54:12+00:00\" \/>\n<meta property=\"og:image\" content=\"https:\/\/www.urlaubcornwall.de\/blog\/wp-content\/uploads\/2020\/05\/st-martins-blick.jpg\" \/>\n<meta name=\"twitter:card\" content=\"summary\" \/>\n<meta name=\"twitter:label1\" content=\"Est. reading time\" \/>\n\t<meta name=\"twitter:data1\" content=\"1 minute\" \/>\n<script type=\"application\/ld+json\" class=\"yoast-schema-graph\">{\"@context\":\"https:\/\/schema.org\",\"@graph\":[{\"@type\":\"WebSite\",\"@id\":\"https:\/\/www.urlaubcornwall.de\/blog\/#website\",\"url\":\"https:\/\/www.urlaubcornwall.de\/blog\/\",\"name\":\"Urlaub &amp; Reisen\",\"description\":\"Urlaub, Reisen, Cornwall und S\u00fcdengland: eine perfekte Kombination\",\"potentialAction\":[{\"@type\":\"SearchAction\",\"target\":{\"@type\":\"EntryPoint\",\"urlTemplate\":\"https:\/\/www.urlaubcornwall.de\/blog\/?s={search_term_string}\"},\"query-input\":\"required name=search_term_string\"}],\"inLanguage\":\"en-US\"},{\"@type\":\"WebPage\",\"@id\":\"https:\/\/www.urlaubcornwall.de\/blog\/wo-ist-cornwall-in-england\/\",\"url\":\"https:\/\/www.urlaubcornwall.de\/blog\/wo-ist-cornwall-in-england\/\",\"name\":\"Wo ist Cornwall in England? - Urlaub &amp; Reisen\",\"isPartOf\":{\"@id\":\"https:\/\/www.urlaubcornwall.de\/blog\/#website\"},\"datePublished\":\"2023-01-31T10:28:08+00:00\",\"dateModified\":\"2024-05-31T09:54:12+00:00\",\"description\":\"Im \u00e4u\u00dfersten Westen Gro\u00dfbritanniens auf einer Halbinsel gelegen, die in den weiten Atlantischen Ozean m\u00fcndet und fast vollst\u00e4ndig vom\",\"breadcrumb\":{\"@id\":\"https:\/\/www.urlaubcornwall.de\/blog\/wo-ist-cornwall-in-england\/#breadcrumb\"},\"inLanguage\":\"en-US\",\"potentialAction\":[{\"@type\":\"ReadAction\",\"target\":[\"https:\/\/www.urlaubcornwall.de\/blog\/wo-ist-cornwall-in-england\/\"]}]},{\"@type\":\"BreadcrumbList\",\"@id\":\"https:\/\/www.urlaubcornwall.de\/blog\/wo-ist-cornwall-in-england\/#breadcrumb\",\"itemListElement\":[{\"@type\":\"ListItem\",\"position\":1,\"name\":\"Home\",\"item\":\"https:\/\/www.urlaubcornwall.de\/blog\/\"},{\"@type\":\"ListItem\",\"position\":2,\"name\":\"Wo ist Cornwall in England?\"}]}]}<\/script>\n<!-- \/ Yoast SEO plugin. -->","yoast_head_json":{"title":"Wo ist Cornwall in England? - Urlaub &amp; Reisen","description":"Im \u00e4u\u00dfersten Westen Gro\u00dfbritanniens auf einer Halbinsel gelegen, die in den weiten Atlantischen Ozean m\u00fcndet und fast vollst\u00e4ndig vom","robots":{"index":"index","follow":"follow","max-snippet":"max-snippet:-1","max-image-preview":"max-image-preview:large","max-video-preview":"max-video-preview:-1"},"canonical":"https:\/\/www.urlaubcornwall.de\/blog\/wo-ist-cornwall-in-england\/","og_locale":"en_US","og_type":"article","og_title":"Wo ist Cornwall in England? - Urlaub &amp; Reisen","og_description":"Im \u00e4u\u00dfersten Westen Gro\u00dfbritanniens auf einer Halbinsel gelegen, die in den weiten Atlantischen Ozean m\u00fcndet und fast vollst\u00e4ndig vom","og_url":"https:\/\/www.urlaubcornwall.de\/blog\/wo-ist-cornwall-in-england\/","og_site_name":"Urlaub &amp; Reisen","article_modified_time":"2024-05-31T09:54:12+00:00","og_image":[{"url":"https:\/\/www.urlaubcornwall.de\/blog\/wp-content\/uploads\/2020\/05\/st-martins-blick.jpg"}],"twitter_card":"summary","twitter_misc":{"Est. reading time":"1 minute"},"schema":{"@context":"https:\/\/schema.org","@graph":[{"@type":"WebSite","@id":"https:\/\/www.urlaubcornwall.de\/blog\/#website","url":"https:\/\/www.urlaubcornwall.de\/blog\/","name":"Urlaub &amp; Reisen","description":"Urlaub, Reisen, Cornwall und S\u00fcdengland: eine perfekte Kombination","potentialAction":[{"@type":"SearchAction","target":{"@type":"EntryPoint","urlTemplate":"https:\/\/www.urlaubcornwall.de\/blog\/?s={search_term_string}"},"query-input":"required name=search_term_string"}],"inLanguage":"en-US"},{"@type":"WebPage","@id":"https:\/\/www.urlaubcornwall.de\/blog\/wo-ist-cornwall-in-england\/","url":"https:\/\/www.urlaubcornwall.de\/blog\/wo-ist-cornwall-in-england\/","name":"Wo ist Cornwall in England? - Urlaub &amp; Reisen","isPartOf":{"@id":"https:\/\/www.urlaubcornwall.de\/blog\/#website"},"datePublished":"2023-01-31T10:28:08+00:00","dateModified":"2024-05-31T09:54:12+00:00","description":"Im \u00e4u\u00dfersten Westen Gro\u00dfbritanniens auf einer Halbinsel gelegen, die in den weiten Atlantischen Ozean m\u00fcndet und fast vollst\u00e4ndig vom","breadcrumb":{"@id":"https:\/\/www.urlaubcornwall.de\/blog\/wo-ist-cornwall-in-england\/#breadcrumb"},"inLanguage":"en-US","potentialAction":[{"@type":"ReadAction","target":["https:\/\/www.urlaubcornwall.de\/blog\/wo-ist-cornwall-in-england\/"]}]},{"@type":"BreadcrumbList","@id":"https:\/\/www.urlaubcornwall.de\/blog\/wo-ist-cornwall-in-england\/#breadcrumb","itemListElement":[{"@type":"ListItem","position":1,"name":"Home","item":"https:\/\/www.urlaubcornwall.de\/blog\/"},{"@type":"ListItem","position":2,"name":"Wo ist Cornwall in England?"}]}]}},"_links":{"self":[{"href":"https:\/\/www.urlaubcornwall.de\/blog\/wp-json\/wp\/v2\/pages\/45822"}],"collection":[{"href":"https:\/\/www.urlaubcornwall.de\/blog\/wp-json\/wp\/v2\/pages"}],"about":[{"href":"https:\/\/www.urlaubcornwall.de\/blog\/wp-json\/wp\/v2\/types\/page"}],"author":[{"embeddable":true,"href":"https:\/\/www.urlaubcornwall.de\/blog\/wp-json\/wp\/v2\/users\/1"}],"replies":[{"embeddable":true,"href":"https:\/\/www.urlaubcornwall.de\/blog\/wp-json\/wp\/v2\/comments?post=45822"}],"version-history":[{"count":2,"href":"https:\/\/www.urlaubcornwall.de\/blog\/wp-json\/wp\/v2\/pages\/45822\/revisions"}],"predecessor-version":[{"id":45826,"href":"https:\/\/www.urlaubcornwall.de\/blog\/wp-json\/wp\/v2\/pages\/45822\/revisions\/45826"}],"wp:attachment":[{"href":"https:\/\/www.urlaubcornwall.de\/blog\/wp-json\/wp\/v2\/media?parent=45822"}],"curies":[{"name":"wp","href":"https:\/\/api.w.org\/{rel}","templated":true}]}}