{"id":45797,"date":"2023-01-17T16:18:27","date_gmt":"2023-01-17T16:18:27","guid":{"rendered":"https:\/\/www.urlaubcornwall.de\/blog\/?page_id=45797"},"modified":"2023-01-17T16:18:27","modified_gmt":"2023-01-17T16:18:27","slug":"ferienhaus-in-acharacle-mit-blick-auf-loch-sunart-nordschottland","status":"publish","type":"page","link":"https:\/\/www.urlaubcornwall.de\/blog\/ferienhaus-in-acharacle-mit-blick-auf-loch-sunart-nordschottland\/","title":{"rendered":"Ferienhaus in Acharacle mit Blick auf Loch Sunart &#8211; Nordschottland"},"content":{"rendered":"<p><img loading=\"lazy\" class=\"aligncenter size-full wp-image-45798\" src=\"https:\/\/www.urlaubcornwall.de\/blog\/wp-content\/uploads\/2023\/01\/the-seashell-ardnamurchan-lochaber-nordschottland.jpg\" alt=\"the-seashell-ardnamurchan-lochaber-nordschottland\" width=\"750\" height=\"563\" srcset=\"https:\/\/www.urlaubcornwall.de\/blog\/wp-content\/uploads\/2023\/01\/the-seashell-ardnamurchan-lochaber-nordschottland.jpg 750w, https:\/\/www.urlaubcornwall.de\/blog\/wp-content\/uploads\/2023\/01\/the-seashell-ardnamurchan-lochaber-nordschottland-300x225.jpg 300w\" sizes=\"(max-width: 750px) 100vw, 750px\" \/> <\/p>\n<p><a href=\"https:\/\/www.urlaubcornwall.de\/ferienhaeuser-fewos\/unterkunft\/Holiday\/76281-1-bedroom-cottage-in-acharacle---ca368.html\">Ein einzigartiges und sch\u00f6nes Ferienhaus in den schottischen Highlands<\/a><\/p>\n<p>Wenn Sie schon immer das Leben im Einklang mit der Natur erleben wollten, ist dieses <a href=\"https:\/\/www.urlaubcornwall.de\/ferienhaeuser-fewos\/unterkunft\/Holiday\/76281-1-bedroom-cottage-in-acharacle---ca368.html\">kleine H\u00e4uschen<\/a> genau das Richtige f\u00fcr Sie. Mit Blick auf den atemberaubenden Loch Sunart ist es v\u00f6llig abgeschieden und von Wildnis umgeben. Es wurde so gebaut, dass es mit einem Torfdach und W\u00e4nden aus lokalem Holz und Stein harmoniert. Schlafen Sie nur zwei, es ist ein himmlisches romantisches Refugium.<\/p>\n<p>Schlafplatz f\u00fcr 2 | Schlafzimmer:1 | Badezimmer:1 | Erwachsene:2 | Haustiere: Leider keine Haustiere erlaubt <\/p>\n<p><strong>Eigenschaften<\/strong><\/p>\n<p>Auto empfohlen | offener Kamin \/ Holzofen | Internet Zugang | romantisch | Handt\u00fccher inklusive<\/p>\n<p style=\"text-align: center;\"><a class=\"tidycta\" href=\"https:\/\/www.urlaubcornwall.de\/ferienhaeuser-fewos\/sco\/schottland.html\">Suche Ferienh\u00e4user in Schottland<\/a><\/p>\n","protected":false},"excerpt":{"rendered":"<p>Ein einzigartiges und sch\u00f6nes Ferienhaus in den schottischen Highlands Wenn Sie schon immer das Leben im Einklang mit der Natur erleben wollten, ist dieses kleine H\u00e4uschen genau das Richtige f\u00fcr Sie. Mit Blick auf den atemberaubenden Loch Sunart ist es v\u00f6llig abgeschieden und von Wildnis umgeben. Es wurde so gebaut, dass es mit einem Torfdach [&hellip;]<\/p>\n","protected":false},"author":1,"featured_media":0,"parent":0,"menu_order":0,"comment_status":"closed","ping_status":"closed","template":"single-four.php","meta":[],"acf":[],"yoast_head":"<!-- This site is optimized with the Yoast SEO plugin v19.4 - https:\/\/yoast.com\/wordpress\/plugins\/seo\/ -->\n<title>Ferienhaus in Acharacle mit Blick auf Loch Sunart - Nordschottland - Urlaub &amp; Reisen<\/title>\n<meta name=\"robots\" content=\"index, follow, max-snippet:-1, max-image-preview:large, max-video-preview:-1\" \/>\n<link rel=\"canonical\" href=\"https:\/\/www.urlaubcornwall.de\/blog\/ferienhaus-in-acharacle-mit-blick-auf-loch-sunart-nordschottland\/\" \/>\n<meta property=\"og:locale\" content=\"en_US\" \/>\n<meta property=\"og:type\" content=\"article\" \/>\n<meta property=\"og:title\" content=\"Ferienhaus in Acharacle mit Blick auf Loch Sunart - Nordschottland - Urlaub &amp; Reisen\" \/>\n<meta property=\"og:description\" content=\"Ein einzigartiges und sch\u00f6nes Ferienhaus in den schottischen Highlands Wenn Sie schon immer das Leben im Einklang mit der Natur erleben wollten, ist dieses kleine H\u00e4uschen genau das Richtige f\u00fcr Sie. Mit Blick auf den atemberaubenden Loch Sunart ist es v\u00f6llig abgeschieden und von Wildnis umgeben. Es wurde so gebaut, dass es mit einem Torfdach [&hellip;]\" \/>\n<meta property=\"og:url\" content=\"https:\/\/www.urlaubcornwall.de\/blog\/ferienhaus-in-acharacle-mit-blick-auf-loch-sunart-nordschottland\/\" \/>\n<meta property=\"og:site_name\" content=\"Urlaub &amp; Reisen\" \/>\n<meta property=\"og:image\" content=\"https:\/\/www.urlaubcornwall.de\/blog\/wp-content\/uploads\/2023\/01\/the-seashell-ardnamurchan-lochaber-nordschottland.jpg\" \/>\n<meta name=\"twitter:card\" content=\"summary\" \/>\n<script type=\"application\/ld+json\" class=\"yoast-schema-graph\">{\"@context\":\"https:\/\/schema.org\",\"@graph\":[{\"@type\":\"WebSite\",\"@id\":\"https:\/\/www.urlaubcornwall.de\/blog\/#website\",\"url\":\"https:\/\/www.urlaubcornwall.de\/blog\/\",\"name\":\"Urlaub &amp; Reisen\",\"description\":\"Urlaub, Reisen, Cornwall und S\u00fcdengland: eine perfekte Kombination\",\"potentialAction\":[{\"@type\":\"SearchAction\",\"target\":{\"@type\":\"EntryPoint\",\"urlTemplate\":\"https:\/\/www.urlaubcornwall.de\/blog\/?s={search_term_string}\"},\"query-input\":\"required name=search_term_string\"}],\"inLanguage\":\"en-US\"},{\"@type\":\"WebPage\",\"@id\":\"https:\/\/www.urlaubcornwall.de\/blog\/ferienhaus-in-acharacle-mit-blick-auf-loch-sunart-nordschottland\/\",\"url\":\"https:\/\/www.urlaubcornwall.de\/blog\/ferienhaus-in-acharacle-mit-blick-auf-loch-sunart-nordschottland\/\",\"name\":\"Ferienhaus in Acharacle mit Blick auf Loch Sunart - Nordschottland - Urlaub &amp; Reisen\",\"isPartOf\":{\"@id\":\"https:\/\/www.urlaubcornwall.de\/blog\/#website\"},\"datePublished\":\"2023-01-17T16:18:27+00:00\",\"dateModified\":\"2023-01-17T16:18:27+00:00\",\"breadcrumb\":{\"@id\":\"https:\/\/www.urlaubcornwall.de\/blog\/ferienhaus-in-acharacle-mit-blick-auf-loch-sunart-nordschottland\/#breadcrumb\"},\"inLanguage\":\"en-US\",\"potentialAction\":[{\"@type\":\"ReadAction\",\"target\":[\"https:\/\/www.urlaubcornwall.de\/blog\/ferienhaus-in-acharacle-mit-blick-auf-loch-sunart-nordschottland\/\"]}]},{\"@type\":\"BreadcrumbList\",\"@id\":\"https:\/\/www.urlaubcornwall.de\/blog\/ferienhaus-in-acharacle-mit-blick-auf-loch-sunart-nordschottland\/#breadcrumb\",\"itemListElement\":[{\"@type\":\"ListItem\",\"position\":1,\"name\":\"Home\",\"item\":\"https:\/\/www.urlaubcornwall.de\/blog\/\"},{\"@type\":\"ListItem\",\"position\":2,\"name\":\"Ferienhaus in Acharacle mit Blick auf Loch Sunart &#8211; Nordschottland\"}]}]}<\/script>\n<!-- \/ Yoast SEO plugin. -->","yoast_head_json":{"title":"Ferienhaus in Acharacle mit Blick auf Loch Sunart - Nordschottland - Urlaub &amp; Reisen","robots":{"index":"index","follow":"follow","max-snippet":"max-snippet:-1","max-image-preview":"max-image-preview:large","max-video-preview":"max-video-preview:-1"},"canonical":"https:\/\/www.urlaubcornwall.de\/blog\/ferienhaus-in-acharacle-mit-blick-auf-loch-sunart-nordschottland\/","og_locale":"en_US","og_type":"article","og_title":"Ferienhaus in Acharacle mit Blick auf Loch Sunart - Nordschottland - Urlaub &amp; Reisen","og_description":"Ein einzigartiges und sch\u00f6nes Ferienhaus in den schottischen Highlands Wenn Sie schon immer das Leben im Einklang mit der Natur erleben wollten, ist dieses kleine H\u00e4uschen genau das Richtige f\u00fcr Sie. Mit Blick auf den atemberaubenden Loch Sunart ist es v\u00f6llig abgeschieden und von Wildnis umgeben. Es wurde so gebaut, dass es mit einem Torfdach [&hellip;]","og_url":"https:\/\/www.urlaubcornwall.de\/blog\/ferienhaus-in-acharacle-mit-blick-auf-loch-sunart-nordschottland\/","og_site_name":"Urlaub &amp; Reisen","og_image":[{"url":"https:\/\/www.urlaubcornwall.de\/blog\/wp-content\/uploads\/2023\/01\/the-seashell-ardnamurchan-lochaber-nordschottland.jpg"}],"twitter_card":"summary","schema":{"@context":"https:\/\/schema.org","@graph":[{"@type":"WebSite","@id":"https:\/\/www.urlaubcornwall.de\/blog\/#website","url":"https:\/\/www.urlaubcornwall.de\/blog\/","name":"Urlaub &amp; Reisen","description":"Urlaub, Reisen, Cornwall und S\u00fcdengland: eine perfekte Kombination","potentialAction":[{"@type":"SearchAction","target":{"@type":"EntryPoint","urlTemplate":"https:\/\/www.urlaubcornwall.de\/blog\/?s={search_term_string}"},"query-input":"required name=search_term_string"}],"inLanguage":"en-US"},{"@type":"WebPage","@id":"https:\/\/www.urlaubcornwall.de\/blog\/ferienhaus-in-acharacle-mit-blick-auf-loch-sunart-nordschottland\/","url":"https:\/\/www.urlaubcornwall.de\/blog\/ferienhaus-in-acharacle-mit-blick-auf-loch-sunart-nordschottland\/","name":"Ferienhaus in Acharacle mit Blick auf Loch Sunart - Nordschottland - Urlaub &amp; Reisen","isPartOf":{"@id":"https:\/\/www.urlaubcornwall.de\/blog\/#website"},"datePublished":"2023-01-17T16:18:27+00:00","dateModified":"2023-01-17T16:18:27+00:00","breadcrumb":{"@id":"https:\/\/www.urlaubcornwall.de\/blog\/ferienhaus-in-acharacle-mit-blick-auf-loch-sunart-nordschottland\/#breadcrumb"},"inLanguage":"en-US","potentialAction":[{"@type":"ReadAction","target":["https:\/\/www.urlaubcornwall.de\/blog\/ferienhaus-in-acharacle-mit-blick-auf-loch-sunart-nordschottland\/"]}]},{"@type":"BreadcrumbList","@id":"https:\/\/www.urlaubcornwall.de\/blog\/ferienhaus-in-acharacle-mit-blick-auf-loch-sunart-nordschottland\/#breadcrumb","itemListElement":[{"@type":"ListItem","position":1,"name":"Home","item":"https:\/\/www.urlaubcornwall.de\/blog\/"},{"@type":"ListItem","position":2,"name":"Ferienhaus in Acharacle mit Blick auf Loch Sunart &#8211; Nordschottland"}]}]}},"_links":{"self":[{"href":"https:\/\/www.urlaubcornwall.de\/blog\/wp-json\/wp\/v2\/pages\/45797"}],"collection":[{"href":"https:\/\/www.urlaubcornwall.de\/blog\/wp-json\/wp\/v2\/pages"}],"about":[{"href":"https:\/\/www.urlaubcornwall.de\/blog\/wp-json\/wp\/v2\/types\/page"}],"author":[{"embeddable":true,"href":"https:\/\/www.urlaubcornwall.de\/blog\/wp-json\/wp\/v2\/users\/1"}],"replies":[{"embeddable":true,"href":"https:\/\/www.urlaubcornwall.de\/blog\/wp-json\/wp\/v2\/comments?post=45797"}],"version-history":[{"count":1,"href":"https:\/\/www.urlaubcornwall.de\/blog\/wp-json\/wp\/v2\/pages\/45797\/revisions"}],"predecessor-version":[{"id":45799,"href":"https:\/\/www.urlaubcornwall.de\/blog\/wp-json\/wp\/v2\/pages\/45797\/revisions\/45799"}],"wp:attachment":[{"href":"https:\/\/www.urlaubcornwall.de\/blog\/wp-json\/wp\/v2\/media?parent=45797"}],"curies":[{"name":"wp","href":"https:\/\/api.w.org\/{rel}","templated":true}]}}