{"id":45754,"date":"2023-01-09T13:12:58","date_gmt":"2023-01-09T13:12:58","guid":{"rendered":"https:\/\/www.urlaubcornwall.de\/blog\/?page_id=45754"},"modified":"2023-01-17T15:27:51","modified_gmt":"2023-01-17T15:27:51","slug":"ferienhaus-loch-ness-schottland-highlands","status":"publish","type":"page","link":"https:\/\/www.urlaubcornwall.de\/blog\/ferienhaus-loch-ness-schottland-highlands\/","title":{"rendered":"Ferienhaus mit Blick auf Loch Ness &#8211; Schottland Highlands"},"content":{"rendered":"<p><img loading=\"lazy\" class=\"aligncenter size-full wp-image-45755\" src=\"https:\/\/www.urlaubcornwall.de\/blog\/wp-content\/uploads\/2023\/01\/ferienhaus_loch-ness.jpg\" alt=\"ferienhaus_loch ness\" width=\"750\" height=\"563\" srcset=\"https:\/\/www.urlaubcornwall.de\/blog\/wp-content\/uploads\/2023\/01\/ferienhaus_loch-ness.jpg 750w, https:\/\/www.urlaubcornwall.de\/blog\/wp-content\/uploads\/2023\/01\/ferienhaus_loch-ness-300x225.jpg 300w\" sizes=\"(max-width: 750px) 100vw, 750px\" \/><\/p>\n<p><a href=\"https:\/\/www.urlaubcornwall.de\/ferienhaeuser-fewos\/unterkunft\/Holiday\/76230-2-bedroom-cottage-in-loch-ness---ca315.html\">2 Schlafzimmer Ferienhaus in Loch-Ness, Nordschottland.<\/a><\/p>\n<p>Dieses atemberaubende Cottage am <a href=\"https:\/\/www.urlaubcornwall.de\/ferienhaeuser-fewos\/sco\/nordschottland\/loch-ness.html\">Loch Ness<\/a> in Drumnadrochit ist von unber\u00fchrter und unber\u00fchrter schottischer Landschaft umgeben. Ideal f\u00fcr diejenigen, die die wundersch\u00f6ne Umgebung und friedliche Ruhe dieses exquisit rauen Teils <a href=\"https:\/\/www.urlaubcornwall.de\/ferienhaeuser-fewos\/sco\/schottland.html\">Schottlands<\/a> genie\u00dfen m\u00f6chten. <\/p>\n<p>Schlafplatz f\u00fcr 4 Schlafzimmer: 2 | Badezimmer: 1 | Erwachsene: 4 | Haustiere: Leider keine Haustiere erlaubt<\/p>\n<p style=\"text-align: center;\"><a class=\"tidycta\" href=\"https:\/\/www.urlaubcornwall.de\/ferienhaeuser-fewos\/sco\/nordschottland\/loch-ness.html\">Suche Ferienh\u00e4user Loch Ness<\/a><\/p>\n","protected":false},"excerpt":{"rendered":"<p>2 Schlafzimmer Ferienhaus in Loch-Ness, Nordschottland. Dieses atemberaubende Cottage am Loch Ness in Drumnadrochit ist von unber\u00fchrter und unber\u00fchrter schottischer Landschaft umgeben. Ideal f\u00fcr diejenigen, die die wundersch\u00f6ne Umgebung und friedliche Ruhe dieses exquisit rauen Teils Schottlands genie\u00dfen m\u00f6chten. Schlafplatz f\u00fcr 4 Schlafzimmer: 2 | Badezimmer: 1 | Erwachsene: 4 | Haustiere: Leider keine Haustiere [&hellip;]<\/p>\n","protected":false},"author":1,"featured_media":0,"parent":0,"menu_order":0,"comment_status":"closed","ping_status":"closed","template":"single-four.php","meta":[],"acf":[],"yoast_head":"<!-- This site is optimized with the Yoast SEO plugin v19.4 - https:\/\/yoast.com\/wordpress\/plugins\/seo\/ -->\n<title>Ferienhaus mit Blick auf Loch Ness - Schottland Highlands - Urlaub &amp; Reisen<\/title>\n<meta name=\"description\" content=\"Dieses atemberaubende Cottage am Loch Ness in Drumnadrochit ist von unber\u00fchrter und unber\u00fchrter schottischer Landschaft umgeben\" \/>\n<meta name=\"robots\" content=\"index, follow, max-snippet:-1, max-image-preview:large, max-video-preview:-1\" \/>\n<link rel=\"canonical\" href=\"https:\/\/www.urlaubcornwall.de\/blog\/ferienhaus-loch-ness-schottland-highlands\/\" \/>\n<meta property=\"og:locale\" content=\"en_US\" \/>\n<meta property=\"og:type\" content=\"article\" \/>\n<meta property=\"og:title\" content=\"Ferienhaus mit Blick auf Loch Ness - Schottland Highlands - Urlaub &amp; Reisen\" \/>\n<meta property=\"og:description\" content=\"Dieses atemberaubende Cottage am Loch Ness in Drumnadrochit ist von unber\u00fchrter und unber\u00fchrter schottischer Landschaft umgeben\" \/>\n<meta property=\"og:url\" content=\"https:\/\/www.urlaubcornwall.de\/blog\/ferienhaus-loch-ness-schottland-highlands\/\" \/>\n<meta property=\"og:site_name\" content=\"Urlaub &amp; Reisen\" \/>\n<meta property=\"article:modified_time\" content=\"2023-01-17T15:27:51+00:00\" \/>\n<meta property=\"og:image\" content=\"https:\/\/www.urlaubcornwall.de\/blog\/wp-content\/uploads\/2023\/01\/ferienhaus_loch-ness.jpg\" \/>\n<meta name=\"twitter:card\" content=\"summary\" \/>\n<script type=\"application\/ld+json\" class=\"yoast-schema-graph\">{\"@context\":\"https:\/\/schema.org\",\"@graph\":[{\"@type\":\"WebSite\",\"@id\":\"https:\/\/www.urlaubcornwall.de\/blog\/#website\",\"url\":\"https:\/\/www.urlaubcornwall.de\/blog\/\",\"name\":\"Urlaub &amp; Reisen\",\"description\":\"Urlaub, Reisen, Cornwall und S\u00fcdengland: eine perfekte Kombination\",\"potentialAction\":[{\"@type\":\"SearchAction\",\"target\":{\"@type\":\"EntryPoint\",\"urlTemplate\":\"https:\/\/www.urlaubcornwall.de\/blog\/?s={search_term_string}\"},\"query-input\":\"required name=search_term_string\"}],\"inLanguage\":\"en-US\"},{\"@type\":\"WebPage\",\"@id\":\"https:\/\/www.urlaubcornwall.de\/blog\/ferienhaus-loch-ness-schottland-highlands\/\",\"url\":\"https:\/\/www.urlaubcornwall.de\/blog\/ferienhaus-loch-ness-schottland-highlands\/\",\"name\":\"Ferienhaus mit Blick auf Loch Ness - Schottland Highlands - Urlaub &amp; Reisen\",\"isPartOf\":{\"@id\":\"https:\/\/www.urlaubcornwall.de\/blog\/#website\"},\"datePublished\":\"2023-01-09T13:12:58+00:00\",\"dateModified\":\"2023-01-17T15:27:51+00:00\",\"description\":\"Dieses atemberaubende Cottage am Loch Ness in Drumnadrochit ist von unber\u00fchrter und unber\u00fchrter schottischer Landschaft umgeben\",\"breadcrumb\":{\"@id\":\"https:\/\/www.urlaubcornwall.de\/blog\/ferienhaus-loch-ness-schottland-highlands\/#breadcrumb\"},\"inLanguage\":\"en-US\",\"potentialAction\":[{\"@type\":\"ReadAction\",\"target\":[\"https:\/\/www.urlaubcornwall.de\/blog\/ferienhaus-loch-ness-schottland-highlands\/\"]}]},{\"@type\":\"BreadcrumbList\",\"@id\":\"https:\/\/www.urlaubcornwall.de\/blog\/ferienhaus-loch-ness-schottland-highlands\/#breadcrumb\",\"itemListElement\":[{\"@type\":\"ListItem\",\"position\":1,\"name\":\"Home\",\"item\":\"https:\/\/www.urlaubcornwall.de\/blog\/\"},{\"@type\":\"ListItem\",\"position\":2,\"name\":\"Ferienhaus mit Blick auf Loch Ness &#8211; Schottland Highlands\"}]}]}<\/script>\n<!-- \/ Yoast SEO plugin. -->","yoast_head_json":{"title":"Ferienhaus mit Blick auf Loch Ness - Schottland Highlands - Urlaub &amp; Reisen","description":"Dieses atemberaubende Cottage am Loch Ness in Drumnadrochit ist von unber\u00fchrter und unber\u00fchrter schottischer Landschaft umgeben","robots":{"index":"index","follow":"follow","max-snippet":"max-snippet:-1","max-image-preview":"max-image-preview:large","max-video-preview":"max-video-preview:-1"},"canonical":"https:\/\/www.urlaubcornwall.de\/blog\/ferienhaus-loch-ness-schottland-highlands\/","og_locale":"en_US","og_type":"article","og_title":"Ferienhaus mit Blick auf Loch Ness - Schottland Highlands - Urlaub &amp; Reisen","og_description":"Dieses atemberaubende Cottage am Loch Ness in Drumnadrochit ist von unber\u00fchrter und unber\u00fchrter schottischer Landschaft umgeben","og_url":"https:\/\/www.urlaubcornwall.de\/blog\/ferienhaus-loch-ness-schottland-highlands\/","og_site_name":"Urlaub &amp; Reisen","article_modified_time":"2023-01-17T15:27:51+00:00","og_image":[{"url":"https:\/\/www.urlaubcornwall.de\/blog\/wp-content\/uploads\/2023\/01\/ferienhaus_loch-ness.jpg"}],"twitter_card":"summary","schema":{"@context":"https:\/\/schema.org","@graph":[{"@type":"WebSite","@id":"https:\/\/www.urlaubcornwall.de\/blog\/#website","url":"https:\/\/www.urlaubcornwall.de\/blog\/","name":"Urlaub &amp; Reisen","description":"Urlaub, Reisen, Cornwall und S\u00fcdengland: eine perfekte Kombination","potentialAction":[{"@type":"SearchAction","target":{"@type":"EntryPoint","urlTemplate":"https:\/\/www.urlaubcornwall.de\/blog\/?s={search_term_string}"},"query-input":"required name=search_term_string"}],"inLanguage":"en-US"},{"@type":"WebPage","@id":"https:\/\/www.urlaubcornwall.de\/blog\/ferienhaus-loch-ness-schottland-highlands\/","url":"https:\/\/www.urlaubcornwall.de\/blog\/ferienhaus-loch-ness-schottland-highlands\/","name":"Ferienhaus mit Blick auf Loch Ness - Schottland Highlands - Urlaub &amp; Reisen","isPartOf":{"@id":"https:\/\/www.urlaubcornwall.de\/blog\/#website"},"datePublished":"2023-01-09T13:12:58+00:00","dateModified":"2023-01-17T15:27:51+00:00","description":"Dieses atemberaubende Cottage am Loch Ness in Drumnadrochit ist von unber\u00fchrter und unber\u00fchrter schottischer Landschaft umgeben","breadcrumb":{"@id":"https:\/\/www.urlaubcornwall.de\/blog\/ferienhaus-loch-ness-schottland-highlands\/#breadcrumb"},"inLanguage":"en-US","potentialAction":[{"@type":"ReadAction","target":["https:\/\/www.urlaubcornwall.de\/blog\/ferienhaus-loch-ness-schottland-highlands\/"]}]},{"@type":"BreadcrumbList","@id":"https:\/\/www.urlaubcornwall.de\/blog\/ferienhaus-loch-ness-schottland-highlands\/#breadcrumb","itemListElement":[{"@type":"ListItem","position":1,"name":"Home","item":"https:\/\/www.urlaubcornwall.de\/blog\/"},{"@type":"ListItem","position":2,"name":"Ferienhaus mit Blick auf Loch Ness &#8211; Schottland Highlands"}]}]}},"_links":{"self":[{"href":"https:\/\/www.urlaubcornwall.de\/blog\/wp-json\/wp\/v2\/pages\/45754"}],"collection":[{"href":"https:\/\/www.urlaubcornwall.de\/blog\/wp-json\/wp\/v2\/pages"}],"about":[{"href":"https:\/\/www.urlaubcornwall.de\/blog\/wp-json\/wp\/v2\/types\/page"}],"author":[{"embeddable":true,"href":"https:\/\/www.urlaubcornwall.de\/blog\/wp-json\/wp\/v2\/users\/1"}],"replies":[{"embeddable":true,"href":"https:\/\/www.urlaubcornwall.de\/blog\/wp-json\/wp\/v2\/comments?post=45754"}],"version-history":[{"count":2,"href":"https:\/\/www.urlaubcornwall.de\/blog\/wp-json\/wp\/v2\/pages\/45754\/revisions"}],"predecessor-version":[{"id":45796,"href":"https:\/\/www.urlaubcornwall.de\/blog\/wp-json\/wp\/v2\/pages\/45754\/revisions\/45796"}],"wp:attachment":[{"href":"https:\/\/www.urlaubcornwall.de\/blog\/wp-json\/wp\/v2\/media?parent=45754"}],"curies":[{"name":"wp","href":"https:\/\/api.w.org\/{rel}","templated":true}]}}