{"id":45446,"date":"2022-11-28T11:59:44","date_gmt":"2022-11-28T11:59:44","guid":{"rendered":"https:\/\/www.urlaubcornwall.de\/blog\/?page_id=45446"},"modified":"2022-11-28T14:11:04","modified_gmt":"2022-11-28T14:11:04","slug":"ferienparks-in-grossbritannien","status":"publish","type":"page","link":"https:\/\/www.urlaubcornwall.de\/blog\/ferienparks-in-grossbritannien\/","title":{"rendered":"Ferienparks in Gro\u00dfbritannien"},"content":{"rendered":"<p>Verbringen Sie einen erholsamen und unterhaltsamen Urlaub in einem unserer Ferienparks in Gro\u00dfbritannien<\/p>\n<p>Mit vielen Ferienparks in atemberaubenden K\u00fcsten- und Landschaftsgebieten zur Auswahl, werden Sie bei unseren fantastischen Ferien in Gro\u00dfbritannien die Qual der Wahl haben. Von Wohnwagen \u00fcber Lodge-Ferien mit Whirlpools, Touren und Camping bis hin zu Glamping finden Sie den perfekten Kurzurlaub f\u00fcr Ihre Bed\u00fcrfnisse. Wir bieten auch hundefreundliche Ferien an, damit Ihr Hund nicht auf den ganzen Spa\u00df verzichten muss.<\/p>\n<p>Unsere g\u00fcnstigen Urlaube in Gro\u00dfbritannien richten sich an Familien aller Formen und Gr\u00f6\u00dfen, egal ob Sie einen einw\u00f6chigen Urlaub mit den Kindern planen oder ein Paar auf der Suche nach einem romantischen Wochenendausflug sind.<\/p>\n","protected":false},"excerpt":{"rendered":"<p>Verbringen Sie einen erholsamen und unterhaltsamen Urlaub in einem unserer Ferienparks in Gro\u00dfbritannien Mit vielen Ferienparks in atemberaubenden K\u00fcsten- und Landschaftsgebieten zur Auswahl, werden Sie bei unseren fantastischen Ferien in Gro\u00dfbritannien die Qual der Wahl haben. Von Wohnwagen \u00fcber Lodge-Ferien mit Whirlpools, Touren und Camping bis hin zu Glamping finden Sie den perfekten Kurzurlaub f\u00fcr [&hellip;]<\/p>\n","protected":false},"author":1,"featured_media":45450,"parent":0,"menu_order":0,"comment_status":"closed","ping_status":"closed","template":"page-products.php","meta":[],"acf":[],"yoast_head":"<!-- This site is optimized with the Yoast SEO plugin v19.4 - https:\/\/yoast.com\/wordpress\/plugins\/seo\/ -->\n<title>Ferienparks in Gro\u00dfbritannien - Urlaub &amp; Reisen<\/title>\n<meta name=\"description\" content=\"Mit vielen Ferienparks in atemberaubenden K\u00fcsten- und Landschaftsgebieten zur Auswahl, werden Sie bei unseren fantastischen Ferien\" \/>\n<meta name=\"robots\" content=\"index, follow, max-snippet:-1, max-image-preview:large, max-video-preview:-1\" \/>\n<link rel=\"canonical\" href=\"https:\/\/www.urlaubcornwall.de\/blog\/ferienparks-in-grossbritannien\/\" \/>\n<meta property=\"og:locale\" content=\"en_US\" \/>\n<meta property=\"og:type\" content=\"article\" \/>\n<meta property=\"og:title\" content=\"Ferienparks in Gro\u00dfbritannien - Urlaub &amp; Reisen\" \/>\n<meta property=\"og:description\" content=\"Mit vielen Ferienparks in atemberaubenden K\u00fcsten- und Landschaftsgebieten zur Auswahl, werden Sie bei unseren fantastischen Ferien\" \/>\n<meta property=\"og:url\" content=\"https:\/\/www.urlaubcornwall.de\/blog\/ferienparks-in-grossbritannien\/\" \/>\n<meta property=\"og:site_name\" content=\"Urlaub &amp; Reisen\" \/>\n<meta property=\"article:modified_time\" content=\"2022-11-28T14:11:04+00:00\" \/>\n<meta property=\"og:image\" content=\"https:\/\/www.urlaubcornwall.de\/blog\/wp-content\/uploads\/2022\/11\/ferienpark-Grosbritannien.jpg\" \/>\n\t<meta property=\"og:image:width\" content=\"1000\" \/>\n\t<meta property=\"og:image:height\" content=\"667\" \/>\n\t<meta property=\"og:image:type\" content=\"image\/jpeg\" \/>\n<meta name=\"twitter:card\" content=\"summary\" \/>\n<meta name=\"twitter:label1\" content=\"Est. reading time\" \/>\n\t<meta name=\"twitter:data1\" content=\"1 minute\" \/>\n<script type=\"application\/ld+json\" class=\"yoast-schema-graph\">{\"@context\":\"https:\/\/schema.org\",\"@graph\":[{\"@type\":\"WebSite\",\"@id\":\"https:\/\/www.urlaubcornwall.de\/blog\/#website\",\"url\":\"https:\/\/www.urlaubcornwall.de\/blog\/\",\"name\":\"Urlaub &amp; Reisen\",\"description\":\"Urlaub, Reisen, Cornwall und S\u00fcdengland: eine perfekte Kombination\",\"potentialAction\":[{\"@type\":\"SearchAction\",\"target\":{\"@type\":\"EntryPoint\",\"urlTemplate\":\"https:\/\/www.urlaubcornwall.de\/blog\/?s={search_term_string}\"},\"query-input\":\"required name=search_term_string\"}],\"inLanguage\":\"en-US\"},{\"@type\":\"WebPage\",\"@id\":\"https:\/\/www.urlaubcornwall.de\/blog\/ferienparks-in-grossbritannien\/\",\"url\":\"https:\/\/www.urlaubcornwall.de\/blog\/ferienparks-in-grossbritannien\/\",\"name\":\"Ferienparks in Gro\u00dfbritannien - Urlaub &amp; Reisen\",\"isPartOf\":{\"@id\":\"https:\/\/www.urlaubcornwall.de\/blog\/#website\"},\"datePublished\":\"2022-11-28T11:59:44+00:00\",\"dateModified\":\"2022-11-28T14:11:04+00:00\",\"description\":\"Mit vielen Ferienparks in atemberaubenden K\u00fcsten- und Landschaftsgebieten zur Auswahl, werden Sie bei unseren fantastischen Ferien\",\"breadcrumb\":{\"@id\":\"https:\/\/www.urlaubcornwall.de\/blog\/ferienparks-in-grossbritannien\/#breadcrumb\"},\"inLanguage\":\"en-US\",\"potentialAction\":[{\"@type\":\"ReadAction\",\"target\":[\"https:\/\/www.urlaubcornwall.de\/blog\/ferienparks-in-grossbritannien\/\"]}]},{\"@type\":\"BreadcrumbList\",\"@id\":\"https:\/\/www.urlaubcornwall.de\/blog\/ferienparks-in-grossbritannien\/#breadcrumb\",\"itemListElement\":[{\"@type\":\"ListItem\",\"position\":1,\"name\":\"Home\",\"item\":\"https:\/\/www.urlaubcornwall.de\/blog\/\"},{\"@type\":\"ListItem\",\"position\":2,\"name\":\"Ferienparks in Gro\u00dfbritannien\"}]}]}<\/script>\n<!-- \/ Yoast SEO plugin. -->","yoast_head_json":{"title":"Ferienparks in Gro\u00dfbritannien - Urlaub &amp; Reisen","description":"Mit vielen Ferienparks in atemberaubenden K\u00fcsten- und Landschaftsgebieten zur Auswahl, werden Sie bei unseren fantastischen Ferien","robots":{"index":"index","follow":"follow","max-snippet":"max-snippet:-1","max-image-preview":"max-image-preview:large","max-video-preview":"max-video-preview:-1"},"canonical":"https:\/\/www.urlaubcornwall.de\/blog\/ferienparks-in-grossbritannien\/","og_locale":"en_US","og_type":"article","og_title":"Ferienparks in Gro\u00dfbritannien - Urlaub &amp; Reisen","og_description":"Mit vielen Ferienparks in atemberaubenden K\u00fcsten- und Landschaftsgebieten zur Auswahl, werden Sie bei unseren fantastischen Ferien","og_url":"https:\/\/www.urlaubcornwall.de\/blog\/ferienparks-in-grossbritannien\/","og_site_name":"Urlaub &amp; Reisen","article_modified_time":"2022-11-28T14:11:04+00:00","og_image":[{"width":1000,"height":667,"url":"https:\/\/www.urlaubcornwall.de\/blog\/wp-content\/uploads\/2022\/11\/ferienpark-Grosbritannien.jpg","type":"image\/jpeg"}],"twitter_card":"summary","twitter_misc":{"Est. reading time":"1 minute"},"schema":{"@context":"https:\/\/schema.org","@graph":[{"@type":"WebSite","@id":"https:\/\/www.urlaubcornwall.de\/blog\/#website","url":"https:\/\/www.urlaubcornwall.de\/blog\/","name":"Urlaub &amp; Reisen","description":"Urlaub, Reisen, Cornwall und S\u00fcdengland: eine perfekte Kombination","potentialAction":[{"@type":"SearchAction","target":{"@type":"EntryPoint","urlTemplate":"https:\/\/www.urlaubcornwall.de\/blog\/?s={search_term_string}"},"query-input":"required name=search_term_string"}],"inLanguage":"en-US"},{"@type":"WebPage","@id":"https:\/\/www.urlaubcornwall.de\/blog\/ferienparks-in-grossbritannien\/","url":"https:\/\/www.urlaubcornwall.de\/blog\/ferienparks-in-grossbritannien\/","name":"Ferienparks in Gro\u00dfbritannien - Urlaub &amp; Reisen","isPartOf":{"@id":"https:\/\/www.urlaubcornwall.de\/blog\/#website"},"datePublished":"2022-11-28T11:59:44+00:00","dateModified":"2022-11-28T14:11:04+00:00","description":"Mit vielen Ferienparks in atemberaubenden K\u00fcsten- und Landschaftsgebieten zur Auswahl, werden Sie bei unseren fantastischen Ferien","breadcrumb":{"@id":"https:\/\/www.urlaubcornwall.de\/blog\/ferienparks-in-grossbritannien\/#breadcrumb"},"inLanguage":"en-US","potentialAction":[{"@type":"ReadAction","target":["https:\/\/www.urlaubcornwall.de\/blog\/ferienparks-in-grossbritannien\/"]}]},{"@type":"BreadcrumbList","@id":"https:\/\/www.urlaubcornwall.de\/blog\/ferienparks-in-grossbritannien\/#breadcrumb","itemListElement":[{"@type":"ListItem","position":1,"name":"Home","item":"https:\/\/www.urlaubcornwall.de\/blog\/"},{"@type":"ListItem","position":2,"name":"Ferienparks in Gro\u00dfbritannien"}]}]}},"_links":{"self":[{"href":"https:\/\/www.urlaubcornwall.de\/blog\/wp-json\/wp\/v2\/pages\/45446"}],"collection":[{"href":"https:\/\/www.urlaubcornwall.de\/blog\/wp-json\/wp\/v2\/pages"}],"about":[{"href":"https:\/\/www.urlaubcornwall.de\/blog\/wp-json\/wp\/v2\/types\/page"}],"author":[{"embeddable":true,"href":"https:\/\/www.urlaubcornwall.de\/blog\/wp-json\/wp\/v2\/users\/1"}],"replies":[{"embeddable":true,"href":"https:\/\/www.urlaubcornwall.de\/blog\/wp-json\/wp\/v2\/comments?post=45446"}],"version-history":[{"count":5,"href":"https:\/\/www.urlaubcornwall.de\/blog\/wp-json\/wp\/v2\/pages\/45446\/revisions"}],"predecessor-version":[{"id":45494,"href":"https:\/\/www.urlaubcornwall.de\/blog\/wp-json\/wp\/v2\/pages\/45446\/revisions\/45494"}],"wp:featuredmedia":[{"embeddable":true,"href":"https:\/\/www.urlaubcornwall.de\/blog\/wp-json\/wp\/v2\/media\/45450"}],"wp:attachment":[{"href":"https:\/\/www.urlaubcornwall.de\/blog\/wp-json\/wp\/v2\/media?parent=45446"}],"curies":[{"name":"wp","href":"https:\/\/api.w.org\/{rel}","templated":true}]}}