{"id":45406,"date":"2022-11-24T10:38:09","date_gmt":"2022-11-24T10:38:09","guid":{"rendered":"https:\/\/www.urlaubcornwall.de\/blog\/?page_id=45406"},"modified":"2024-05-31T09:37:11","modified_gmt":"2024-05-31T09:37:11","slug":"beste-reisezeit-fuer-die-isle-of-arran","status":"publish","type":"page","link":"https:\/\/www.urlaubcornwall.de\/blog\/beste-reisezeit-fuer-die-isle-of-arran\/","title":{"rendered":"Beste Reisezeit f\u00fcr die Isle of Arran"},"content":{"rendered":"<p><a href=\"https:\/\/www.urlaubcornwall.de\/blog\/wp-content\/uploads\/2024\/05\/arran.jpg\"><img loading=\"lazy\" src=\"https:\/\/www.urlaubcornwall.de\/blog\/wp-content\/uploads\/2024\/05\/arran.jpg\" alt=\"arran\" width=\"750\" height=\"446\" class=\"alignnone size-full wp-image-50664\" srcset=\"https:\/\/www.urlaubcornwall.de\/blog\/wp-content\/uploads\/2024\/05\/arran.jpg 750w, https:\/\/www.urlaubcornwall.de\/blog\/wp-content\/uploads\/2024\/05\/arran-300x178.jpg 300w\" sizes=\"(max-width: 750px) 100vw, 750px\" \/><\/a><\/p>\n<p>Wie fast ganz <a href=\"https:\/\/www.urlaubcornwall.de\/ferienhaeuser-fewos\/sco\/schottland.html\">Schottland<\/a> hat Arran ein ozeanisches Klima. Dank des Einflusses des Atlantischen Ozeans und des Golfstroms sind die Wetterbedingungen auf der Isle of Arran tendenziell milder als an anderen Orten im Landesinneren. Die Wintertemperaturen auf Meeresh\u00f6he liegen normalerweise zwischen 2 und 8 \u00baC. Andererseits bewegen sich die Temperaturen im Juli zwischen 12 und 19 \u00baC. Niederschlag ist das ganze Jahr \u00fcber \u00fcblich.<\/p>\n<p>Die beste Reisezeit f\u00fcr Arran ist der Sommer (Juni bis September), wenn die angenehmen Temperaturen f\u00fcr Outdoor-Aktivit\u00e4ten und Besichtigungen ausreichend sind.<\/p>\n<p>Bei uns finden Sie Ferienh\u00e4user zum Verlieben &#8211; so einfach ist das! Pers\u00f6nlich inspizierte <a href=\"https:\/\/www.urlaubcornwall.de\/blog\/ferienhaeuser-ferienwohnungen-cottages-isle-of-arran\/\">Ferienh\u00e4user und Ferienwohnungen auf die Inseln Arran<\/a> f\u00fcr Ihren Urlaub.<\/p>\n<p style=\"text-align: center;\"><a class=\"tidycta\" href=\"https:\/\/www.urlaubcornwall.de\/blog\/ferienhaeuser-ferienwohnungen-cottages-isle-of-arran\/\">Anfrage \/ Buchung<\/a><\/p>\n<p>Die besten Gegenden zum \u00dcbernachten auf der Isle of Arran, Schottland<\/p>\n<p>1. <a href=\"https:\/\/www.urlaubcornwall.de\/ferienhaeuser-fewos\/sco\/schottische-inseln\/brodick.html\">Empfohlener Standort: Brodick<\/a><\/p>\n<p>2. <a href=\"https:\/\/www.urlaubcornwall.de\/ferienhaeuser-fewos\/sco\/schottische-inseln\/lamlash.html\">Lamlash<\/a><\/p>\n<p>3. <a href=\"https:\/\/www.urlaubcornwall.de\/ferienhaeuser-fewos\/sco\/schottische-inseln\/whiting-bay.html\">Whiting Bay<\/a><\/p>\n<p>4. <a href=\"https:\/\/www.urlaubcornwall.de\/ferienhaeuser-fewos\/sco\/schottische-inseln\/blackwaterfoot.html\">Blackwaterfoot<\/a><\/p>\n<p>5. <a href=\"https:\/\/www.urlaubcornwall.de\/blog\/ferienhaus-in-lochranza-isle-of-arran\/\">Lochranza<\/a><\/p>\n<p>6. <a href=\"https:\/\/www.urlaubcornwall.de\/ferienhaeuser-fewos\/sco\/schottische-inseln\/sannox.html\">Sannox<\/a><\/p>\n<p>7. <a href=\"https:\/\/www.urlaubcornwall.de\/ferienhaeuser-fewos\/sco\/suedschottland\/corrie.html\">Corrie<\/a><\/p>\n","protected":false},"excerpt":{"rendered":"<p>Wie fast ganz Schottland hat Arran ein ozeanisches Klima. Dank des Einflusses des Atlantischen Ozeans und des Golfstroms sind die Wetterbedingungen auf der Isle of Arran tendenziell milder als an anderen Orten im Landesinneren. Die Wintertemperaturen auf Meeresh\u00f6he liegen normalerweise zwischen 2 und 8 \u00baC. Andererseits bewegen sich die Temperaturen im Juli zwischen 12 und [&hellip;]<\/p>\n","protected":false},"author":1,"featured_media":0,"parent":0,"menu_order":0,"comment_status":"closed","ping_status":"closed","template":"single-four.php","meta":[],"acf":[],"yoast_head":"<!-- This site is optimized with the Yoast SEO plugin v19.4 - https:\/\/yoast.com\/wordpress\/plugins\/seo\/ -->\n<title>Beste Reisezeit f\u00fcr die Isle of Arran - Urlaub &amp; Reisen<\/title>\n<meta name=\"robots\" content=\"index, follow, max-snippet:-1, max-image-preview:large, max-video-preview:-1\" \/>\n<link rel=\"canonical\" href=\"https:\/\/www.urlaubcornwall.de\/blog\/beste-reisezeit-fuer-die-isle-of-arran\/\" \/>\n<meta property=\"og:locale\" content=\"en_US\" \/>\n<meta property=\"og:type\" content=\"article\" \/>\n<meta property=\"og:title\" content=\"Beste Reisezeit f\u00fcr die Isle of Arran - Urlaub &amp; Reisen\" \/>\n<meta property=\"og:description\" content=\"Wie fast ganz Schottland hat Arran ein ozeanisches Klima. Dank des Einflusses des Atlantischen Ozeans und des Golfstroms sind die Wetterbedingungen auf der Isle of Arran tendenziell milder als an anderen Orten im Landesinneren. Die Wintertemperaturen auf Meeresh\u00f6he liegen normalerweise zwischen 2 und 8 \u00baC. Andererseits bewegen sich die Temperaturen im Juli zwischen 12 und [&hellip;]\" \/>\n<meta property=\"og:url\" content=\"https:\/\/www.urlaubcornwall.de\/blog\/beste-reisezeit-fuer-die-isle-of-arran\/\" \/>\n<meta property=\"og:site_name\" content=\"Urlaub &amp; Reisen\" \/>\n<meta property=\"article:modified_time\" content=\"2024-05-31T09:37:11+00:00\" \/>\n<meta property=\"og:image\" content=\"https:\/\/www.urlaubcornwall.de\/blog\/wp-content\/uploads\/2024\/05\/arran.jpg\" \/>\n<meta name=\"twitter:card\" content=\"summary\" \/>\n<meta name=\"twitter:label1\" content=\"Est. reading time\" \/>\n\t<meta name=\"twitter:data1\" content=\"1 minute\" \/>\n<script type=\"application\/ld+json\" class=\"yoast-schema-graph\">{\"@context\":\"https:\/\/schema.org\",\"@graph\":[{\"@type\":\"WebSite\",\"@id\":\"https:\/\/www.urlaubcornwall.de\/blog\/#website\",\"url\":\"https:\/\/www.urlaubcornwall.de\/blog\/\",\"name\":\"Urlaub &amp; Reisen\",\"description\":\"Urlaub, Reisen, Cornwall und S\u00fcdengland: eine perfekte Kombination\",\"potentialAction\":[{\"@type\":\"SearchAction\",\"target\":{\"@type\":\"EntryPoint\",\"urlTemplate\":\"https:\/\/www.urlaubcornwall.de\/blog\/?s={search_term_string}\"},\"query-input\":\"required name=search_term_string\"}],\"inLanguage\":\"en-US\"},{\"@type\":\"WebPage\",\"@id\":\"https:\/\/www.urlaubcornwall.de\/blog\/beste-reisezeit-fuer-die-isle-of-arran\/\",\"url\":\"https:\/\/www.urlaubcornwall.de\/blog\/beste-reisezeit-fuer-die-isle-of-arran\/\",\"name\":\"Beste Reisezeit f\u00fcr die Isle of Arran - Urlaub &amp; Reisen\",\"isPartOf\":{\"@id\":\"https:\/\/www.urlaubcornwall.de\/blog\/#website\"},\"datePublished\":\"2022-11-24T10:38:09+00:00\",\"dateModified\":\"2024-05-31T09:37:11+00:00\",\"breadcrumb\":{\"@id\":\"https:\/\/www.urlaubcornwall.de\/blog\/beste-reisezeit-fuer-die-isle-of-arran\/#breadcrumb\"},\"inLanguage\":\"en-US\",\"potentialAction\":[{\"@type\":\"ReadAction\",\"target\":[\"https:\/\/www.urlaubcornwall.de\/blog\/beste-reisezeit-fuer-die-isle-of-arran\/\"]}]},{\"@type\":\"BreadcrumbList\",\"@id\":\"https:\/\/www.urlaubcornwall.de\/blog\/beste-reisezeit-fuer-die-isle-of-arran\/#breadcrumb\",\"itemListElement\":[{\"@type\":\"ListItem\",\"position\":1,\"name\":\"Home\",\"item\":\"https:\/\/www.urlaubcornwall.de\/blog\/\"},{\"@type\":\"ListItem\",\"position\":2,\"name\":\"Beste Reisezeit f\u00fcr die Isle of Arran\"}]}]}<\/script>\n<!-- \/ Yoast SEO plugin. -->","yoast_head_json":{"title":"Beste Reisezeit f\u00fcr die Isle of Arran - Urlaub &amp; Reisen","robots":{"index":"index","follow":"follow","max-snippet":"max-snippet:-1","max-image-preview":"max-image-preview:large","max-video-preview":"max-video-preview:-1"},"canonical":"https:\/\/www.urlaubcornwall.de\/blog\/beste-reisezeit-fuer-die-isle-of-arran\/","og_locale":"en_US","og_type":"article","og_title":"Beste Reisezeit f\u00fcr die Isle of Arran - Urlaub &amp; Reisen","og_description":"Wie fast ganz Schottland hat Arran ein ozeanisches Klima. Dank des Einflusses des Atlantischen Ozeans und des Golfstroms sind die Wetterbedingungen auf der Isle of Arran tendenziell milder als an anderen Orten im Landesinneren. Die Wintertemperaturen auf Meeresh\u00f6he liegen normalerweise zwischen 2 und 8 \u00baC. Andererseits bewegen sich die Temperaturen im Juli zwischen 12 und [&hellip;]","og_url":"https:\/\/www.urlaubcornwall.de\/blog\/beste-reisezeit-fuer-die-isle-of-arran\/","og_site_name":"Urlaub &amp; Reisen","article_modified_time":"2024-05-31T09:37:11+00:00","og_image":[{"url":"https:\/\/www.urlaubcornwall.de\/blog\/wp-content\/uploads\/2024\/05\/arran.jpg"}],"twitter_card":"summary","twitter_misc":{"Est. reading time":"1 minute"},"schema":{"@context":"https:\/\/schema.org","@graph":[{"@type":"WebSite","@id":"https:\/\/www.urlaubcornwall.de\/blog\/#website","url":"https:\/\/www.urlaubcornwall.de\/blog\/","name":"Urlaub &amp; Reisen","description":"Urlaub, Reisen, Cornwall und S\u00fcdengland: eine perfekte Kombination","potentialAction":[{"@type":"SearchAction","target":{"@type":"EntryPoint","urlTemplate":"https:\/\/www.urlaubcornwall.de\/blog\/?s={search_term_string}"},"query-input":"required name=search_term_string"}],"inLanguage":"en-US"},{"@type":"WebPage","@id":"https:\/\/www.urlaubcornwall.de\/blog\/beste-reisezeit-fuer-die-isle-of-arran\/","url":"https:\/\/www.urlaubcornwall.de\/blog\/beste-reisezeit-fuer-die-isle-of-arran\/","name":"Beste Reisezeit f\u00fcr die Isle of Arran - Urlaub &amp; Reisen","isPartOf":{"@id":"https:\/\/www.urlaubcornwall.de\/blog\/#website"},"datePublished":"2022-11-24T10:38:09+00:00","dateModified":"2024-05-31T09:37:11+00:00","breadcrumb":{"@id":"https:\/\/www.urlaubcornwall.de\/blog\/beste-reisezeit-fuer-die-isle-of-arran\/#breadcrumb"},"inLanguage":"en-US","potentialAction":[{"@type":"ReadAction","target":["https:\/\/www.urlaubcornwall.de\/blog\/beste-reisezeit-fuer-die-isle-of-arran\/"]}]},{"@type":"BreadcrumbList","@id":"https:\/\/www.urlaubcornwall.de\/blog\/beste-reisezeit-fuer-die-isle-of-arran\/#breadcrumb","itemListElement":[{"@type":"ListItem","position":1,"name":"Home","item":"https:\/\/www.urlaubcornwall.de\/blog\/"},{"@type":"ListItem","position":2,"name":"Beste Reisezeit f\u00fcr die Isle of Arran"}]}]}},"_links":{"self":[{"href":"https:\/\/www.urlaubcornwall.de\/blog\/wp-json\/wp\/v2\/pages\/45406"}],"collection":[{"href":"https:\/\/www.urlaubcornwall.de\/blog\/wp-json\/wp\/v2\/pages"}],"about":[{"href":"https:\/\/www.urlaubcornwall.de\/blog\/wp-json\/wp\/v2\/types\/page"}],"author":[{"embeddable":true,"href":"https:\/\/www.urlaubcornwall.de\/blog\/wp-json\/wp\/v2\/users\/1"}],"replies":[{"embeddable":true,"href":"https:\/\/www.urlaubcornwall.de\/blog\/wp-json\/wp\/v2\/comments?post=45406"}],"version-history":[{"count":5,"href":"https:\/\/www.urlaubcornwall.de\/blog\/wp-json\/wp\/v2\/pages\/45406\/revisions"}],"predecessor-version":[{"id":51280,"href":"https:\/\/www.urlaubcornwall.de\/blog\/wp-json\/wp\/v2\/pages\/45406\/revisions\/51280"}],"wp:attachment":[{"href":"https:\/\/www.urlaubcornwall.de\/blog\/wp-json\/wp\/v2\/media?parent=45406"}],"curies":[{"name":"wp","href":"https:\/\/api.w.org\/{rel}","templated":true}]}}