{"id":44898,"date":"2022-08-15T12:46:54","date_gmt":"2022-08-15T12:46:54","guid":{"rendered":"https:\/\/www.urlaubcornwall.de\/blog\/?page_id=44898"},"modified":"2024-05-28T13:23:01","modified_gmt":"2024-05-28T13:23:01","slug":"beste-wanderungen-in-ost-sussex","status":"publish","type":"page","link":"https:\/\/www.urlaubcornwall.de\/blog\/beste-wanderungen-in-ost-sussex\/","title":{"rendered":"Beste Wanderungen in Ost Sussex"},"content":{"rendered":"<p><a href=\"https:\/\/www.urlaubcornwall.de\/blog\/wp-content\/uploads\/2024\/03\/sussex-strand.jpg\"><img loading=\"lazy\" src=\"https:\/\/www.urlaubcornwall.de\/blog\/wp-content\/uploads\/2024\/03\/sussex-strand.jpg\" alt=\"sussex strand\" width=\"750\" height=\"563\" class=\"alignnone size-full wp-image-48172\" srcset=\"https:\/\/www.urlaubcornwall.de\/blog\/wp-content\/uploads\/2024\/03\/sussex-strand.jpg 750w, https:\/\/www.urlaubcornwall.de\/blog\/wp-content\/uploads\/2024\/03\/sussex-strand-300x225.jpg 300w\" sizes=\"(max-width: 750px) 100vw, 750px\" \/><\/a><\/p>\n<p>Die bezaubernde <a href=\"https:\/\/www.urlaubcornwall.de\/reiseziel\/sussex.php\">Grafschaft Sussex<\/a> ist mit ihrer h\u00fcgeligen Landschaft und der epischen K\u00fcste ein idyllisches Ziel f\u00fcr einen Urlaub in Gro\u00dfbritannien, ganz zu schweigen von einer ganzen Reihe fabelhafter Pubs f\u00fcr die wichtige Erfrischung nach dem Spaziergang.<\/p>\n<p>Dieser Reisef\u00fchrer behandelt Wanderungen in <a href=\"https:\/\/www.urlaubcornwall.de\/ferienhaeuser-fewos\/eng\/sussex\/sussex.html\">Ost Sussex<\/a> und alle wurden aufgrund der herrlichen Aussichten, die es zu genie\u00dfen gilt, handverlesen. Egal, ob Sie Lust auf einen Spaziergang durch W\u00e4lder oder einen Spaziergang am Meer haben, die besten Wanderwege in East Sussex liegen ganz bei Ihnen.<\/p>\n<p><strong>Beddingham Hill, Alciston und Firle Estate<\/strong><\/p>\n<p>Am besten geeignet f\u00fcr: Kunst- und Literaturliebhaber<\/p>\n<p>&#8211; Entfernung: 16 km<\/p>\n<p>&#8211; Zeit: 6 Stunden<\/p>\n<p>&#8211; Schwierigkeitsgrad: Herausfordernd<\/p>\n<p>&#8211; Start\/Ende: Parkplatz Firle Beacon<\/p>\n<p>&#8211; Parken: Parkplatz Firle Beacon<\/p>\n<p>&#8211; Sehensw\u00fcrdigkeiten: Alciston Village, Firle Estate, Charleston House &#038; Glyndebourne<\/p>\n<p>Diese Wanderung ist am besten f\u00fcr diejenigen geeignet, die einen ganzen Tag Zeit haben, da sie etwa sechs Stunden dauert. Gibt es eine bessere Entschuldigung f\u00fcr ein gutes Fr\u00fchst\u00fcck?<\/p>\n<p>Der South Downs Way f\u00fchrt Sie vom Parkplatz zum Firle Beacon, von wo aus Sie auf das Meer blicken k\u00f6nnen, wie es am Horizont funkelt. Anschlie\u00dfend folgen Sie dem Reitweg an der verlassenen Kreidegrube von Bopeep vorbei, bevor Sie \u00fcber fruchtbare gr\u00fcne Felder und Ackerland wandern.<\/p>\n<p>Die traditionelle Scheune, urspr\u00fcnglich ein Zuhause f\u00fcr Tauben, und die malerischen Cottages von Alciston locken dann, und an diesem Punkt ist ein Halt im Rose Cottage Inn sicherlich obligatorisch.<\/p>\n<p>Wenn Sie es ertragen k\u00f6nnen, dieses sch\u00f6ne Dorf zu verlassen, passieren Sie Firle Estate, wenn Sie durch Tilton Wood in Richtung Charleston House fahren, das einst das Zuhause von E. M. Forster, Virginia Woolf und den anderen Bloomsbury-Autoren war.<\/p>\n<p>Halten Sie Ausschau nach dem h\u00fcbschen, ummauerten Garten, der mit Quentin-Bell-Skulpturen und mosaikgefliesten Wegen geschm\u00fcckt ist. Als n\u00e4chstes kommen der Firle Tower, der Firle Place, Glyndebourne (ein englisches Landhaus und Opernhaus) und das ansprechende, 500 Jahre alte Ram Inn.<br \/>\nNachdem Sie Firle verlassen haben, passieren Sie die Preston Court Farm und ein ehemaliges K\u00fcnstlerhaus, bevor Sie f\u00fcr eine wohlverdiente Pause zum Parkplatz zur\u00fcckkehren. Eine gute Nachtruhe ist nach diesem energiegeladenen Spaziergang garantiert!<\/p>\n<p><strong>Seven Sisters &#8211; Sieben Schwestern<\/strong><\/p>\n<p><a href=\"https:\/\/www.urlaubcornwall.de\/blog\/wp-content\/uploads\/2024\/03\/white-cliffs-cuckmere-haven-sussex.jpg\"><img loading=\"lazy\" src=\"https:\/\/www.urlaubcornwall.de\/blog\/wp-content\/uploads\/2024\/03\/white-cliffs-cuckmere-haven-sussex.jpg\" alt=\"white cliffs cuckmere haven sussex\" width=\"750\" height=\"563\" class=\"alignnone size-full wp-image-48006\" srcset=\"https:\/\/www.urlaubcornwall.de\/blog\/wp-content\/uploads\/2024\/03\/white-cliffs-cuckmere-haven-sussex.jpg 750w, https:\/\/www.urlaubcornwall.de\/blog\/wp-content\/uploads\/2024\/03\/white-cliffs-cuckmere-haven-sussex-300x225.jpg 300w\" sizes=\"(max-width: 750px) 100vw, 750px\" \/><\/a><\/p>\n<p>Am besten geeignet f\u00fcr: Ein belebender Spaziergang mit dramatischer Klippenlandschaft<\/p>\n<p>&#8211; Entfernung: 23 km<\/p>\n<p>&#8211; Zeit: 7 Stunden<\/p>\n<p>&#8211; Schwierigkeitsgrad: Herausfordernd<\/p>\n<p>&#8211; Start\/Ende: Seaford Beach bis Eastbourne Pier<\/p>\n<p>&#8211; Parken: Parkplatz in der N\u00e4he der Strandpromenade von Seaford<\/p>\n<p>&#8211; Sehensw\u00fcrdigkeiten: Cuckmere Haven, Seven Sisters, Beachy Head, Eastbourne<\/p>\n<p>Walkingclub.org nennt dies \u201edie beste Wanderung im S\u00fcdosten\u201c, und wem sollen wir widersprechen? Es ist sicherlich eine der klassischen Klippenrouten Gro\u00dfbritanniens, vollgepackt mit atemberaubenden Ausblicken \u00fcber die dramatische S\u00fcdk\u00fcste. Im Sommer k\u00f6nnen die Mutigsten sogar ein Bad im Meer oder im Cuckmere Haven nehmen \u2013 mach weiter, wir wagen dich!<\/p>\n<p>Die Wanderung beginnt an der Strandpromenade von Seaford und f\u00fchrt Sie durch das Naturschutzgebiet nach Hope Gap. Anschlie\u00dfend folgen Sie dem Seven Sisters Trail nach Cuckmere Haven, einem der besten Wildschwimmpl\u00e4tze des Landes. Vergessen Sie nicht, die Reihe erkennbarer Cottages der K\u00fcstenwache aus dem Film Atonement zu fotografieren, wenn Sie vorbeifahren.<\/p>\n<p>Ein erfrischendes Bad verdient sicherlich einen Drink im Cuckmere Inn, obwohl Sie vielleicht versucht sein werden, in diesem gem\u00fctlichen und geselligen Pub zum Abendessen zu bleiben.<\/p>\n<p>Der n\u00e4chste Abschnitt folgt einem Weg zwischen Cuckmere und Birling Gap, bevor Sie den Leuchtturm von Belle Tout erreichen. Ein gem\u00fctliches Caf\u00e9 hier ist ein weiterer gro\u00dfartiger Boxenstopp, besonders f\u00fcr diejenigen, die ein St\u00fcck Kuchen zum Laufen m\u00f6gen.<\/p>\n<p>Passieren Sie schlie\u00dflich den atemberaubenden Beachy Head, bevor Sie sich f\u00fcr einen von mehreren Wegen zum Eastbourne Pier entscheiden.<br \/>\nNachdem Sie sich mit einem Eis am Pier erfrischt haben, begeben Sie sich in die Stadt, um das Familienhaus von Rudyard Kipling zu besuchen, einen der vielen erstaunlichen und historischen G\u00e4rten in Sussex, der sich perfekt f\u00fcr einen Spaziergang nach dem Spaziergang eignet.<\/p>\n<p><strong>Hellingly Wanderung<\/strong><\/p>\n<p>Am besten geeignet f\u00fcr: Ein Vorgeschmack auf den Kuckucksweg<\/p>\n<p>&#8211; Entfernung: 4 km<\/p>\n<p>&#8211; Zeit: 1 Stunde<\/p>\n<p>&#8211; Schwierigkeitsgrad: Leicht<\/p>\n<p>&#8211; Start\/Ende: Parkplatz Kuckucksweg<\/p>\n<p>&#8211; Parken: Parkplatz Kuckucksweg<\/p>\n<p>&#8211; Sehensw\u00fcrdigkeiten: Einzig verbleibender, unbesch\u00e4digter Zirkus in Sussex<\/p>\n<p>Dieser einfache Spaziergang f\u00fchrt Sie entlang eines Teils des ber\u00fchmten Cuckoo Trail von <a href=\"https:\/\/www.urlaubcornwall.de\/ferienhaeuser-fewos\/eng\/sussex\/sussex.html\">Sussex<\/a> und ist leicht zu begehen, was ihn zu einer gro\u00dfartigen Wanderung f\u00fcr die ganze Familie macht. Sie werden in kurzer Zeit eine Vielzahl von Szenen genie\u00dfen k\u00f6nnen, wenn Sie durch einen schattigen gr\u00fcnen Korridor gehen, entlang alter Eisenbahnschienen gehen und hinaus in das Flickenteppich von Feldern gehen.<\/p>\n<p>Entlang der Route sto\u00dfen Sie auf den einzigen unbesch\u00e4digten Ciric a in Sussex. Diese kreisf\u00f6rmigen (oder in diesem Fall ovalen) erh\u00f6hten Begr\u00e4bnisst\u00e4tten wurden gebaut, um die Toten trocken zu halten, und sind \u00fcber die ganze Grafschaft verstreut zu finden.<\/p>\n<p>Eine interessante Tatsache f\u00fcr diejenigen, die sich f\u00fcr die lokale Geschichte interessieren, der Kuckucksweg hat seinen Namen von der Kuckuckslinie, die wiederum ihren Namen von der Tradition hat, den ersten Kuckuck des Fr\u00fchlings auf dem j\u00e4hrlichen alten Viehmarkt freizulassen. W\u00e4hrend Sie bei Ihrem Spaziergang vielleicht keinen Kuckuck sehen, werden Sie sicher andere Wildtiere sehen, also halten Sie die Augen offen.<\/p>\n<p><strong>Von Ditchling Beacon zum Devil&#8217;s Dyke, South Downs Wandern<\/strong><\/p>\n<p>Am besten geeignet f\u00fcr: Ackerland voller Blumen und Windm\u00fchlen<\/p>\n<p> &#8211; Entfernung: 12 km<\/p>\n<p>&#8211; Zeit: 3 Stunden<\/p>\n<p>&#8211; Schwierigkeitsgrad: Moderat<\/p>\n<p>&#8211; Start\/Ende: Parkplatz Ditchling Beacon<\/p>\n<p>&#8211; Parken: Parkplatz Ditchling Beacon<\/p>\n<p>&#8211; Sehensw\u00fcrdigkeiten: Clayton Mills, Devil&#8217;s Dyke, Saddlescombe Farm<\/p>\n<p>Diese Route ist leicht mit dem Bus von <a href=\"https:\/\/www.urlaubcornwall.de\/ferienhaeuser-fewos\/eng\/sussex\/brighton.html\">Brighton<\/a> aus zu erreichen, also ideal, wenn Sie eine Abwechslung von der Stadt w\u00fcnschen. Im Fr\u00fchling und Sommer, wenn die Wildblumen bl\u00fchen, ist der Weg auch besonders farbenfroh.<\/p>\n<p>Die \u00dcberreste der Gr\u00e4ben und Ufer einer eisenzeitlichen Festung sind der erste interessante Punkt auf dieser Wanderung entlang eines der h\u00f6chsten Punkte des South Downs Way. Am Wegweiser nach Clayton Mills kann man kurz darauf einen Abstecher machen, wenn man m\u00f6chte. Oder fahren Sie einfach weiter ins Tal von Devil\u2019s Dyke.<\/p>\n<p>Sie passieren dann die New Barn Farm und den Pycombe-Golfplatz, bevor Sie durch die Saddlescombe Farm, die Heimat des Caf\u00e9s Wildflour, fahren. Stoppen Sie dort f\u00fcr ein k\u00fchles Getr\u00e4nk oder eine hei\u00dfe Winterschokolade, bevor Sie, wenn Sie m\u00f6chten, in der Informationsscheune vorbeischauen, bevor Sie wieder bergauf zum Parkplatz wandern.<\/p>\n<p><strong>S\u00e4chsischer Uferweg \u2013 Hastings nach Rye<\/strong><\/p>\n<p><a href=\"https:\/\/www.urlaubcornwall.de\/blog\/wp-content\/uploads\/2016\/07\/urlaub-hastings.jpg\"><img loading=\"lazy\" src=\"https:\/\/www.urlaubcornwall.de\/blog\/wp-content\/uploads\/2016\/07\/urlaub-hastings.jpg\" alt=\"urlaub hastings \" width=\"745\" height=\"429\" class=\"alignnone size-full wp-image-24734\" srcset=\"https:\/\/www.urlaubcornwall.de\/blog\/wp-content\/uploads\/2016\/07\/urlaub-hastings.jpg 745w, https:\/\/www.urlaubcornwall.de\/blog\/wp-content\/uploads\/2016\/07\/urlaub-hastings-300x173.jpg 300w\" sizes=\"(max-width: 745px) 100vw, 745px\" \/><\/a><\/p>\n<p>Am besten f\u00fcr: Eine Stadt-zu-Stadt-Tour durch East Sussex<\/p>\n<p>&#8211; Entfernung: 22 km<\/p>\n<p>&#8211; Zeit: 5 Stunden<\/p>\n<p>&#8211; Schwierigkeitsgrad: Moderat<\/p>\n<p>&#8211; Start\/Ende: Hastings bis Rye<\/p>\n<p>&#8211; Parken: Parkpl\u00e4tze im Stadtzentrum<\/p>\n<p>&#8211; Sehensw\u00fcrdigkeiten: Stadtzentren von Hastings und Rye<\/p>\n<p>Dieser erste Teil dieser Wanderung von <a href=\"https:\/\/www.urlaubcornwall.de\/ferienhaeuser-fewos\/eng\/sussex\/hastings.html\">Hastings<\/a> nach <a href=\"https:\/\/www.urlaubcornwall.de\/ferienhaeuser-fewos\/eng\/sussex\/hastings.html#\">Rye<\/a> beinhaltet einige ziemlich steile Anstiege. Es ist also nichts f\u00fcr die Tage, an denen Sie sich gem\u00e4chlicher f\u00fchlen. Es wird jedoch einfacher \u2013 und da es sich um zwei St\u00e4dte handelt, gibt es viele M\u00f6glichkeiten f\u00fcr Rast und Mittagspause.<\/p>\n<p>Vielleicht erkl\u00e4rt dies, warum es einer der beliebtesten Wanderwege in East Sussex ist. Jede Entschuldigung f\u00fcr Kaffee und Kuchen oder sogar ein Glas Wein.<\/p>\n<p>Ein weiterer Anreiz ist der Blick \u00fcber Hastings, wenn Sie die Spitze des East Hill erreichen. Sie wandern dann durch m\u00e4rchenhafte W\u00e4lder in Richtung Fairlight Cove und \u00fcberqueren den K\u00fcstenpfad, w\u00e4hrend Sie zu dem Pfad gehen, der den Strand von Pett Level umarmt.<br \/>\nWenn Sie von all der Landschaft und der frischen Seeluft ersch\u00f6pft sind, k\u00f6nnen Sie jederzeit im New Inn in Winchelsea Halt machen, bevor Sie weiter nach Rye wandern, einer der malerischsten mittelalterlichen St\u00e4dte des Landes.<\/p>\n<p><strong>Der Royal Military Canal Path \u2013 Pett Level, Rother, nach Seabrook in der N\u00e4he von Folkestone<\/strong><\/p>\n<p>Am besten f\u00fcr: Eine l\u00e4ngere Schleife entlang der Kanalufer<\/p>\n<p>&#8211; Entfernung: 45 km<\/p>\n<p>&#8211; Zeit: 1 Tag+<\/p>\n<p>&#8211; Schwierigkeitsgrad: Moderat<\/p>\n<p>&#8211; Beginnt\/endet: Pett Level bis Seabrook (Kent)<\/p>\n<p>&#8211; Sehensw\u00fcrdigkeiten: Royal Military Canal, Romney Marsh<\/p>\n<p>Dieser Fernwanderweg f\u00fchrt Sie von Pett Level in East Sussex bis nach <a href=\"https:\/\/www.urlaubcornwall.de\/ferienhaeuser-fewos\/eng\/kent\/kent.html\">Kent<\/a> \u2013 \u200b\u200bn\u00e4mlich in das Dorf Seabrook in der N\u00e4he von <a href=\"https:\/\/www.urlaubcornwall.de\/ferienhaeuser-fewos\/eng\/kent\/folkestone.html\">Folkestone<\/a>.<\/p>\n<p>Unterwegs k\u00f6nnen Sie eine Site of Special Scientific Interest (SSSI) erkunden, die besonders bei Naturliebhabern beliebt ist. Der Kanal, dem der Weg folgt, ist auch ein offizielles antikes Denkmal, da er gebaut wurde, um Gro\u00dfbritannien gegen die napoleonische Invasion zu verteidigen.<\/p>\n<p>Wenn Sie noch weiter vordringen m\u00f6chten, k\u00f6nnen Sie sich mit dem Saxon Shore Way bei West Hythe oder Appledore verbinden, die beide eigentlich in Kent liegen.<\/p>\n<p><strong>Wellingham-Rundweg<\/strong><\/p>\n<p>Am besten geeignet f\u00fcr: Ein Sonntagsspaziergang und ein Braten<\/p>\n<p>&#8211; Entfernung: 3 km<\/p>\n<p>&#8211; Zeit: 1 Stunde<\/p>\n<p>&#8211; Schwierigkeitsgrad: Leicht bis mittelschwer<\/p>\n<p>&#8211; Beginnt\/endet: The Cock Inn<\/p>\n<p>&#8211; Parken: The Cock Inn, wenn Sie dort essen oder trinken<\/p>\n<p>&#8211; Sehensw\u00fcrdigkeiten: Wellingham Walled Herb Garden aus dem 18. Jahrhundert<\/p>\n<p>Dieser kurze Rundweg beginnt und endet am The Cock Inn und eignet sich perfekt f\u00fcr einen Sonntagsspaziergang, um Sie auf ein traditionelles englisches Braten-Mittagessen vorzubereiten.<\/p>\n<p>Sie passieren sch\u00f6ne Grasweiden und ruhige Gassen, mit gelegentlicher Gesellschaft in Form von einheimischen Rindern und Pferden, die diese Felder ihr Zuhause nennen.<\/p>\n<p>Entlang dieser Route finden Sie den Wellingham Walled Herb Garden, der an Wochenenden und Feiertagen f\u00fcr die \u00d6ffentlichkeit zug\u00e4nglich ist. Nach Jahren der Vernachl\u00e4ssigung wurde dieser Schatz aus dem 18. Jahrhundert zu neuem Leben erweckt und bietet den Besuchern beim Betrachten der verschiedenen Kr\u00e4utersorten einen Genuss f\u00fcr die Sinne.<\/p>\n<p>Wenn Sie sich nach einem Aufenthalt im malerischen Ost Sussex sehnen, lesen Sie doch unseren <a href=\"https:\/\/www.urlaubcornwall.de\/blog\/beste-wanderungen-in-west-sussex\/\">Reisef\u00fchrer f\u00fcr Ost Sussex<\/a> und buchen Sie Ihren Aufenthalt in einem <a href=\"https:\/\/www.urlaubcornwall.de\/ferienhaeuser-fewos\/eng\/sussex\/sussex.html\">unserer einladenden Cottages<\/a>.<\/p>\n","protected":false},"excerpt":{"rendered":"<p>Die bezaubernde Grafschaft Sussex ist mit ihrer h\u00fcgeligen Landschaft und der epischen K\u00fcste ein idyllisches Ziel f\u00fcr einen Urlaub in Gro\u00dfbritannien, ganz zu schweigen von einer ganzen Reihe fabelhafter Pubs f\u00fcr die wichtige Erfrischung nach dem Spaziergang. Dieser Reisef\u00fchrer behandelt Wanderungen in Ost Sussex und alle wurden aufgrund der herrlichen Aussichten, die es zu genie\u00dfen [&hellip;]<\/p>\n","protected":false},"author":1,"featured_media":0,"parent":0,"menu_order":0,"comment_status":"closed","ping_status":"closed","template":"single-four.php","meta":[],"acf":[],"yoast_head":"<!-- This site is optimized with the Yoast SEO plugin v19.4 - https:\/\/yoast.com\/wordpress\/plugins\/seo\/ -->\n<title>Beste Wanderungen in Ost Sussex - Urlaub &amp; Reisen<\/title>\n<meta name=\"robots\" content=\"index, follow, max-snippet:-1, max-image-preview:large, max-video-preview:-1\" \/>\n<link rel=\"canonical\" href=\"https:\/\/www.urlaubcornwall.de\/blog\/beste-wanderungen-in-ost-sussex\/\" \/>\n<meta property=\"og:locale\" content=\"en_US\" \/>\n<meta property=\"og:type\" content=\"article\" \/>\n<meta property=\"og:title\" content=\"Beste Wanderungen in Ost Sussex - Urlaub &amp; Reisen\" \/>\n<meta property=\"og:description\" content=\"Die bezaubernde Grafschaft Sussex ist mit ihrer h\u00fcgeligen Landschaft und der epischen K\u00fcste ein idyllisches Ziel f\u00fcr einen Urlaub in Gro\u00dfbritannien, ganz zu schweigen von einer ganzen Reihe fabelhafter Pubs f\u00fcr die wichtige Erfrischung nach dem Spaziergang. Dieser Reisef\u00fchrer behandelt Wanderungen in Ost Sussex und alle wurden aufgrund der herrlichen Aussichten, die es zu genie\u00dfen [&hellip;]\" \/>\n<meta property=\"og:url\" content=\"https:\/\/www.urlaubcornwall.de\/blog\/beste-wanderungen-in-ost-sussex\/\" \/>\n<meta property=\"og:site_name\" content=\"Urlaub &amp; Reisen\" \/>\n<meta property=\"article:modified_time\" content=\"2024-05-28T13:23:01+00:00\" \/>\n<meta property=\"og:image\" content=\"https:\/\/www.urlaubcornwall.de\/blog\/wp-content\/uploads\/2024\/03\/sussex-strand.jpg\" \/>\n<meta name=\"twitter:card\" content=\"summary\" \/>\n<meta name=\"twitter:label1\" content=\"Est. reading time\" \/>\n\t<meta name=\"twitter:data1\" content=\"8 minutes\" \/>\n<script type=\"application\/ld+json\" class=\"yoast-schema-graph\">{\"@context\":\"https:\/\/schema.org\",\"@graph\":[{\"@type\":\"WebSite\",\"@id\":\"https:\/\/www.urlaubcornwall.de\/blog\/#website\",\"url\":\"https:\/\/www.urlaubcornwall.de\/blog\/\",\"name\":\"Urlaub &amp; Reisen\",\"description\":\"Urlaub, Reisen, Cornwall und S\u00fcdengland: eine perfekte Kombination\",\"potentialAction\":[{\"@type\":\"SearchAction\",\"target\":{\"@type\":\"EntryPoint\",\"urlTemplate\":\"https:\/\/www.urlaubcornwall.de\/blog\/?s={search_term_string}\"},\"query-input\":\"required name=search_term_string\"}],\"inLanguage\":\"en-US\"},{\"@type\":\"WebPage\",\"@id\":\"https:\/\/www.urlaubcornwall.de\/blog\/beste-wanderungen-in-ost-sussex\/\",\"url\":\"https:\/\/www.urlaubcornwall.de\/blog\/beste-wanderungen-in-ost-sussex\/\",\"name\":\"Beste Wanderungen in Ost Sussex - Urlaub &amp; Reisen\",\"isPartOf\":{\"@id\":\"https:\/\/www.urlaubcornwall.de\/blog\/#website\"},\"datePublished\":\"2022-08-15T12:46:54+00:00\",\"dateModified\":\"2024-05-28T13:23:01+00:00\",\"breadcrumb\":{\"@id\":\"https:\/\/www.urlaubcornwall.de\/blog\/beste-wanderungen-in-ost-sussex\/#breadcrumb\"},\"inLanguage\":\"en-US\",\"potentialAction\":[{\"@type\":\"ReadAction\",\"target\":[\"https:\/\/www.urlaubcornwall.de\/blog\/beste-wanderungen-in-ost-sussex\/\"]}]},{\"@type\":\"BreadcrumbList\",\"@id\":\"https:\/\/www.urlaubcornwall.de\/blog\/beste-wanderungen-in-ost-sussex\/#breadcrumb\",\"itemListElement\":[{\"@type\":\"ListItem\",\"position\":1,\"name\":\"Home\",\"item\":\"https:\/\/www.urlaubcornwall.de\/blog\/\"},{\"@type\":\"ListItem\",\"position\":2,\"name\":\"Beste Wanderungen in Ost Sussex\"}]}]}<\/script>\n<!-- \/ Yoast SEO plugin. -->","yoast_head_json":{"title":"Beste Wanderungen in Ost Sussex - Urlaub &amp; Reisen","robots":{"index":"index","follow":"follow","max-snippet":"max-snippet:-1","max-image-preview":"max-image-preview:large","max-video-preview":"max-video-preview:-1"},"canonical":"https:\/\/www.urlaubcornwall.de\/blog\/beste-wanderungen-in-ost-sussex\/","og_locale":"en_US","og_type":"article","og_title":"Beste Wanderungen in Ost Sussex - Urlaub &amp; Reisen","og_description":"Die bezaubernde Grafschaft Sussex ist mit ihrer h\u00fcgeligen Landschaft und der epischen K\u00fcste ein idyllisches Ziel f\u00fcr einen Urlaub in Gro\u00dfbritannien, ganz zu schweigen von einer ganzen Reihe fabelhafter Pubs f\u00fcr die wichtige Erfrischung nach dem Spaziergang. Dieser Reisef\u00fchrer behandelt Wanderungen in Ost Sussex und alle wurden aufgrund der herrlichen Aussichten, die es zu genie\u00dfen [&hellip;]","og_url":"https:\/\/www.urlaubcornwall.de\/blog\/beste-wanderungen-in-ost-sussex\/","og_site_name":"Urlaub &amp; Reisen","article_modified_time":"2024-05-28T13:23:01+00:00","og_image":[{"url":"https:\/\/www.urlaubcornwall.de\/blog\/wp-content\/uploads\/2024\/03\/sussex-strand.jpg"}],"twitter_card":"summary","twitter_misc":{"Est. reading time":"8 minutes"},"schema":{"@context":"https:\/\/schema.org","@graph":[{"@type":"WebSite","@id":"https:\/\/www.urlaubcornwall.de\/blog\/#website","url":"https:\/\/www.urlaubcornwall.de\/blog\/","name":"Urlaub &amp; Reisen","description":"Urlaub, Reisen, Cornwall und S\u00fcdengland: eine perfekte Kombination","potentialAction":[{"@type":"SearchAction","target":{"@type":"EntryPoint","urlTemplate":"https:\/\/www.urlaubcornwall.de\/blog\/?s={search_term_string}"},"query-input":"required name=search_term_string"}],"inLanguage":"en-US"},{"@type":"WebPage","@id":"https:\/\/www.urlaubcornwall.de\/blog\/beste-wanderungen-in-ost-sussex\/","url":"https:\/\/www.urlaubcornwall.de\/blog\/beste-wanderungen-in-ost-sussex\/","name":"Beste Wanderungen in Ost Sussex - Urlaub &amp; Reisen","isPartOf":{"@id":"https:\/\/www.urlaubcornwall.de\/blog\/#website"},"datePublished":"2022-08-15T12:46:54+00:00","dateModified":"2024-05-28T13:23:01+00:00","breadcrumb":{"@id":"https:\/\/www.urlaubcornwall.de\/blog\/beste-wanderungen-in-ost-sussex\/#breadcrumb"},"inLanguage":"en-US","potentialAction":[{"@type":"ReadAction","target":["https:\/\/www.urlaubcornwall.de\/blog\/beste-wanderungen-in-ost-sussex\/"]}]},{"@type":"BreadcrumbList","@id":"https:\/\/www.urlaubcornwall.de\/blog\/beste-wanderungen-in-ost-sussex\/#breadcrumb","itemListElement":[{"@type":"ListItem","position":1,"name":"Home","item":"https:\/\/www.urlaubcornwall.de\/blog\/"},{"@type":"ListItem","position":2,"name":"Beste Wanderungen in Ost Sussex"}]}]}},"_links":{"self":[{"href":"https:\/\/www.urlaubcornwall.de\/blog\/wp-json\/wp\/v2\/pages\/44898"}],"collection":[{"href":"https:\/\/www.urlaubcornwall.de\/blog\/wp-json\/wp\/v2\/pages"}],"about":[{"href":"https:\/\/www.urlaubcornwall.de\/blog\/wp-json\/wp\/v2\/types\/page"}],"author":[{"embeddable":true,"href":"https:\/\/www.urlaubcornwall.de\/blog\/wp-json\/wp\/v2\/users\/1"}],"replies":[{"embeddable":true,"href":"https:\/\/www.urlaubcornwall.de\/blog\/wp-json\/wp\/v2\/comments?post=44898"}],"version-history":[{"count":6,"href":"https:\/\/www.urlaubcornwall.de\/blog\/wp-json\/wp\/v2\/pages\/44898\/revisions"}],"predecessor-version":[{"id":50409,"href":"https:\/\/www.urlaubcornwall.de\/blog\/wp-json\/wp\/v2\/pages\/44898\/revisions\/50409"}],"wp:attachment":[{"href":"https:\/\/www.urlaubcornwall.de\/blog\/wp-json\/wp\/v2\/media?parent=44898"}],"curies":[{"name":"wp","href":"https:\/\/api.w.org\/{rel}","templated":true}]}}