{"id":44759,"date":"2022-04-19T11:27:34","date_gmt":"2022-04-19T11:27:34","guid":{"rendered":"https:\/\/www.urlaubcornwall.de\/blog\/?page_id=44759"},"modified":"2022-04-19T11:28:42","modified_gmt":"2022-04-19T11:28:42","slug":"erkunden-sie-die-romantischen-cotswolds","status":"publish","type":"page","link":"https:\/\/www.urlaubcornwall.de\/blog\/erkunden-sie-die-romantischen-cotswolds\/","title":{"rendered":"Erkunden Sie die romantischen Cotswolds"},"content":{"rendered":"<p><img loading=\"lazy\" class=\"aligncenter size-full wp-image-27295\" src=\"https:\/\/www.urlaubcornwall.de\/blog\/wp-content\/uploads\/2017\/03\/urlaub-broadway-cotswolds.jpg\" alt=\"Erkunden Sie die romantischen Cotswolds\" width=\"749\" height=\"407\"\/><\/p>\n<p>Definiert durch die <a href=\"https:\/\/www.urlaubcornwall.de\/ferienhaeuser\/cotswolds.php\">bildsch\u00f6nen Cottages<\/a>, geschm\u00fcckt mit Kletterrosen und Glyzinien, eingeschmiegt in eine sanft h\u00fcgelige gr\u00fcne Landschaft mit grasenden Schafen, sind die Cotswolds eine l\u00e4ndliche, englische Idylle. Sie sind das Zuhause einiger der h\u00fcbschesten D\u00f6rfer des UK und Area of Outstanding Natural Beauty. Das ist die Art Ort, wo Sie von einem verschlafenen Dorf zum n\u00e4chsten spazieren k\u00f6nnen, antike Emporien erkunden, altmodische B\u00fccherl\u00e4den, historische H\u00e4user und eine breite Vielfalt an Attraktionen, bevor Sie sich zur\u00fcckziehen in einen urigen Teesalon oder eine gem\u00fctliche Landkneipe mit offener Feuerstelle.<\/p>\n<p><strong>Idyllische St\u00e4dtchen im Herzen Englands<\/strong><\/p>\n<p>Wir haben einige unserer bevorzugten D\u00f6rfer ausgew\u00e4hlt, die Sie <a href=\"https:\/\/www.urlaubcornwall.de\/reiseziel\/cotswolds.php\">in den Cotswolds<\/a> besuchen, wo Sie dem gesch\u00e4ftigen Treiben des t\u00e4glichen Lebens entkommen und eine Weile all dem entfliehen k\u00f6nnen. G\u00f6nnen Sie sich eine entspannende Pause in einem <a href=\"https:\/\/www.urlaubcornwall.de\/ferienhaeuser\/cotswolds.php\">unserer Cotswolds Ferienh\u00e4user<\/a> hier und entdecken Sie einige der besten Cotswolds D\u00f6rfer, die Sie w\u00e4hrend Ihres Aufenthalts besuchen k\u00f6nnen.<\/p>\n","protected":false},"excerpt":{"rendered":"<p>Definiert durch die bildsch\u00f6nen Cottages, geschm\u00fcckt mit Kletterrosen und Glyzinien, eingeschmiegt in eine sanft h\u00fcgelige gr\u00fcne Landschaft mit grasenden Schafen, sind die Cotswolds eine l\u00e4ndliche, englische Idylle. Sie sind das Zuhause einiger der h\u00fcbschesten D\u00f6rfer des UK und Area of Outstanding Natural Beauty. Das ist die Art Ort, wo Sie von einem verschlafenen Dorf zum [&hellip;]<\/p>\n","protected":false},"author":1,"featured_media":0,"parent":0,"menu_order":0,"comment_status":"closed","ping_status":"closed","template":"single-four.php","meta":[],"acf":[],"yoast_head":"<!-- This site is optimized with the Yoast SEO plugin v19.4 - https:\/\/yoast.com\/wordpress\/plugins\/seo\/ -->\n<title>Erkunden Sie die romantischen Cotswolds - Urlaub &amp; Reisen<\/title>\n<meta name=\"robots\" content=\"index, follow, max-snippet:-1, max-image-preview:large, max-video-preview:-1\" \/>\n<link rel=\"canonical\" href=\"https:\/\/www.urlaubcornwall.de\/blog\/erkunden-sie-die-romantischen-cotswolds\/\" \/>\n<meta property=\"og:locale\" content=\"en_US\" \/>\n<meta property=\"og:type\" content=\"article\" \/>\n<meta property=\"og:title\" content=\"Erkunden Sie die romantischen Cotswolds - Urlaub &amp; Reisen\" \/>\n<meta property=\"og:description\" content=\"Definiert durch die bildsch\u00f6nen Cottages, geschm\u00fcckt mit Kletterrosen und Glyzinien, eingeschmiegt in eine sanft h\u00fcgelige gr\u00fcne Landschaft mit grasenden Schafen, sind die Cotswolds eine l\u00e4ndliche, englische Idylle. Sie sind das Zuhause einiger der h\u00fcbschesten D\u00f6rfer des UK und Area of Outstanding Natural Beauty. Das ist die Art Ort, wo Sie von einem verschlafenen Dorf zum [&hellip;]\" \/>\n<meta property=\"og:url\" content=\"https:\/\/www.urlaubcornwall.de\/blog\/erkunden-sie-die-romantischen-cotswolds\/\" \/>\n<meta property=\"og:site_name\" content=\"Urlaub &amp; Reisen\" \/>\n<meta property=\"article:modified_time\" content=\"2022-04-19T11:28:42+00:00\" \/>\n<meta property=\"og:image\" content=\"https:\/\/www.urlaubcornwall.de\/blog\/wp-content\/uploads\/2017\/03\/urlaub-broadway-cotswolds.jpg\" \/>\n<meta name=\"twitter:card\" content=\"summary\" \/>\n<meta name=\"twitter:label1\" content=\"Est. reading time\" \/>\n\t<meta name=\"twitter:data1\" content=\"1 minute\" \/>\n<script type=\"application\/ld+json\" class=\"yoast-schema-graph\">{\"@context\":\"https:\/\/schema.org\",\"@graph\":[{\"@type\":\"WebSite\",\"@id\":\"https:\/\/www.urlaubcornwall.de\/blog\/#website\",\"url\":\"https:\/\/www.urlaubcornwall.de\/blog\/\",\"name\":\"Urlaub &amp; Reisen\",\"description\":\"Urlaub, Reisen, Cornwall und S\u00fcdengland: eine perfekte Kombination\",\"potentialAction\":[{\"@type\":\"SearchAction\",\"target\":{\"@type\":\"EntryPoint\",\"urlTemplate\":\"https:\/\/www.urlaubcornwall.de\/blog\/?s={search_term_string}\"},\"query-input\":\"required name=search_term_string\"}],\"inLanguage\":\"en-US\"},{\"@type\":\"WebPage\",\"@id\":\"https:\/\/www.urlaubcornwall.de\/blog\/erkunden-sie-die-romantischen-cotswolds\/\",\"url\":\"https:\/\/www.urlaubcornwall.de\/blog\/erkunden-sie-die-romantischen-cotswolds\/\",\"name\":\"Erkunden Sie die romantischen Cotswolds - Urlaub &amp; Reisen\",\"isPartOf\":{\"@id\":\"https:\/\/www.urlaubcornwall.de\/blog\/#website\"},\"datePublished\":\"2022-04-19T11:27:34+00:00\",\"dateModified\":\"2022-04-19T11:28:42+00:00\",\"breadcrumb\":{\"@id\":\"https:\/\/www.urlaubcornwall.de\/blog\/erkunden-sie-die-romantischen-cotswolds\/#breadcrumb\"},\"inLanguage\":\"en-US\",\"potentialAction\":[{\"@type\":\"ReadAction\",\"target\":[\"https:\/\/www.urlaubcornwall.de\/blog\/erkunden-sie-die-romantischen-cotswolds\/\"]}]},{\"@type\":\"BreadcrumbList\",\"@id\":\"https:\/\/www.urlaubcornwall.de\/blog\/erkunden-sie-die-romantischen-cotswolds\/#breadcrumb\",\"itemListElement\":[{\"@type\":\"ListItem\",\"position\":1,\"name\":\"Home\",\"item\":\"https:\/\/www.urlaubcornwall.de\/blog\/\"},{\"@type\":\"ListItem\",\"position\":2,\"name\":\"Erkunden Sie die romantischen Cotswolds\"}]}]}<\/script>\n<!-- \/ Yoast SEO plugin. -->","yoast_head_json":{"title":"Erkunden Sie die romantischen Cotswolds - Urlaub &amp; Reisen","robots":{"index":"index","follow":"follow","max-snippet":"max-snippet:-1","max-image-preview":"max-image-preview:large","max-video-preview":"max-video-preview:-1"},"canonical":"https:\/\/www.urlaubcornwall.de\/blog\/erkunden-sie-die-romantischen-cotswolds\/","og_locale":"en_US","og_type":"article","og_title":"Erkunden Sie die romantischen Cotswolds - Urlaub &amp; Reisen","og_description":"Definiert durch die bildsch\u00f6nen Cottages, geschm\u00fcckt mit Kletterrosen und Glyzinien, eingeschmiegt in eine sanft h\u00fcgelige gr\u00fcne Landschaft mit grasenden Schafen, sind die Cotswolds eine l\u00e4ndliche, englische Idylle. Sie sind das Zuhause einiger der h\u00fcbschesten D\u00f6rfer des UK und Area of Outstanding Natural Beauty. Das ist die Art Ort, wo Sie von einem verschlafenen Dorf zum [&hellip;]","og_url":"https:\/\/www.urlaubcornwall.de\/blog\/erkunden-sie-die-romantischen-cotswolds\/","og_site_name":"Urlaub &amp; Reisen","article_modified_time":"2022-04-19T11:28:42+00:00","og_image":[{"url":"https:\/\/www.urlaubcornwall.de\/blog\/wp-content\/uploads\/2017\/03\/urlaub-broadway-cotswolds.jpg"}],"twitter_card":"summary","twitter_misc":{"Est. reading time":"1 minute"},"schema":{"@context":"https:\/\/schema.org","@graph":[{"@type":"WebSite","@id":"https:\/\/www.urlaubcornwall.de\/blog\/#website","url":"https:\/\/www.urlaubcornwall.de\/blog\/","name":"Urlaub &amp; Reisen","description":"Urlaub, Reisen, Cornwall und S\u00fcdengland: eine perfekte Kombination","potentialAction":[{"@type":"SearchAction","target":{"@type":"EntryPoint","urlTemplate":"https:\/\/www.urlaubcornwall.de\/blog\/?s={search_term_string}"},"query-input":"required name=search_term_string"}],"inLanguage":"en-US"},{"@type":"WebPage","@id":"https:\/\/www.urlaubcornwall.de\/blog\/erkunden-sie-die-romantischen-cotswolds\/","url":"https:\/\/www.urlaubcornwall.de\/blog\/erkunden-sie-die-romantischen-cotswolds\/","name":"Erkunden Sie die romantischen Cotswolds - Urlaub &amp; Reisen","isPartOf":{"@id":"https:\/\/www.urlaubcornwall.de\/blog\/#website"},"datePublished":"2022-04-19T11:27:34+00:00","dateModified":"2022-04-19T11:28:42+00:00","breadcrumb":{"@id":"https:\/\/www.urlaubcornwall.de\/blog\/erkunden-sie-die-romantischen-cotswolds\/#breadcrumb"},"inLanguage":"en-US","potentialAction":[{"@type":"ReadAction","target":["https:\/\/www.urlaubcornwall.de\/blog\/erkunden-sie-die-romantischen-cotswolds\/"]}]},{"@type":"BreadcrumbList","@id":"https:\/\/www.urlaubcornwall.de\/blog\/erkunden-sie-die-romantischen-cotswolds\/#breadcrumb","itemListElement":[{"@type":"ListItem","position":1,"name":"Home","item":"https:\/\/www.urlaubcornwall.de\/blog\/"},{"@type":"ListItem","position":2,"name":"Erkunden Sie die romantischen Cotswolds"}]}]}},"_links":{"self":[{"href":"https:\/\/www.urlaubcornwall.de\/blog\/wp-json\/wp\/v2\/pages\/44759"}],"collection":[{"href":"https:\/\/www.urlaubcornwall.de\/blog\/wp-json\/wp\/v2\/pages"}],"about":[{"href":"https:\/\/www.urlaubcornwall.de\/blog\/wp-json\/wp\/v2\/types\/page"}],"author":[{"embeddable":true,"href":"https:\/\/www.urlaubcornwall.de\/blog\/wp-json\/wp\/v2\/users\/1"}],"replies":[{"embeddable":true,"href":"https:\/\/www.urlaubcornwall.de\/blog\/wp-json\/wp\/v2\/comments?post=44759"}],"version-history":[{"count":2,"href":"https:\/\/www.urlaubcornwall.de\/blog\/wp-json\/wp\/v2\/pages\/44759\/revisions"}],"predecessor-version":[{"id":44761,"href":"https:\/\/www.urlaubcornwall.de\/blog\/wp-json\/wp\/v2\/pages\/44759\/revisions\/44761"}],"wp:attachment":[{"href":"https:\/\/www.urlaubcornwall.de\/blog\/wp-json\/wp\/v2\/media?parent=44759"}],"curies":[{"name":"wp","href":"https:\/\/api.w.org\/{rel}","templated":true}]}}