{"id":44182,"date":"2021-11-27T14:08:39","date_gmt":"2021-11-27T14:08:39","guid":{"rendered":"https:\/\/www.urlaubcornwall.de\/blog\/?page_id=44182"},"modified":"2022-11-23T11:49:55","modified_gmt":"2022-11-23T11:49:55","slug":"kanalinseln-wassersportarten","status":"publish","type":"page","link":"https:\/\/www.urlaubcornwall.de\/blog\/kanalinseln-wassersportarten\/","title":{"rendered":"Kanalinseln Wassersportarten"},"content":{"rendered":"<p><a href=\"https:\/\/www.urlaubcornwall.de\/reiseziel\/kanalinseln\/jersey.php\">Jersey<\/a> eignet sich hervorragend f\u00fcr s\u00e4mtliche Arten von Wassersport. Bei Gorey am Royal Bay of Grouville Beach k\u00f6nnen Sie Wasserski genie\u00dfen, Wakeboarden, Kajak fahren, Stand- up-Paddleboarden und Motorboote mieten. Es gibt au\u00dferdem Meeressafaris, w\u00e4hrend derer Sie die wundersch\u00f6ne Landschaft genie\u00dfen k\u00f6nnen und Ausschau halten nach Tierleben wie Delfinen und Robben. Jersey eignet sich gro\u00dfartig zum Surfen; St Ouens Bay galt einst als die Surfhauptstadt Europas; der 8km lange Strand \u00f6ffnet sich hin zum atlantischen Ozean mit starken Welleng\u00e4ngen und Str\u00f6mungen im Wasser. <\/p>\n<p>Coasteering entlang der Klippen und Buchten von <a href=\"https:\/\/www.urlaubcornwall.de\/blog\/die-wunderschoensten-straende-auf-jersey-urlaubstipps-kanalinseln\/\">Jerseys K\u00fcste<\/a> ist eine weitere M\u00f6glichkeit, um mehr zu dieser wundersch\u00f6nen Insel herauszufinden. Aufgrund der meilenlangen K\u00fcste, kristallklarem Wasser und Meeresbadepools gibt es eine Vielzahl an Orten auf Jersey, um zu schwimmen und zu tauchen. Angeln ist eine weitere Wassersportart, die Sie w\u00e4hrend eines Urlaubs hier genie\u00dfen k\u00f6nnen mit einer breiten Vielfalt an Fisch im Meer.<\/p>\n<p><strong>G\u00fcnstige Pauschalreise Kanalinseln ab \u20ac 1399 mit inklusive Direktfl\u00fcge <\/strong><\/p>\n<p>Bequeme Fl\u00fcge ohne Umstieg mit kurzen Flugzeiten.<\/p>\n<p>Goldene Sandstr\u00e4nde, spektakul\u00e4re Steilk\u00fcsten und vertr\u00e4umte Fischerd\u00f6rfer mit dem Rad erkunden.<\/p>\n<p>Beste Hotelauswahl in guter Lage<\/p>\n","protected":false},"excerpt":{"rendered":"<p>Jersey eignet sich hervorragend f\u00fcr s\u00e4mtliche Arten von Wassersport. Bei Gorey am Royal Bay of Grouville Beach k\u00f6nnen Sie Wasserski genie\u00dfen, Wakeboarden, Kajak fahren, Stand- up-Paddleboarden und Motorboote mieten. Es gibt au\u00dferdem Meeressafaris, w\u00e4hrend derer Sie die wundersch\u00f6ne Landschaft genie\u00dfen k\u00f6nnen und Ausschau halten nach Tierleben wie Delfinen und Robben. Jersey eignet sich gro\u00dfartig zum [&hellip;]<\/p>\n","protected":false},"author":1,"featured_media":0,"parent":0,"menu_order":0,"comment_status":"closed","ping_status":"closed","template":"page-products.php","meta":[],"acf":[],"yoast_head":"<!-- This site is optimized with the Yoast SEO plugin v19.4 - https:\/\/yoast.com\/wordpress\/plugins\/seo\/ -->\n<title>Kanalinseln Wassersportarten - Urlaub &amp; Reisen<\/title>\n<meta name=\"description\" content=\"Coasteering entlang der Klippen und Buchten von Jerseys K\u00fcste ist eine weitere M\u00f6glichkeit, um mehr zu dieser wundersch\u00f6nen\" \/>\n<meta name=\"robots\" content=\"index, follow, max-snippet:-1, max-image-preview:large, max-video-preview:-1\" \/>\n<link rel=\"canonical\" href=\"https:\/\/www.urlaubcornwall.de\/blog\/kanalinseln-wassersportarten\/\" \/>\n<meta property=\"og:locale\" content=\"en_US\" \/>\n<meta property=\"og:type\" content=\"article\" \/>\n<meta property=\"og:title\" content=\"Kanalinseln Wassersportarten - Urlaub &amp; Reisen\" \/>\n<meta property=\"og:description\" content=\"Coasteering entlang der Klippen und Buchten von Jerseys K\u00fcste ist eine weitere M\u00f6glichkeit, um mehr zu dieser wundersch\u00f6nen\" \/>\n<meta property=\"og:url\" content=\"https:\/\/www.urlaubcornwall.de\/blog\/kanalinseln-wassersportarten\/\" \/>\n<meta property=\"og:site_name\" content=\"Urlaub &amp; Reisen\" \/>\n<meta property=\"article:modified_time\" content=\"2022-11-23T11:49:55+00:00\" \/>\n<meta name=\"twitter:card\" content=\"summary\" \/>\n<meta name=\"twitter:label1\" content=\"Est. reading time\" \/>\n\t<meta name=\"twitter:data1\" content=\"1 minute\" \/>\n<script type=\"application\/ld+json\" class=\"yoast-schema-graph\">{\"@context\":\"https:\/\/schema.org\",\"@graph\":[{\"@type\":\"WebSite\",\"@id\":\"https:\/\/www.urlaubcornwall.de\/blog\/#website\",\"url\":\"https:\/\/www.urlaubcornwall.de\/blog\/\",\"name\":\"Urlaub &amp; Reisen\",\"description\":\"Urlaub, Reisen, Cornwall und S\u00fcdengland: eine perfekte Kombination\",\"potentialAction\":[{\"@type\":\"SearchAction\",\"target\":{\"@type\":\"EntryPoint\",\"urlTemplate\":\"https:\/\/www.urlaubcornwall.de\/blog\/?s={search_term_string}\"},\"query-input\":\"required name=search_term_string\"}],\"inLanguage\":\"en-US\"},{\"@type\":\"WebPage\",\"@id\":\"https:\/\/www.urlaubcornwall.de\/blog\/kanalinseln-wassersportarten\/\",\"url\":\"https:\/\/www.urlaubcornwall.de\/blog\/kanalinseln-wassersportarten\/\",\"name\":\"Kanalinseln Wassersportarten - Urlaub &amp; Reisen\",\"isPartOf\":{\"@id\":\"https:\/\/www.urlaubcornwall.de\/blog\/#website\"},\"datePublished\":\"2021-11-27T14:08:39+00:00\",\"dateModified\":\"2022-11-23T11:49:55+00:00\",\"description\":\"Coasteering entlang der Klippen und Buchten von Jerseys K\u00fcste ist eine weitere M\u00f6glichkeit, um mehr zu dieser wundersch\u00f6nen\",\"breadcrumb\":{\"@id\":\"https:\/\/www.urlaubcornwall.de\/blog\/kanalinseln-wassersportarten\/#breadcrumb\"},\"inLanguage\":\"en-US\",\"potentialAction\":[{\"@type\":\"ReadAction\",\"target\":[\"https:\/\/www.urlaubcornwall.de\/blog\/kanalinseln-wassersportarten\/\"]}]},{\"@type\":\"BreadcrumbList\",\"@id\":\"https:\/\/www.urlaubcornwall.de\/blog\/kanalinseln-wassersportarten\/#breadcrumb\",\"itemListElement\":[{\"@type\":\"ListItem\",\"position\":1,\"name\":\"Home\",\"item\":\"https:\/\/www.urlaubcornwall.de\/blog\/\"},{\"@type\":\"ListItem\",\"position\":2,\"name\":\"Kanalinseln Wassersportarten\"}]}]}<\/script>\n<!-- \/ Yoast SEO plugin. -->","yoast_head_json":{"title":"Kanalinseln Wassersportarten - Urlaub &amp; Reisen","description":"Coasteering entlang der Klippen und Buchten von Jerseys K\u00fcste ist eine weitere M\u00f6glichkeit, um mehr zu dieser wundersch\u00f6nen","robots":{"index":"index","follow":"follow","max-snippet":"max-snippet:-1","max-image-preview":"max-image-preview:large","max-video-preview":"max-video-preview:-1"},"canonical":"https:\/\/www.urlaubcornwall.de\/blog\/kanalinseln-wassersportarten\/","og_locale":"en_US","og_type":"article","og_title":"Kanalinseln Wassersportarten - Urlaub &amp; Reisen","og_description":"Coasteering entlang der Klippen und Buchten von Jerseys K\u00fcste ist eine weitere M\u00f6glichkeit, um mehr zu dieser wundersch\u00f6nen","og_url":"https:\/\/www.urlaubcornwall.de\/blog\/kanalinseln-wassersportarten\/","og_site_name":"Urlaub &amp; Reisen","article_modified_time":"2022-11-23T11:49:55+00:00","twitter_card":"summary","twitter_misc":{"Est. reading time":"1 minute"},"schema":{"@context":"https:\/\/schema.org","@graph":[{"@type":"WebSite","@id":"https:\/\/www.urlaubcornwall.de\/blog\/#website","url":"https:\/\/www.urlaubcornwall.de\/blog\/","name":"Urlaub &amp; Reisen","description":"Urlaub, Reisen, Cornwall und S\u00fcdengland: eine perfekte Kombination","potentialAction":[{"@type":"SearchAction","target":{"@type":"EntryPoint","urlTemplate":"https:\/\/www.urlaubcornwall.de\/blog\/?s={search_term_string}"},"query-input":"required name=search_term_string"}],"inLanguage":"en-US"},{"@type":"WebPage","@id":"https:\/\/www.urlaubcornwall.de\/blog\/kanalinseln-wassersportarten\/","url":"https:\/\/www.urlaubcornwall.de\/blog\/kanalinseln-wassersportarten\/","name":"Kanalinseln Wassersportarten - Urlaub &amp; Reisen","isPartOf":{"@id":"https:\/\/www.urlaubcornwall.de\/blog\/#website"},"datePublished":"2021-11-27T14:08:39+00:00","dateModified":"2022-11-23T11:49:55+00:00","description":"Coasteering entlang der Klippen und Buchten von Jerseys K\u00fcste ist eine weitere M\u00f6glichkeit, um mehr zu dieser wundersch\u00f6nen","breadcrumb":{"@id":"https:\/\/www.urlaubcornwall.de\/blog\/kanalinseln-wassersportarten\/#breadcrumb"},"inLanguage":"en-US","potentialAction":[{"@type":"ReadAction","target":["https:\/\/www.urlaubcornwall.de\/blog\/kanalinseln-wassersportarten\/"]}]},{"@type":"BreadcrumbList","@id":"https:\/\/www.urlaubcornwall.de\/blog\/kanalinseln-wassersportarten\/#breadcrumb","itemListElement":[{"@type":"ListItem","position":1,"name":"Home","item":"https:\/\/www.urlaubcornwall.de\/blog\/"},{"@type":"ListItem","position":2,"name":"Kanalinseln Wassersportarten"}]}]}},"_links":{"self":[{"href":"https:\/\/www.urlaubcornwall.de\/blog\/wp-json\/wp\/v2\/pages\/44182"}],"collection":[{"href":"https:\/\/www.urlaubcornwall.de\/blog\/wp-json\/wp\/v2\/pages"}],"about":[{"href":"https:\/\/www.urlaubcornwall.de\/blog\/wp-json\/wp\/v2\/types\/page"}],"author":[{"embeddable":true,"href":"https:\/\/www.urlaubcornwall.de\/blog\/wp-json\/wp\/v2\/users\/1"}],"replies":[{"embeddable":true,"href":"https:\/\/www.urlaubcornwall.de\/blog\/wp-json\/wp\/v2\/comments?post=44182"}],"version-history":[{"count":3,"href":"https:\/\/www.urlaubcornwall.de\/blog\/wp-json\/wp\/v2\/pages\/44182\/revisions"}],"predecessor-version":[{"id":45365,"href":"https:\/\/www.urlaubcornwall.de\/blog\/wp-json\/wp\/v2\/pages\/44182\/revisions\/45365"}],"wp:attachment":[{"href":"https:\/\/www.urlaubcornwall.de\/blog\/wp-json\/wp\/v2\/media?parent=44182"}],"curies":[{"name":"wp","href":"https:\/\/api.w.org\/{rel}","templated":true}]}}