{"id":44071,"date":"2021-11-19T10:21:36","date_gmt":"2021-11-19T10:21:36","guid":{"rendered":"https:\/\/www.urlaubcornwall.de\/blog\/?page_id=44071"},"modified":"2024-08-20T14:58:11","modified_gmt":"2024-08-20T14:58:11","slug":"guenstige-urlaub-guernsey","status":"publish","type":"page","link":"https:\/\/www.urlaubcornwall.de\/blog\/guenstige-urlaub-guernsey\/","title":{"rendered":"G\u00fcnstige Urlaub Guernsey"},"content":{"rendered":"<p><strong>G\u00fcnstige Pauschalreise Kanalinseln ab \u20ac 1399 mit inklusive Direktfl\u00fcge <\/strong><\/p>\n<p>Die <a href=\"https:\/\/www.urlaubcornwall.de\/reiseziel\/kanalinseln\/guernsey.php\">Guernsey<\/a> bietet in der Tat einige der besten 3, 4 &amp; 5-Sterne-Hotels des UK, doch auch f\u00fcr diejenigen mit kleinerem Budget gibt es eine riesige Bannbreite an g\u00fcnstigeren Optionen, einschlie\u00dflich gro\u00dfartiger Reiseangebote.<\/p>\n","protected":false},"excerpt":{"rendered":"<p>G\u00fcnstige Pauschalreise Kanalinseln ab \u20ac 1399 mit inklusive Direktfl\u00fcge Die Guernsey bietet in der Tat einige der besten 3, 4 &amp; 5-Sterne-Hotels des UK, doch auch f\u00fcr diejenigen mit kleinerem Budget gibt es eine riesige Bannbreite an g\u00fcnstigeren Optionen, einschlie\u00dflich gro\u00dfartiger Reiseangebote.<\/p>\n","protected":false},"author":1,"featured_media":0,"parent":0,"menu_order":0,"comment_status":"closed","ping_status":"closed","template":"page-products.php","meta":[],"acf":[],"yoast_head":"<!-- This site is optimized with the Yoast SEO plugin v19.4 - https:\/\/yoast.com\/wordpress\/plugins\/seo\/ -->\n<title>G\u00fcnstige Urlaub Guernsey - Urlaub &amp; Reisen<\/title>\n<meta name=\"description\" content=\"G\u00fcnstige Pauschalreise Kanalinseln ab \u20ac 1099 mit inklusive Direktfl\u00fcge. Guernsey ist die zweitgr\u00f6\u00dfte der Kanalinseln und befindet sich vor\" \/>\n<meta name=\"robots\" content=\"index, follow, max-snippet:-1, max-image-preview:large, max-video-preview:-1\" \/>\n<link rel=\"canonical\" href=\"https:\/\/www.urlaubcornwall.de\/blog\/guenstige-urlaub-guernsey\/\" \/>\n<meta property=\"og:locale\" content=\"en_US\" \/>\n<meta property=\"og:type\" content=\"article\" \/>\n<meta property=\"og:title\" content=\"G\u00fcnstige Urlaub Guernsey - Urlaub &amp; Reisen\" \/>\n<meta property=\"og:description\" content=\"G\u00fcnstige Pauschalreise Kanalinseln ab \u20ac 1099 mit inklusive Direktfl\u00fcge. Guernsey ist die zweitgr\u00f6\u00dfte der Kanalinseln und befindet sich vor\" \/>\n<meta property=\"og:url\" content=\"https:\/\/www.urlaubcornwall.de\/blog\/guenstige-urlaub-guernsey\/\" \/>\n<meta property=\"og:site_name\" content=\"Urlaub &amp; Reisen\" \/>\n<meta property=\"article:modified_time\" content=\"2024-08-20T14:58:11+00:00\" \/>\n<meta name=\"twitter:card\" content=\"summary\" \/>\n<meta name=\"twitter:label1\" content=\"Est. reading time\" \/>\n\t<meta name=\"twitter:data1\" content=\"1 minute\" \/>\n<script type=\"application\/ld+json\" class=\"yoast-schema-graph\">{\"@context\":\"https:\/\/schema.org\",\"@graph\":[{\"@type\":\"WebSite\",\"@id\":\"https:\/\/www.urlaubcornwall.de\/blog\/#website\",\"url\":\"https:\/\/www.urlaubcornwall.de\/blog\/\",\"name\":\"Urlaub &amp; Reisen\",\"description\":\"Urlaub, Reisen, Cornwall und S\u00fcdengland: eine perfekte Kombination\",\"potentialAction\":[{\"@type\":\"SearchAction\",\"target\":{\"@type\":\"EntryPoint\",\"urlTemplate\":\"https:\/\/www.urlaubcornwall.de\/blog\/?s={search_term_string}\"},\"query-input\":\"required name=search_term_string\"}],\"inLanguage\":\"en-US\"},{\"@type\":\"WebPage\",\"@id\":\"https:\/\/www.urlaubcornwall.de\/blog\/guenstige-urlaub-guernsey\/\",\"url\":\"https:\/\/www.urlaubcornwall.de\/blog\/guenstige-urlaub-guernsey\/\",\"name\":\"G\u00fcnstige Urlaub Guernsey - Urlaub &amp; Reisen\",\"isPartOf\":{\"@id\":\"https:\/\/www.urlaubcornwall.de\/blog\/#website\"},\"datePublished\":\"2021-11-19T10:21:36+00:00\",\"dateModified\":\"2024-08-20T14:58:11+00:00\",\"description\":\"G\u00fcnstige Pauschalreise Kanalinseln ab \u20ac 1099 mit inklusive Direktfl\u00fcge. Guernsey ist die zweitgr\u00f6\u00dfte der Kanalinseln und befindet sich vor\",\"breadcrumb\":{\"@id\":\"https:\/\/www.urlaubcornwall.de\/blog\/guenstige-urlaub-guernsey\/#breadcrumb\"},\"inLanguage\":\"en-US\",\"potentialAction\":[{\"@type\":\"ReadAction\",\"target\":[\"https:\/\/www.urlaubcornwall.de\/blog\/guenstige-urlaub-guernsey\/\"]}]},{\"@type\":\"BreadcrumbList\",\"@id\":\"https:\/\/www.urlaubcornwall.de\/blog\/guenstige-urlaub-guernsey\/#breadcrumb\",\"itemListElement\":[{\"@type\":\"ListItem\",\"position\":1,\"name\":\"Home\",\"item\":\"https:\/\/www.urlaubcornwall.de\/blog\/\"},{\"@type\":\"ListItem\",\"position\":2,\"name\":\"G\u00fcnstige Urlaub Guernsey\"}]}]}<\/script>\n<!-- \/ Yoast SEO plugin. -->","yoast_head_json":{"title":"G\u00fcnstige Urlaub Guernsey - Urlaub &amp; Reisen","description":"G\u00fcnstige Pauschalreise Kanalinseln ab \u20ac 1099 mit inklusive Direktfl\u00fcge. Guernsey ist die zweitgr\u00f6\u00dfte der Kanalinseln und befindet sich vor","robots":{"index":"index","follow":"follow","max-snippet":"max-snippet:-1","max-image-preview":"max-image-preview:large","max-video-preview":"max-video-preview:-1"},"canonical":"https:\/\/www.urlaubcornwall.de\/blog\/guenstige-urlaub-guernsey\/","og_locale":"en_US","og_type":"article","og_title":"G\u00fcnstige Urlaub Guernsey - Urlaub &amp; Reisen","og_description":"G\u00fcnstige Pauschalreise Kanalinseln ab \u20ac 1099 mit inklusive Direktfl\u00fcge. Guernsey ist die zweitgr\u00f6\u00dfte der Kanalinseln und befindet sich vor","og_url":"https:\/\/www.urlaubcornwall.de\/blog\/guenstige-urlaub-guernsey\/","og_site_name":"Urlaub &amp; Reisen","article_modified_time":"2024-08-20T14:58:11+00:00","twitter_card":"summary","twitter_misc":{"Est. reading time":"1 minute"},"schema":{"@context":"https:\/\/schema.org","@graph":[{"@type":"WebSite","@id":"https:\/\/www.urlaubcornwall.de\/blog\/#website","url":"https:\/\/www.urlaubcornwall.de\/blog\/","name":"Urlaub &amp; Reisen","description":"Urlaub, Reisen, Cornwall und S\u00fcdengland: eine perfekte Kombination","potentialAction":[{"@type":"SearchAction","target":{"@type":"EntryPoint","urlTemplate":"https:\/\/www.urlaubcornwall.de\/blog\/?s={search_term_string}"},"query-input":"required name=search_term_string"}],"inLanguage":"en-US"},{"@type":"WebPage","@id":"https:\/\/www.urlaubcornwall.de\/blog\/guenstige-urlaub-guernsey\/","url":"https:\/\/www.urlaubcornwall.de\/blog\/guenstige-urlaub-guernsey\/","name":"G\u00fcnstige Urlaub Guernsey - Urlaub &amp; Reisen","isPartOf":{"@id":"https:\/\/www.urlaubcornwall.de\/blog\/#website"},"datePublished":"2021-11-19T10:21:36+00:00","dateModified":"2024-08-20T14:58:11+00:00","description":"G\u00fcnstige Pauschalreise Kanalinseln ab \u20ac 1099 mit inklusive Direktfl\u00fcge. Guernsey ist die zweitgr\u00f6\u00dfte der Kanalinseln und befindet sich vor","breadcrumb":{"@id":"https:\/\/www.urlaubcornwall.de\/blog\/guenstige-urlaub-guernsey\/#breadcrumb"},"inLanguage":"en-US","potentialAction":[{"@type":"ReadAction","target":["https:\/\/www.urlaubcornwall.de\/blog\/guenstige-urlaub-guernsey\/"]}]},{"@type":"BreadcrumbList","@id":"https:\/\/www.urlaubcornwall.de\/blog\/guenstige-urlaub-guernsey\/#breadcrumb","itemListElement":[{"@type":"ListItem","position":1,"name":"Home","item":"https:\/\/www.urlaubcornwall.de\/blog\/"},{"@type":"ListItem","position":2,"name":"G\u00fcnstige Urlaub Guernsey"}]}]}},"_links":{"self":[{"href":"https:\/\/www.urlaubcornwall.de\/blog\/wp-json\/wp\/v2\/pages\/44071"}],"collection":[{"href":"https:\/\/www.urlaubcornwall.de\/blog\/wp-json\/wp\/v2\/pages"}],"about":[{"href":"https:\/\/www.urlaubcornwall.de\/blog\/wp-json\/wp\/v2\/types\/page"}],"author":[{"embeddable":true,"href":"https:\/\/www.urlaubcornwall.de\/blog\/wp-json\/wp\/v2\/users\/1"}],"replies":[{"embeddable":true,"href":"https:\/\/www.urlaubcornwall.de\/blog\/wp-json\/wp\/v2\/comments?post=44071"}],"version-history":[{"count":7,"href":"https:\/\/www.urlaubcornwall.de\/blog\/wp-json\/wp\/v2\/pages\/44071\/revisions"}],"predecessor-version":[{"id":51500,"href":"https:\/\/www.urlaubcornwall.de\/blog\/wp-json\/wp\/v2\/pages\/44071\/revisions\/51500"}],"wp:attachment":[{"href":"https:\/\/www.urlaubcornwall.de\/blog\/wp-json\/wp\/v2\/media?parent=44071"}],"curies":[{"name":"wp","href":"https:\/\/api.w.org\/{rel}","templated":true}]}}