{"id":43383,"date":"2021-10-15T08:48:04","date_gmt":"2021-10-15T08:48:04","guid":{"rendered":"https:\/\/www.urlaubcornwall.de\/blog\/?page_id=43383"},"modified":"2024-04-15T15:48:36","modified_gmt":"2024-04-15T15:48:36","slug":"exquisite-luxushotels-in-cambridge","status":"publish","type":"page","link":"https:\/\/www.urlaubcornwall.de\/blog\/exquisite-luxushotels-in-cambridge\/","title":{"rendered":"Exquisite Luxushotels in Cambridge"},"content":{"rendered":"<p><img loading=\"lazy\" class=\"aligncenter size-full wp-image-21568\" src=\"https:\/\/www.urlaubcornwall.de\/blog\/wp-content\/uploads\/2015\/08\/urlaub-cambridge_22.jpg\" alt=\"urlaub cambridge\" width=\"749\" height=\"398\"\/><\/p>\n<p><a href=\"https:\/\/www.urlaubcornwall.de\/blog\/urlaub-in-cambridge-east-anglia\/\">Cambridge<\/a> ist eine Stadt f\u00fcr jede Jahreszeit, die inspiriert durch ihre zahlreichen wundersch\u00f6nen Museen und Kunstgalerien. Bewundern Sie die h\u00fcbsche Architektur und herrschaftlichen Hochschulgeb\u00e4ude. Erkunden Sie urige Passagen um den historischen Marktplatz und die Hochschulen herum. Dort finden Sie eine einzigartige entspannte Einkaufsatmosph\u00e4re.<\/p>\n<p><strong>Suche Hotels in Cambridge<\/strong><\/p>\n<p>Die sch\u00f6nsten 4 und 5 Sterne Hotels in <a href=\"https:\/\/www.urlaubcornwall.de\/ferienhaeuser-fewos\/eng\/cambridgeshire\/cambridge.html\">Cambridge<\/a> f\u00fcr Ihren Luxusreise in England. Familienhotels, Last Minute Angebote und M\u00f6glichkeiten f\u00fcr Kinder bieten bis hin zu Luxus-Spa-Hotels, eleganten Herrenh\u00e4usern oder f\u00fcnf-Sterne Schloss- und Boutique-Hotels.<\/p>\n<p><a href=\"https:\/\/www.booking.com\/hotel\/gb\/gonvillehotel.en.html?aid=1320750&#038;no_rooms=1&#038;group_adults=2\" rel=\"nofollow\">Gonville Hotel<\/a> &#8211; Diese 5-Sterne-Unterkunft Gonville Hotel liegt 5 Gehminuten vom historischen Zentrum von Cambridge entfernt und bietet Ihnen Aussicht auf den ber\u00fchmten Park Parker\u2018s Piece. Das hochwertig renovierte Hotel verf\u00fcgt \u00fcber kostenfreies High-Speed-WLAN und Parkpl\u00e4tze an der Unterkunft, die Sie gegen einen Aufpreis nutzen k\u00f6nnen. Ein kostenloser Fahrradverleih steht zur Verf\u00fcgung.<\/p>\n<p><a href=\"https:\/\/www.booking.com\/hotel\/gb\/du-vin-bistro-cambridge.en.html?aid=1320750&#038;no_rooms=1&#038;group_adults=2\" rel=\"nofollow\">Hotel du Vin &#038; Bistro Cambridge<\/a> &#8211; In einem denkmalgesch\u00fctzten Geb\u00e4ude empf\u00e4ngt Sie das Hotel du Vin Cambridge mit luxuri\u00f6sen Boutique-Zimmern mit Regenduschen und \u00e4gyptischer Bettw\u00e4sche. Das Stadtzentrum liegt etwa 5 Gehminuten entfernt. Das franz\u00f6sische Bistro im Hotel Du Vin serviert moderne Gerichte der europ\u00e4ischen K\u00fcche und verf\u00fcgt \u00fcber eine offene K\u00fcche.<\/p>\n<p><a href=\"https:\/\/www.booking.com\/hotel\/gb\/the-varsity-spa.en.html?aid=1320750&#038;no_rooms=1&#038;group_adults=2\" rel=\"nofollow\">Varsity Hotel<\/a> &#8211; Das The Varsity Hotel &#038; Spa liegt im Zentrum von Cambridge in der N\u00e4he der Ufer des Flusses Cam und bietet Ihnen einen Parkservice, moderne Zimmer und eine beeindruckende Dachterrasse mit freiem Blick. Jedes Zimmer ist nach einem anderen in Cambridge ans\u00e4ssigen College benannt und erwartet Sie mit einem LCD-TV, einer DVD-Sammlung, kostenfreiem WLAN sowie einer iPod-Dockingstation. <\/p>\n<p><ins class=\"bookingaff\" data-aid=\"2198031\" data-target_aid=\"2198031\" data-prod=\"map\" data-width=\"100%\" data-height=\"590\" data-lang=\"ualng\" data-dest_id=\"0\" data-dest_type=\"landmark\" data-latitude=\"52.205337\" data-longitude=\"0.121817\" data-mwhsb=\"0\" data-address=\"Cambridge, UK\"><br \/>\n    <!-- Anything inside will go away once widget is loaded. --><br \/>\n        <a href=\"\/\/www.booking.com?aid=2198031\" rel=\"nofollow\">Booking.com<\/a><br \/>\n<\/ins><br \/>\n<script type=\"text\/javascript\">\n    (function(d, sc, u) {\n      var s = d.createElement(sc), p = d.getElementsByTagName(sc)[0];\n      s.type = 'text\/javascript';\n      s.async = true;\n      s.src = u + '?v=' + (+new Date());\n      p.parentNode.insertBefore(s,p);\n      })(document, 'script', '\/\/aff.bstatic.com\/static\/affiliate_base\/js\/flexiproduct.js');\n<\/script><\/p>\n<div class=\"snippet\"> <a class=\"featured-item\" href=\"https:\/\/www.urlaubcornwall.de\/ferienhaeuser-fewos\/eng\/england.html\"> <span class=\"image-holder\" style=\"background-image: url('https:\/\/www.urlaubcornwall.de\/blog\/wp-content\/uploads\/2018\/12\/ferienhaus-cornwall-mit-hund.jpg');\"><\/span> <span class=\"featured-content\"> \n<h2 class=\"featured-title\">Ferienh\u00e4user in England<\/h2>\n<p class=\"featured-body\">Bei uns finden Sie Ferienh\u00e4user zum Verlieben &#8211; so einfach ist das! Dank seiner langen Geschichte, der reizvollen Landschaften und seinen vielen Attraktionen ist S\u00fcdengland ein wahres Mekka f\u00fcr Urlauber&#8230;..<\/p><\/span> <span class=\"featured-link-holder\"> <span class=\"featured-extra-info\"> \n<p>Pers\u00f6nlich inspizierter Ferienh\u00e4user<\/p>\n<\/span> \n<p class=\"featured-link\">DETAILS<\/p>\n<\/span> <\/a><\/div>\n","protected":false},"excerpt":{"rendered":"<p>Cambridge ist eine Stadt f\u00fcr jede Jahreszeit, die inspiriert durch ihre zahlreichen wundersch\u00f6nen Museen und Kunstgalerien. Bewundern Sie die h\u00fcbsche Architektur und herrschaftlichen Hochschulgeb\u00e4ude. Erkunden Sie urige Passagen um den historischen Marktplatz und die Hochschulen herum. Dort finden Sie eine einzigartige entspannte Einkaufsatmosph\u00e4re. Suche Hotels in Cambridge Die sch\u00f6nsten 4 und 5 Sterne Hotels in [&hellip;]<\/p>\n","protected":false},"author":1,"featured_media":0,"parent":0,"menu_order":0,"comment_status":"closed","ping_status":"closed","template":"single-four.php","meta":[],"acf":[],"yoast_head":"<!-- This site is optimized with the Yoast SEO plugin v19.4 - https:\/\/yoast.com\/wordpress\/plugins\/seo\/ -->\n<title>Exquisite Luxushotels in Cambridge - Urlaub &amp; Reisen<\/title>\n<meta name=\"robots\" content=\"index, follow, max-snippet:-1, max-image-preview:large, max-video-preview:-1\" \/>\n<link rel=\"canonical\" href=\"https:\/\/www.urlaubcornwall.de\/blog\/exquisite-luxushotels-in-cambridge\/\" \/>\n<meta property=\"og:locale\" content=\"en_US\" \/>\n<meta property=\"og:type\" content=\"article\" \/>\n<meta property=\"og:title\" content=\"Exquisite Luxushotels in Cambridge - Urlaub &amp; Reisen\" \/>\n<meta property=\"og:description\" content=\"Cambridge ist eine Stadt f\u00fcr jede Jahreszeit, die inspiriert durch ihre zahlreichen wundersch\u00f6nen Museen und Kunstgalerien. Bewundern Sie die h\u00fcbsche Architektur und herrschaftlichen Hochschulgeb\u00e4ude. Erkunden Sie urige Passagen um den historischen Marktplatz und die Hochschulen herum. Dort finden Sie eine einzigartige entspannte Einkaufsatmosph\u00e4re. Suche Hotels in Cambridge Die sch\u00f6nsten 4 und 5 Sterne Hotels in [&hellip;]\" \/>\n<meta property=\"og:url\" content=\"https:\/\/www.urlaubcornwall.de\/blog\/exquisite-luxushotels-in-cambridge\/\" \/>\n<meta property=\"og:site_name\" content=\"Urlaub &amp; Reisen\" \/>\n<meta property=\"article:modified_time\" content=\"2024-04-15T15:48:36+00:00\" \/>\n<meta property=\"og:image\" content=\"https:\/\/www.urlaubcornwall.de\/blog\/wp-content\/uploads\/2015\/08\/urlaub-cambridge_22.jpg\" \/>\n<meta name=\"twitter:card\" content=\"summary\" \/>\n<meta name=\"twitter:label1\" content=\"Est. reading time\" \/>\n\t<meta name=\"twitter:data1\" content=\"2 minutes\" \/>\n<script type=\"application\/ld+json\" class=\"yoast-schema-graph\">{\"@context\":\"https:\/\/schema.org\",\"@graph\":[{\"@type\":\"WebSite\",\"@id\":\"https:\/\/www.urlaubcornwall.de\/blog\/#website\",\"url\":\"https:\/\/www.urlaubcornwall.de\/blog\/\",\"name\":\"Urlaub &amp; Reisen\",\"description\":\"Urlaub, Reisen, Cornwall und S\u00fcdengland: eine perfekte Kombination\",\"potentialAction\":[{\"@type\":\"SearchAction\",\"target\":{\"@type\":\"EntryPoint\",\"urlTemplate\":\"https:\/\/www.urlaubcornwall.de\/blog\/?s={search_term_string}\"},\"query-input\":\"required name=search_term_string\"}],\"inLanguage\":\"en-US\"},{\"@type\":\"WebPage\",\"@id\":\"https:\/\/www.urlaubcornwall.de\/blog\/exquisite-luxushotels-in-cambridge\/\",\"url\":\"https:\/\/www.urlaubcornwall.de\/blog\/exquisite-luxushotels-in-cambridge\/\",\"name\":\"Exquisite Luxushotels in Cambridge - Urlaub &amp; Reisen\",\"isPartOf\":{\"@id\":\"https:\/\/www.urlaubcornwall.de\/blog\/#website\"},\"datePublished\":\"2021-10-15T08:48:04+00:00\",\"dateModified\":\"2024-04-15T15:48:36+00:00\",\"breadcrumb\":{\"@id\":\"https:\/\/www.urlaubcornwall.de\/blog\/exquisite-luxushotels-in-cambridge\/#breadcrumb\"},\"inLanguage\":\"en-US\",\"potentialAction\":[{\"@type\":\"ReadAction\",\"target\":[\"https:\/\/www.urlaubcornwall.de\/blog\/exquisite-luxushotels-in-cambridge\/\"]}]},{\"@type\":\"BreadcrumbList\",\"@id\":\"https:\/\/www.urlaubcornwall.de\/blog\/exquisite-luxushotels-in-cambridge\/#breadcrumb\",\"itemListElement\":[{\"@type\":\"ListItem\",\"position\":1,\"name\":\"Home\",\"item\":\"https:\/\/www.urlaubcornwall.de\/blog\/\"},{\"@type\":\"ListItem\",\"position\":2,\"name\":\"Exquisite Luxushotels in Cambridge\"}]}]}<\/script>\n<!-- \/ Yoast SEO plugin. -->","yoast_head_json":{"title":"Exquisite Luxushotels in Cambridge - Urlaub &amp; Reisen","robots":{"index":"index","follow":"follow","max-snippet":"max-snippet:-1","max-image-preview":"max-image-preview:large","max-video-preview":"max-video-preview:-1"},"canonical":"https:\/\/www.urlaubcornwall.de\/blog\/exquisite-luxushotels-in-cambridge\/","og_locale":"en_US","og_type":"article","og_title":"Exquisite Luxushotels in Cambridge - Urlaub &amp; Reisen","og_description":"Cambridge ist eine Stadt f\u00fcr jede Jahreszeit, die inspiriert durch ihre zahlreichen wundersch\u00f6nen Museen und Kunstgalerien. Bewundern Sie die h\u00fcbsche Architektur und herrschaftlichen Hochschulgeb\u00e4ude. Erkunden Sie urige Passagen um den historischen Marktplatz und die Hochschulen herum. Dort finden Sie eine einzigartige entspannte Einkaufsatmosph\u00e4re. Suche Hotels in Cambridge Die sch\u00f6nsten 4 und 5 Sterne Hotels in [&hellip;]","og_url":"https:\/\/www.urlaubcornwall.de\/blog\/exquisite-luxushotels-in-cambridge\/","og_site_name":"Urlaub &amp; Reisen","article_modified_time":"2024-04-15T15:48:36+00:00","og_image":[{"url":"https:\/\/www.urlaubcornwall.de\/blog\/wp-content\/uploads\/2015\/08\/urlaub-cambridge_22.jpg"}],"twitter_card":"summary","twitter_misc":{"Est. reading time":"2 minutes"},"schema":{"@context":"https:\/\/schema.org","@graph":[{"@type":"WebSite","@id":"https:\/\/www.urlaubcornwall.de\/blog\/#website","url":"https:\/\/www.urlaubcornwall.de\/blog\/","name":"Urlaub &amp; Reisen","description":"Urlaub, Reisen, Cornwall und S\u00fcdengland: eine perfekte Kombination","potentialAction":[{"@type":"SearchAction","target":{"@type":"EntryPoint","urlTemplate":"https:\/\/www.urlaubcornwall.de\/blog\/?s={search_term_string}"},"query-input":"required name=search_term_string"}],"inLanguage":"en-US"},{"@type":"WebPage","@id":"https:\/\/www.urlaubcornwall.de\/blog\/exquisite-luxushotels-in-cambridge\/","url":"https:\/\/www.urlaubcornwall.de\/blog\/exquisite-luxushotels-in-cambridge\/","name":"Exquisite Luxushotels in Cambridge - Urlaub &amp; Reisen","isPartOf":{"@id":"https:\/\/www.urlaubcornwall.de\/blog\/#website"},"datePublished":"2021-10-15T08:48:04+00:00","dateModified":"2024-04-15T15:48:36+00:00","breadcrumb":{"@id":"https:\/\/www.urlaubcornwall.de\/blog\/exquisite-luxushotels-in-cambridge\/#breadcrumb"},"inLanguage":"en-US","potentialAction":[{"@type":"ReadAction","target":["https:\/\/www.urlaubcornwall.de\/blog\/exquisite-luxushotels-in-cambridge\/"]}]},{"@type":"BreadcrumbList","@id":"https:\/\/www.urlaubcornwall.de\/blog\/exquisite-luxushotels-in-cambridge\/#breadcrumb","itemListElement":[{"@type":"ListItem","position":1,"name":"Home","item":"https:\/\/www.urlaubcornwall.de\/blog\/"},{"@type":"ListItem","position":2,"name":"Exquisite Luxushotels in Cambridge"}]}]}},"_links":{"self":[{"href":"https:\/\/www.urlaubcornwall.de\/blog\/wp-json\/wp\/v2\/pages\/43383"}],"collection":[{"href":"https:\/\/www.urlaubcornwall.de\/blog\/wp-json\/wp\/v2\/pages"}],"about":[{"href":"https:\/\/www.urlaubcornwall.de\/blog\/wp-json\/wp\/v2\/types\/page"}],"author":[{"embeddable":true,"href":"https:\/\/www.urlaubcornwall.de\/blog\/wp-json\/wp\/v2\/users\/1"}],"replies":[{"embeddable":true,"href":"https:\/\/www.urlaubcornwall.de\/blog\/wp-json\/wp\/v2\/comments?post=43383"}],"version-history":[{"count":6,"href":"https:\/\/www.urlaubcornwall.de\/blog\/wp-json\/wp\/v2\/pages\/43383\/revisions"}],"predecessor-version":[{"id":49744,"href":"https:\/\/www.urlaubcornwall.de\/blog\/wp-json\/wp\/v2\/pages\/43383\/revisions\/49744"}],"wp:attachment":[{"href":"https:\/\/www.urlaubcornwall.de\/blog\/wp-json\/wp\/v2\/media?parent=43383"}],"curies":[{"name":"wp","href":"https:\/\/api.w.org\/{rel}","templated":true}]}}