{"id":43122,"date":"2021-09-29T08:58:57","date_gmt":"2021-09-29T08:58:57","guid":{"rendered":"https:\/\/www.urlaubcornwall.de\/blog\/?page_id=43122"},"modified":"2024-04-15T15:40:02","modified_gmt":"2024-04-15T15:40:02","slug":"dartmoor-ein-mystischer-ort","status":"publish","type":"page","link":"https:\/\/www.urlaubcornwall.de\/blog\/dartmoor-ein-mystischer-ort\/","title":{"rendered":"Dartmoor &#8211; ein mystischer Ort"},"content":{"rendered":"<p><img loading=\"lazy\" class=\"aligncenter size-full wp-image-47878\" src=\"https:\/\/www.urlaubcornwall.de\/blog\/wp-content\/uploads\/2024\/03\/dartmoor.jpg\" alt=\"dartmoor\" width=\"750\" height=\"500\" srcset=\"https:\/\/www.urlaubcornwall.de\/blog\/wp-content\/uploads\/2024\/03\/dartmoor.jpg 750w, https:\/\/www.urlaubcornwall.de\/blog\/wp-content\/uploads\/2024\/03\/dartmoor-300x200.jpg 300w\" sizes=\"(max-width: 750px) 100vw, 750px\" \/><\/p>\n<p>Die n\u00f6rdliche Dartmoor-Region, die s\u00fcdlich von Okehampton und \u00f6stlich von <a href=\"https:\/\/www.urlaubcornwall.de\/ferienhaeuser-fewos\/eng\/sued-devon\/tavistock.html\">Tavistock<\/a> liegt, ist die h\u00f6chste und wildeste Ecke, wo Sie die gro\u00dfen H\u00fcgel von Yes Tor, Higher Willhays und Hangingstone Hill sehen k\u00f6nnen. Inmitten dieser reichlich von pr\u00e4historischen \u00dcberresten gepr\u00e4gten Landschaft k\u00f6nnen Sie friedlich grasende Dartmoor-Ponys entdecken. Weiter entlang zum s\u00fcdlichen Teil von Dartmoor ver\u00e4ndert sich die Landschaft, sie wird h\u00fcgelloser. Diese Gegend wurde durch Sir Arthur Conan Doyles Detektiv-Roman \u201eDer Hund der Baskervilles\u201c ber\u00fchmt gemacht.<\/p>\n<p><strong>Sch\u00f6nsten D\u00f6rfer auf Dartmoor<\/strong><\/p>\n<p>Hier eingebettet befinden sich die entz\u00fcckenden D\u00f6rfer <a href=\"https:\/\/www.urlaubcornwall.de\/ferienhaeuser-fewos\/eng\/sued-devon\/widecombe-in-the-moor.html\">Widecombe-in-the-Moor<\/a>, Buckland-in-the-Moor und Chagford. Dartsmeet ist ein herrliches Fleckchen, wo der Ost- und der West-Dart-Fluss aufeinandertreffen und seine ber\u00fchmte Br\u00fccke wurde bereits in antiken Zeiten als \u00dcbergang genutzt. Heir klicken und mehr erfahren: <a title=\"Urlaub in Devon\" href=\"https:\/\/www.urlaubcornwall.de\/blog\/urlaub-in-devon\/\"><span style=\"text-decoration: underline;\">Urlaub in Devon<\/span><\/a><\/p>\n<p style=\"text-align: center;\"><a class=\"tidycta\" href=\"https:\/\/www.urlaubcornwall.de\/ferienhaeuser-fewos\/eng\/sued-devon\/devon-dartmoor.html\">Suche Ferienh\u00e4user auf Dartmoor<\/a><\/p>\n<div class=\"snippet\"> <a class=\"featured-item\" href=\"https:\/\/www.urlaubcornwall.de\/ferienhaeuser\/suedengland.php\"> <span class=\"image-holder\" style=\"background-image: url('https:\/\/www.urlaubcornwall.de\/blog\/wp-content\/uploads\/2018\/12\/ferienhaus-cornwall-mit-hund.jpg');\"><\/span> <span class=\"featured-content\"> \n<h2 class=\"featured-title\">Ferienh\u00e4user in Devon &#038; S\u00fcdengland<\/h2>\n<p class=\"featured-body\">Bei uns finden Sie Ferienh\u00e4user zum Verlieben &#8211; so einfach ist das! Dank seiner langen Geschichte, der reizvollen Landschaften und seinen vielen Attraktionen ist S\u00fcdengland ein wahres Mekka f\u00fcr Urlauber&#8230;..<\/p><\/span> <span class=\"featured-link-holder\"> <span class=\"featured-extra-info\"> \n<p>Pers\u00f6nlich inspizierter Ferienh\u00e4user<\/p>\n<\/span> \n<p class=\"featured-link\">DETAILS<\/p>\n<\/span> <\/a><\/div>\n","protected":false},"excerpt":{"rendered":"<p>Die n\u00f6rdliche Dartmoor-Region, die s\u00fcdlich von Okehampton und \u00f6stlich von Tavistock liegt, ist die h\u00f6chste und wildeste Ecke, wo Sie die gro\u00dfen H\u00fcgel von Yes Tor, Higher Willhays und Hangingstone Hill sehen k\u00f6nnen. Inmitten dieser reichlich von pr\u00e4historischen \u00dcberresten gepr\u00e4gten Landschaft k\u00f6nnen Sie friedlich grasende Dartmoor-Ponys entdecken. Weiter entlang zum s\u00fcdlichen Teil von Dartmoor ver\u00e4ndert [&hellip;]<\/p>\n","protected":false},"author":1,"featured_media":0,"parent":0,"menu_order":0,"comment_status":"closed","ping_status":"closed","template":"single-four.php","meta":[],"acf":[],"yoast_head":"<!-- This site is optimized with the Yoast SEO plugin v19.4 - https:\/\/yoast.com\/wordpress\/plugins\/seo\/ -->\n<title>Dartmoor - ein mystischer Ort - Urlaub &amp; Reisen<\/title>\n<meta name=\"description\" content=\"Die n\u00f6rdliche Dartmoor-Region, die s\u00fcdlich von Okehampton und \u00f6stlich von Tavistock liegt, ist die h\u00f6chste und wildeste Ecke, wo Sie die gro\u00dfen H\u00fcgel von Yes Tor, Higher Willhays und Hangingstone Hill sehen k\u00f6nnen. Inmitten dieser reichlich von pr\u00e4historischen \u00dcberresten gepr\u00e4gten Landschaft k\u00f6nnen Sie friedlich grasende Dartmoor-Ponys entdecken. Weiter entlang zum s\u00fcdlichen Teil von Dartmoor ver\u00e4ndert sich die Landschaft, sie wird h\u00fcgelloser. Diese Gegend wurde durch Sir Arthur Conan Doyles Detektiv-Roman \u201eDer Hund der Baskervilles\u201c ber\u00fchmt gemacht.\" \/>\n<meta name=\"robots\" content=\"index, follow, max-snippet:-1, max-image-preview:large, max-video-preview:-1\" \/>\n<link rel=\"canonical\" href=\"https:\/\/www.urlaubcornwall.de\/blog\/dartmoor-ein-mystischer-ort\/\" \/>\n<meta property=\"og:locale\" content=\"en_US\" \/>\n<meta property=\"og:type\" content=\"article\" \/>\n<meta property=\"og:title\" content=\"Dartmoor - ein mystischer Ort - Urlaub &amp; Reisen\" \/>\n<meta property=\"og:description\" content=\"Die n\u00f6rdliche Dartmoor-Region, die s\u00fcdlich von Okehampton und \u00f6stlich von Tavistock liegt, ist die h\u00f6chste und wildeste Ecke, wo Sie die gro\u00dfen H\u00fcgel von Yes Tor, Higher Willhays und Hangingstone Hill sehen k\u00f6nnen. Inmitten dieser reichlich von pr\u00e4historischen \u00dcberresten gepr\u00e4gten Landschaft k\u00f6nnen Sie friedlich grasende Dartmoor-Ponys entdecken. Weiter entlang zum s\u00fcdlichen Teil von Dartmoor ver\u00e4ndert sich die Landschaft, sie wird h\u00fcgelloser. Diese Gegend wurde durch Sir Arthur Conan Doyles Detektiv-Roman \u201eDer Hund der Baskervilles\u201c ber\u00fchmt gemacht.\" \/>\n<meta property=\"og:url\" content=\"https:\/\/www.urlaubcornwall.de\/blog\/dartmoor-ein-mystischer-ort\/\" \/>\n<meta property=\"og:site_name\" content=\"Urlaub &amp; Reisen\" \/>\n<meta property=\"article:modified_time\" content=\"2024-04-15T15:40:02+00:00\" \/>\n<meta property=\"og:image\" content=\"https:\/\/www.urlaubcornwall.de\/blog\/wp-content\/uploads\/2024\/03\/dartmoor.jpg\" \/>\n<meta name=\"twitter:card\" content=\"summary\" \/>\n<meta name=\"twitter:label1\" content=\"Est. reading time\" \/>\n\t<meta name=\"twitter:data1\" content=\"1 minute\" \/>\n<script type=\"application\/ld+json\" class=\"yoast-schema-graph\">{\"@context\":\"https:\/\/schema.org\",\"@graph\":[{\"@type\":\"WebSite\",\"@id\":\"https:\/\/www.urlaubcornwall.de\/blog\/#website\",\"url\":\"https:\/\/www.urlaubcornwall.de\/blog\/\",\"name\":\"Urlaub &amp; Reisen\",\"description\":\"Urlaub, Reisen, Cornwall und S\u00fcdengland: eine perfekte Kombination\",\"potentialAction\":[{\"@type\":\"SearchAction\",\"target\":{\"@type\":\"EntryPoint\",\"urlTemplate\":\"https:\/\/www.urlaubcornwall.de\/blog\/?s={search_term_string}\"},\"query-input\":\"required name=search_term_string\"}],\"inLanguage\":\"en-US\"},{\"@type\":\"WebPage\",\"@id\":\"https:\/\/www.urlaubcornwall.de\/blog\/dartmoor-ein-mystischer-ort\/\",\"url\":\"https:\/\/www.urlaubcornwall.de\/blog\/dartmoor-ein-mystischer-ort\/\",\"name\":\"Dartmoor - ein mystischer Ort - Urlaub &amp; Reisen\",\"isPartOf\":{\"@id\":\"https:\/\/www.urlaubcornwall.de\/blog\/#website\"},\"datePublished\":\"2021-09-29T08:58:57+00:00\",\"dateModified\":\"2024-04-15T15:40:02+00:00\",\"description\":\"Die n\u00f6rdliche Dartmoor-Region, die s\u00fcdlich von Okehampton und \u00f6stlich von Tavistock liegt, ist die h\u00f6chste und wildeste Ecke, wo Sie die gro\u00dfen H\u00fcgel von Yes Tor, Higher Willhays und Hangingstone Hill sehen k\u00f6nnen. Inmitten dieser reichlich von pr\u00e4historischen \u00dcberresten gepr\u00e4gten Landschaft k\u00f6nnen Sie friedlich grasende Dartmoor-Ponys entdecken. Weiter entlang zum s\u00fcdlichen Teil von Dartmoor ver\u00e4ndert sich die Landschaft, sie wird h\u00fcgelloser. Diese Gegend wurde durch Sir Arthur Conan Doyles Detektiv-Roman \u201eDer Hund der Baskervilles\u201c ber\u00fchmt gemacht.\",\"breadcrumb\":{\"@id\":\"https:\/\/www.urlaubcornwall.de\/blog\/dartmoor-ein-mystischer-ort\/#breadcrumb\"},\"inLanguage\":\"en-US\",\"potentialAction\":[{\"@type\":\"ReadAction\",\"target\":[\"https:\/\/www.urlaubcornwall.de\/blog\/dartmoor-ein-mystischer-ort\/\"]}]},{\"@type\":\"BreadcrumbList\",\"@id\":\"https:\/\/www.urlaubcornwall.de\/blog\/dartmoor-ein-mystischer-ort\/#breadcrumb\",\"itemListElement\":[{\"@type\":\"ListItem\",\"position\":1,\"name\":\"Home\",\"item\":\"https:\/\/www.urlaubcornwall.de\/blog\/\"},{\"@type\":\"ListItem\",\"position\":2,\"name\":\"Dartmoor &#8211; ein mystischer Ort\"}]}]}<\/script>\n<!-- \/ Yoast SEO plugin. -->","yoast_head_json":{"title":"Dartmoor - ein mystischer Ort - Urlaub &amp; Reisen","description":"Die n\u00f6rdliche Dartmoor-Region, die s\u00fcdlich von Okehampton und \u00f6stlich von Tavistock liegt, ist die h\u00f6chste und wildeste Ecke, wo Sie die gro\u00dfen H\u00fcgel von Yes Tor, Higher Willhays und Hangingstone Hill sehen k\u00f6nnen. Inmitten dieser reichlich von pr\u00e4historischen \u00dcberresten gepr\u00e4gten Landschaft k\u00f6nnen Sie friedlich grasende Dartmoor-Ponys entdecken. Weiter entlang zum s\u00fcdlichen Teil von Dartmoor ver\u00e4ndert sich die Landschaft, sie wird h\u00fcgelloser. Diese Gegend wurde durch Sir Arthur Conan Doyles Detektiv-Roman \u201eDer Hund der Baskervilles\u201c ber\u00fchmt gemacht.","robots":{"index":"index","follow":"follow","max-snippet":"max-snippet:-1","max-image-preview":"max-image-preview:large","max-video-preview":"max-video-preview:-1"},"canonical":"https:\/\/www.urlaubcornwall.de\/blog\/dartmoor-ein-mystischer-ort\/","og_locale":"en_US","og_type":"article","og_title":"Dartmoor - ein mystischer Ort - Urlaub &amp; Reisen","og_description":"Die n\u00f6rdliche Dartmoor-Region, die s\u00fcdlich von Okehampton und \u00f6stlich von Tavistock liegt, ist die h\u00f6chste und wildeste Ecke, wo Sie die gro\u00dfen H\u00fcgel von Yes Tor, Higher Willhays und Hangingstone Hill sehen k\u00f6nnen. Inmitten dieser reichlich von pr\u00e4historischen \u00dcberresten gepr\u00e4gten Landschaft k\u00f6nnen Sie friedlich grasende Dartmoor-Ponys entdecken. Weiter entlang zum s\u00fcdlichen Teil von Dartmoor ver\u00e4ndert sich die Landschaft, sie wird h\u00fcgelloser. Diese Gegend wurde durch Sir Arthur Conan Doyles Detektiv-Roman \u201eDer Hund der Baskervilles\u201c ber\u00fchmt gemacht.","og_url":"https:\/\/www.urlaubcornwall.de\/blog\/dartmoor-ein-mystischer-ort\/","og_site_name":"Urlaub &amp; Reisen","article_modified_time":"2024-04-15T15:40:02+00:00","og_image":[{"url":"https:\/\/www.urlaubcornwall.de\/blog\/wp-content\/uploads\/2024\/03\/dartmoor.jpg"}],"twitter_card":"summary","twitter_misc":{"Est. reading time":"1 minute"},"schema":{"@context":"https:\/\/schema.org","@graph":[{"@type":"WebSite","@id":"https:\/\/www.urlaubcornwall.de\/blog\/#website","url":"https:\/\/www.urlaubcornwall.de\/blog\/","name":"Urlaub &amp; Reisen","description":"Urlaub, Reisen, Cornwall und S\u00fcdengland: eine perfekte Kombination","potentialAction":[{"@type":"SearchAction","target":{"@type":"EntryPoint","urlTemplate":"https:\/\/www.urlaubcornwall.de\/blog\/?s={search_term_string}"},"query-input":"required name=search_term_string"}],"inLanguage":"en-US"},{"@type":"WebPage","@id":"https:\/\/www.urlaubcornwall.de\/blog\/dartmoor-ein-mystischer-ort\/","url":"https:\/\/www.urlaubcornwall.de\/blog\/dartmoor-ein-mystischer-ort\/","name":"Dartmoor - ein mystischer Ort - Urlaub &amp; Reisen","isPartOf":{"@id":"https:\/\/www.urlaubcornwall.de\/blog\/#website"},"datePublished":"2021-09-29T08:58:57+00:00","dateModified":"2024-04-15T15:40:02+00:00","description":"Die n\u00f6rdliche Dartmoor-Region, die s\u00fcdlich von Okehampton und \u00f6stlich von Tavistock liegt, ist die h\u00f6chste und wildeste Ecke, wo Sie die gro\u00dfen H\u00fcgel von Yes Tor, Higher Willhays und Hangingstone Hill sehen k\u00f6nnen. Inmitten dieser reichlich von pr\u00e4historischen \u00dcberresten gepr\u00e4gten Landschaft k\u00f6nnen Sie friedlich grasende Dartmoor-Ponys entdecken. Weiter entlang zum s\u00fcdlichen Teil von Dartmoor ver\u00e4ndert sich die Landschaft, sie wird h\u00fcgelloser. Diese Gegend wurde durch Sir Arthur Conan Doyles Detektiv-Roman \u201eDer Hund der Baskervilles\u201c ber\u00fchmt gemacht.","breadcrumb":{"@id":"https:\/\/www.urlaubcornwall.de\/blog\/dartmoor-ein-mystischer-ort\/#breadcrumb"},"inLanguage":"en-US","potentialAction":[{"@type":"ReadAction","target":["https:\/\/www.urlaubcornwall.de\/blog\/dartmoor-ein-mystischer-ort\/"]}]},{"@type":"BreadcrumbList","@id":"https:\/\/www.urlaubcornwall.de\/blog\/dartmoor-ein-mystischer-ort\/#breadcrumb","itemListElement":[{"@type":"ListItem","position":1,"name":"Home","item":"https:\/\/www.urlaubcornwall.de\/blog\/"},{"@type":"ListItem","position":2,"name":"Dartmoor &#8211; ein mystischer Ort"}]}]}},"_links":{"self":[{"href":"https:\/\/www.urlaubcornwall.de\/blog\/wp-json\/wp\/v2\/pages\/43122"}],"collection":[{"href":"https:\/\/www.urlaubcornwall.de\/blog\/wp-json\/wp\/v2\/pages"}],"about":[{"href":"https:\/\/www.urlaubcornwall.de\/blog\/wp-json\/wp\/v2\/types\/page"}],"author":[{"embeddable":true,"href":"https:\/\/www.urlaubcornwall.de\/blog\/wp-json\/wp\/v2\/users\/1"}],"replies":[{"embeddable":true,"href":"https:\/\/www.urlaubcornwall.de\/blog\/wp-json\/wp\/v2\/comments?post=43122"}],"version-history":[{"count":5,"href":"https:\/\/www.urlaubcornwall.de\/blog\/wp-json\/wp\/v2\/pages\/43122\/revisions"}],"predecessor-version":[{"id":49712,"href":"https:\/\/www.urlaubcornwall.de\/blog\/wp-json\/wp\/v2\/pages\/43122\/revisions\/49712"}],"wp:attachment":[{"href":"https:\/\/www.urlaubcornwall.de\/blog\/wp-json\/wp\/v2\/media?parent=43122"}],"curies":[{"name":"wp","href":"https:\/\/api.w.org\/{rel}","templated":true}]}}